{"id":18798,"date":"2025-05-02T16:34:32","date_gmt":"2025-05-02T12:34:32","guid":{"rendered":"https:\/\/setap.az\/?post_type=product&#038;p=18798"},"modified":"2025-06-26T12:38:56","modified_gmt":"2025-06-26T08:38:56","slug":"tapo-c510w-pan-tilt-funksiyali-xarici-wi-fi-t%c9%99hluk%c9%99sizlik-kamerasi","status":"publish","type":"product","link":"https:\/\/setap.az\/?product=tapo-c510w-pan-tilt-funksiyali-xarici-wi-fi-t%c9%99hluk%c9%99sizlik-kamerasi","title":{"rendered":"&#8220;Tapo C510W&#8221; Pan\/Tilt funksiyal\u0131 xarici Wi-Fi t\u0259hl\u00fck\u0259sizlik kameras\u0131"},"content":{"rendered":"<p>\u2714 Model: Tapo C510W Panorama v\u0259 \u0259yilm\u0259 funksiyal\u0131 xarici Wi-Fi t\u0259hl\u00fck\u0259sizlik kameras\u0131<br \/>\n\u2714 G\u00f6r\u00fcnt\u00fc keyfiyy\u0259ti: 2K (2304 \u00d7 1296), 15 kadr\/s<br \/>\n\u2714 Linza: Sabit, F\/NO: 2.0, fokus m\u0259saf\u0259si: 3.9 mm<br \/>\n\u2714 Bax\u0131\u015f buca\u011f\u0131: 360\u00b0 \u00fcf\u00fcqi, 130\u00b0 \u015faquli<br \/>\n\u2714 Gec\u0259 g\u00f6r\u00fcnt\u00fcs\u00fc: R\u0259ngli 30 m-\u0259 q\u0259d\u0259r (iki proyektor), \u0130Q 30 m-\u0259 q\u0259d\u0259r (850 nm)<br \/>\n\u2714 Wi-Fi: 2.4 GHz, IEEE 802.11b\/g\/n<br \/>\n\u2714 S\u0259s: \u0130kit\u0259r\u0259fli (daxili mikrofon v\u0259 dinamik)<br \/>\n\u2714 Yadda\u015f: MicroSD, 512 GB-a q\u0259d\u0259r (t\u0259xmin\u0259n 680 saat video)<br \/>\n\u2714 Funksiyalar: H\u0259r\u0259k\u0259t izl\u0259m\u0259, insan tan\u0131ma, t\u0259nziml\u0259n\u0259n siren v\u0259 i\u015f\u0131q<br \/>\n\u2714 \u0130dar\u0259etm\u0259: Tapo t\u0259tbiqi (iOS, Android), s\u0259sl\u0259 idar\u0259etm\u0259 (Alexa, Google Assistant)<br \/>\n\u2714 Qoruma: IP65 (suya v\u0259 toza davaml\u0131)<br \/>\n\u2714T\u0259tbiq: Xarici monitorinq (h\u0259y\u0259t, qaraj, giri\u015f)<br \/>\n\u2714 \u0130\u015f temperaturu: -30\u00b0C il\u0259 +60\u00b0C aras\u0131nda<br \/>\n\u2714 \u00d6l\u00e7\u00fcl\u0259r: 123.8 \u00d7 123 \u00d7 90 mm<br \/>\n\u2714 \u00c7\u0259ki: 0.76 kq (adapter v\u0259 montajla)<\/p>\n","protected":false},"excerpt":{"rendered":"<p>\u2714 Model: Tapo C510W Panorama v\u0259 \u0259yilm\u0259 funksiyal\u0131 xarici Wi-Fi t\u0259hl\u00fck\u0259sizlik kameras\u0131 \u2714 G\u00f6r\u00fcnt\u00fc keyfiyy\u0259ti: 2K (2304 \u00d7 1296), 15 kadr\/s \u2714 Linza: Sabit, F\/NO: 2.0, fokus m\u0259saf\u0259si: 3.9 mm \u2714 Bax\u0131\u015f buca\u011f\u0131: 360\u00b0 \u00fcf\u00fcqi, 130\u00b0 \u015faquli \u2714 Gec\u0259 g\u00f6r\u00fcnt\u00fcs\u00fc: R\u0259ngli 30 m-\u0259 q\u0259d\u0259r (iki proyektor), \u0130Q 30 m-\u0259 q\u0259d\u0259r (850 nm) \u2714 Wi-Fi: 2.4&hellip;<\/p>\n","protected":false},"featured_media":18783,"comment_status":"open","ping_status":"closed","template":"","meta":[],"product_cat":[4088,2849],"product_tag":[2931,2930,2932,2928,2927,2926,2929],"class_list":{"0":"post-18798","1":"product","2":"type-product","3":"status-publish","4":"has-post-thumbnail","6":"product_cat-tp-link","7":"product_cat-videokameralar","8":"product_tag-2kqhd","9":"product_tag-evguvnliyi","10":"product_tag-gecegorusu","11":"product_tag-guvenlik","12":"product_tag-tapoc520ws","13":"product_tag-tplink","14":"product_tag-wifikamera","15":"description-off","17":"first","18":"instock","19":"shipping-taxable","20":"purchasable","21":"product-type-simple"},"_links":{"self":[{"href":"https:\/\/setap.az\/index.php?rest_route=\/wp\/v2\/product\/18798","targetHints":{"allow":["GET"]}}],"collection":[{"href":"https:\/\/setap.az\/index.php?rest_route=\/wp\/v2\/product"}],"about":[{"href":"https:\/\/setap.az\/index.php?rest_route=\/wp\/v2\/types\/product"}],"replies":[{"embeddable":true,"href":"https:\/\/setap.az\/index.php?rest_route=%2Fwp%2Fv2%2Fcomments&post=18798"}],"wp:featuredmedia":[{"embeddable":true,"href":"https:\/\/setap.az\/index.php?rest_route=\/wp\/v2\/media\/18783"}],"wp:attachment":[{"href":"https:\/\/setap.az\/index.php?rest_route=%2Fwp%2Fv2%2Fmedia&parent=18798"}],"wp:term":[{"taxonomy":"product_cat","embeddable":true,"href":"https:\/\/setap.az\/index.php?rest_route=%2Fwp%2Fv2%2Fproduct_cat&post=18798"},{"taxonomy":"product_tag","embeddable":true,"href":"https:\/\/setap.az\/index.php?rest_route=%2Fwp%2Fv2%2Fproduct_tag&post=18798"}],"curies":[{"name":"wp","href":"https:\/\/api.w.org\/{rel}","templated":true}]}}