{"id":18958,"date":"2025-05-05T16:59:33","date_gmt":"2025-05-05T12:59:33","guid":{"rendered":"https:\/\/setap.az\/?post_type=product&#038;p=18958"},"modified":"2025-06-23T11:18:29","modified_gmt":"2025-06-23T07:18:29","slug":"16-port-poe-switch-hikvision","status":"publish","type":"product","link":"https:\/\/setap.az\/?product=16-port-poe-switch-hikvision","title":{"rendered":"16 port poe switch Hikvision"},"content":{"rendered":"<p>Hikvision 16 Port PoE Switch \u2013 t\u0259hl\u00fck\u0259sizlik sisteml\u0259ri \u00fc\u00e7\u00fcn ideal olan a\u011f\u0131ll\u0131 \u015f\u0259b\u0259k\u0259 ke\u00e7ididir. Bu cihaz, IP kameralara enerji v\u0259 data \u00f6t\u00fcr\u00fclm\u0259sini t\u0259k bir Ethernet kabeli il\u0259 t\u0259min edir.<\/p>\n","protected":false},"excerpt":{"rendered":"<p>Hikvision 16 Port PoE Switch \u2013 t\u0259hl\u00fck\u0259sizlik sisteml\u0259ri \u00fc\u00e7\u00fcn ideal olan a\u011f\u0131ll\u0131 \u015f\u0259b\u0259k\u0259 ke\u00e7ididir. Bu cihaz, IP kameralara enerji v\u0259 data \u00f6t\u00fcr\u00fclm\u0259sini t\u0259k bir Ethernet kabeli il\u0259 t\u0259min edir.<\/p>\n","protected":false},"featured_media":18959,"comment_status":"open","ping_status":"closed","template":"","meta":[],"product_cat":[2955,2848,3060],"product_tag":[3063,3061,3062,3065,3066,3064,3034],"class_list":{"0":"post-18958","1":"product","2":"type-product","3":"status-publish","4":"has-post-thumbnail","6":"product_cat-kommutatorlar","7":"product_cat-poe-kommutatorlar","8":"product_cat-switch","9":"product_tag-cctvazrbaycan","10":"product_tag-hikvision-poeswitch-16portswitch-thluksizlikkamerasi-kamerasisbkavadanliqlari","11":"product_tag-hikvisionazrbaycan","12":"product_tag-ipsbk","13":"product_tag-kameramusahid","14":"product_tag-poetexnologiyasi","15":"product_tag-thluksizliksistemi","16":"description-off","18":"first","19":"instock","20":"shipping-taxable","21":"purchasable","22":"product-type-simple"},"_links":{"self":[{"href":"https:\/\/setap.az\/index.php?rest_route=\/wp\/v2\/product\/18958","targetHints":{"allow":["GET"]}}],"collection":[{"href":"https:\/\/setap.az\/index.php?rest_route=\/wp\/v2\/product"}],"about":[{"href":"https:\/\/setap.az\/index.php?rest_route=\/wp\/v2\/types\/product"}],"replies":[{"embeddable":true,"href":"https:\/\/setap.az\/index.php?rest_route=%2Fwp%2Fv2%2Fcomments&post=18958"}],"wp:featuredmedia":[{"embeddable":true,"href":"https:\/\/setap.az\/index.php?rest_route=\/wp\/v2\/media\/18959"}],"wp:attachment":[{"href":"https:\/\/setap.az\/index.php?rest_route=%2Fwp%2Fv2%2Fmedia&parent=18958"}],"wp:term":[{"taxonomy":"product_cat","embeddable":true,"href":"https:\/\/setap.az\/index.php?rest_route=%2Fwp%2Fv2%2Fproduct_cat&post=18958"},{"taxonomy":"product_tag","embeddable":true,"href":"https:\/\/setap.az\/index.php?rest_route=%2Fwp%2Fv2%2Fproduct_tag&post=18958"}],"curies":[{"name":"wp","href":"https:\/\/api.w.org\/{rel}","templated":true}]}}