{"id":18964,"date":"2025-05-06T10:07:47","date_gmt":"2025-05-06T06:07:47","guid":{"rendered":"https:\/\/setap.az\/?post_type=product&#038;p=18964"},"modified":"2025-06-26T12:39:40","modified_gmt":"2025-06-26T08:39:40","slug":"imou-ipc-f22p-0280b-v3-musahid%c9%99-kamerasi","status":"publish","type":"product","link":"https:\/\/setap.az\/?product=imou-ipc-f22p-0280b-v3-musahid%c9%99-kamerasi","title":{"rendered":"\u0130mou IPC-F22P-0280B-V3 m\u00fc\u015fahid\u0259 kameras\u0131"},"content":{"rendered":"<p>&#8220;\u0130MOU&#8221; m\u00fc\u015fahid\u0259 kameras\u0131<br \/>\nIPC-F22P-0280B-V3<br \/>\nSensor: 1\/2.8&#8243; CMOS (Proqressiv skanlama).<br \/>\nEffektiv Piksel: 1920 x 1080 (2 MP).<br \/>\nIR Gec\u0259 G\u00f6rm\u0259 Mesaf\u0259si: 30 metr (98 fut).<br \/>\nFokus m\u0259saf\u0259si: 2.8 mm.<br \/>\nBax\u0131\u015f Bucaqlar\u0131: \u00dcf\u00fcqi: 102\u00b0. \u015eaquli: 54\u00b0.<br \/>\nDiaqonal: 120\u00b0<br \/>\nVideo S\u0131x\u0131lmas\u0131: H.265 \/ H.264.<br \/>\nKadr S\u00fcr\u0259ti: 25 \/ 30 FPS-\u0259 q\u0259d\u0259r.<br \/>\nR\u0259q\u0259msal Zoom: 8x.<br \/>\nMikrofon: Daxili mikrofon.<br \/>\nH\u0259r\u0259k\u0259t A\u015fkarlanmas\u0131: Var.<br \/>\nT\u0259nziml\u0259n\u0259 Bil\u0259n Zona: Var.<br \/>\n\u0130nsan A\u015fkarlanmas\u0131: Var.<br \/>\nMobil T\u0259tbiq: Imou App (iOS v\u0259 Android \u00fc\u00e7\u00fcn).<br \/>\nUy\u011funluq: ONVIF standartlar\u0131na uy\u011fun.<br \/>\nYadda\u015f: Mikro SD kart yuvas\u0131 (256 GB-a q\u0259d\u0259r d\u0259st\u0259k).<br \/>\nS\u0131f\u0131rlama D\u00fcym\u0259si: Var.<br \/>\nM\u00fchafiz\u0259 S\u0259viyy\u0259si: IP67.<br \/>\n\u0130\u015f Temperaturu: -30\u00b0C ~ +60\u00b0C.<br \/>\nR\u00fctub\u0259t: 95%-d\u0259n az.<br \/>\n\u00dcmumi X\u00fcsusiyy\u0259tl\u0259r<br \/>\n\u00c7\u0259ki: 240 g (0.53 funt)<br \/>\n\ud83d\udd39X\u00fcsusiyy\u0259tl\u0259r v\u0259 \u00dcst\u00fcnl\u00fckl\u0259r<br \/>\nGeni\u015f Gec\u0259 G\u00f6rm\u0259: 30 metrlik IR gec\u0259 g\u00f6r\u00fcnt\u00fcs\u00fc il\u0259 ayd\u0131n m\u00fc\u015fahid\u0259.<br \/>\nH.265 Video S\u0131x\u0131lmas\u0131: Yadda\u015fa q\u0259na\u0259t v\u0259 y\u00fcks\u0259k keyfiyy\u0259tli video.<br \/>\nWi-Fi v\u0259 Ethernet D\u0259st\u0259yi: Stabil v\u0259 rahat qo\u015fulma.<br \/>\nIP67 M\u00fchafiz\u0259: Toz v\u0259 suya davaml\u0131l\u0131q, a\u00e7\u0131q havada istifad\u0259 \u00fc\u00e7\u00fcn uy\u011fundur.<br \/>\nT\u0259kmil H\u0259r\u0259k\u0259t v\u0259 \u0130nsan A\u015fkarlanmas\u0131: Daha d\u0259qiq v\u0259 etibarl\u0131 t\u0259hl\u00fck\u0259sizlik.<br \/>\n256 GB Yadda\u015f D\u0259st\u0259yi: Uzunm\u00fcdd\u0259tli qeydl\u0259r \u00fc\u00e7\u00fcn geni\u015f yadda\u015f imkan\u0131.<br \/>\nBu model daxili v\u0259 xarici t\u0259hl\u00fck\u0259sizlik \u00fc\u00e7\u00fcn g\u00fcv\u0259nilir bir h\u0259ll t\u0259qdim edir. IP67 m\u00fchafiz\u0259 s\u0259viyy\u0259si, Wi-Fi d\u0259st\u0259yi v\u0259 y\u00fcks\u0259k keyfiyy\u0259tli g\u00f6r\u00fcnt\u00fc il\u0259 m\u00fcxt\u0259lif \u015f\u0259raitd\u0259 effektiv performans g\u00f6st\u0259rir<\/p>\n","protected":false},"excerpt":{"rendered":"<p>&#8220;\u0130MOU&#8221; m\u00fc\u015fahid\u0259 kameras\u0131 IPC-F22P-0280B-V3 Sensor: 1\/2.8&#8243; CMOS (Proqressiv skanlama). Effektiv Piksel: 1920 x 1080 (2 MP). IR Gec\u0259 G\u00f6rm\u0259 Mesaf\u0259si: 30 metr (98 fut). Fokus m\u0259saf\u0259si: 2.8 mm. Bax\u0131\u015f Bucaqlar\u0131: \u00dcf\u00fcqi: 102\u00b0. \u015eaquli: 54\u00b0. Diaqonal: 120\u00b0 Video S\u0131x\u0131lmas\u0131: H.265 \/ H.264. Kadr S\u00fcr\u0259ti: 25 \/ 30 FPS-\u0259 q\u0259d\u0259r. R\u0259q\u0259msal Zoom: 8x. Mikrofon: Daxili mikrofon. H\u0259r\u0259k\u0259t&hellip;<\/p>\n","protected":false},"featured_media":18965,"comment_status":"open","ping_status":"closed","template":"","meta":[],"product_cat":[4089,3067,2841],"product_tag":[3068,3074,3069,3072,3071],"class_list":{"0":"post-18964","1":"product","2":"type-product","3":"status-publish","4":"has-post-thumbnail","6":"product_cat-imou","7":"product_cat-musahid-kamerasi","8":"product_cat-videonzart","9":"product_tag-imou","10":"product_tag-imouthlwksizlik","11":"product_tag-sumqayitimou","12":"product_tag-sumqayitthluksizlik","13":"product_tag-thluksizlikkameralari","14":"description-off","16":"first","17":"instock","18":"shipping-taxable","19":"purchasable","20":"product-type-simple"},"_links":{"self":[{"href":"https:\/\/setap.az\/index.php?rest_route=\/wp\/v2\/product\/18964","targetHints":{"allow":["GET"]}}],"collection":[{"href":"https:\/\/setap.az\/index.php?rest_route=\/wp\/v2\/product"}],"about":[{"href":"https:\/\/setap.az\/index.php?rest_route=\/wp\/v2\/types\/product"}],"replies":[{"embeddable":true,"href":"https:\/\/setap.az\/index.php?rest_route=%2Fwp%2Fv2%2Fcomments&post=18964"}],"wp:featuredmedia":[{"embeddable":true,"href":"https:\/\/setap.az\/index.php?rest_route=\/wp\/v2\/media\/18965"}],"wp:attachment":[{"href":"https:\/\/setap.az\/index.php?rest_route=%2Fwp%2Fv2%2Fmedia&parent=18964"}],"wp:term":[{"taxonomy":"product_cat","embeddable":true,"href":"https:\/\/setap.az\/index.php?rest_route=%2Fwp%2Fv2%2Fproduct_cat&post=18964"},{"taxonomy":"product_tag","embeddable":true,"href":"https:\/\/setap.az\/index.php?rest_route=%2Fwp%2Fv2%2Fproduct_tag&post=18964"}],"curies":[{"name":"wp","href":"https:\/\/api.w.org\/{rel}","templated":true}]}}