{"id":18988,"date":"2025-05-07T10:55:05","date_gmt":"2025-05-07T06:55:05","guid":{"rendered":"https:\/\/setap.az\/?post_type=product&#038;p=18988"},"modified":"2025-06-26T12:53:43","modified_gmt":"2025-06-26T08:53:43","slug":"tp-link-tapo-c200-ip-kamera","status":"publish","type":"product","link":"https:\/\/setap.az\/?product=tp-link-tapo-c200-ip-kamera","title":{"rendered":"TP-Link Tapo C200 IP Kamera"},"content":{"rendered":"<p>\ud83d\udca5Tapo C200 gec\u0259 r\u0259ngli, 360\u00b0 -Link Tapo C200 &#8211; 2 meqapikselli ev Wi-Fi IP kameras\u0131 (PTZ).<\/p>\n<p>\ud83d\udd39TP-Link Tapo C200 IP Kameran\u0131n x\u00fcsusiyy\u0259tl\u0259ri:<\/p>\n<p>\u2714F\u0131rlanan: \u00fcf\u00fcqi olaraq 360\u00b0-\u0259 q\u0259d\u0259r v\u0259 \u015faquli olaraq 114\u00b0-\u0259 q\u0259d\u0259r bax\u0131\u015f buca\u011f\u0131<br \/>\n\u2714HD rezolyusiyada 1080p y\u00fcks\u0259k d\u0259qiqlikli video<br \/>\n\u27149 metr\u0259 q\u0259d\u0259r gec\u0259 g\u00f6rm\u0259 qabiliyy\u0259ti<br \/>\n\u2714H\u0259r\u0259k\u0259t a\u015fkarlama bildiri\u015fl\u0259ri<br \/>\n\u2714&#8221;\u00c7a\u011f\u0131r\u0131lmam\u0131\u015f&#8221; qonaqlar \u00fc\u00e7\u00fcn s\u0259sli v\u0259 i\u015f\u0131ql\u0131 siqnalizasiya<br \/>\n\u2714Qura\u015fd\u0131r\u0131lm\u0131\u015f mikrofon v\u0259 dinamik<br \/>\n\u2714Etibarl\u0131 yadda\u015f: 128 GB-a q\u0259d\u0259r MicroSD kartlar\u0131 \u00fc\u00e7\u00fcn d\u0259st\u0259k<br \/>\n\u2714M\u0259xfilik rejimi: Kamera obyektivini fiziki olaraq s\u00f6nd\u00fcr\u00fcr<br \/>\n\u2714128 GB-a q\u0259d\u0259r MicroSD kart (daxil deyil)<br \/>\n\u2714H\u0259r\u0259k\u0259ti a\u015fkar edir v\u0259 x\u0259b\u0259rdarl\u0131qlar g\u00f6nd\u0259rir<br \/>\n\u2714\u018fmlak\u0131n\u0131z\u0131n t\u0259hl\u00fck\u0259sizliyini t\u0259min etm\u0259k \u00fc\u00e7\u00fcn kameran\u0131 m\u0259nzilinizin, evinizin v\u0259 ya qaraj\u0131n\u0131z\u0131n giri\u015find\u0259 qura\u015fd\u0131r\u0131n.<br \/>\n\u2714H\u0259r\u0259k\u0259t a\u015fkar edildikd\u0259 bildiri\u015f al\u0131n. Ax\u0131 bu, ya kuryer, ya da \u201c\u015f\u00fcbh\u0259li qonaqlar\u201d ola bil\u0259r. \u0130st\u0259nm\u0259y\u0259n ziyar\u0259t\u00e7il\u0259ri qorxutmaq \u00fc\u00e7\u00fcn i\u015f\u0131\u011f\u0131 v\u0259 s\u0259s siqnal\u0131n\u0131 yand\u0131r\u0131n.<\/p>\n<p>\ud83d\udd39 Gec\u0259 g\u00f6rm\u0259<br \/>\nSiz rahat yata bil\u0259rsiniz. Kamera b\u00fct\u00fcn gec\u0259 ev\u0259 n\u0259zar\u0259t ed\u0259c\u0259k. 850nm infraq\u0131rm\u0131z\u0131 gec\u0259 g\u00f6rm\u0259 qabiliyy\u0259ti, 9 metr\u0259 q\u0259d\u0259r m\u0259saf\u0259d\u0259, a\u015fa\u011f\u0131 i\u015f\u0131q \u015f\u0259raitind\u0259 avtomatik r\u0259ng d\u0259yi\u015fdirm\u0259 filtrini d\u0259st\u0259kl\u0259yir.<\/p>\n<p>\ud83d\udd39 M\u0259xfilik Rejimi v\u0259 T\u0259hl\u00fck\u0259siz Yerli Yadda\u015f<br \/>\nSiz m\u0259xfiliyi t\u0259min ed\u0259r\u0259k kamera obyektivini fiziki olaraq s\u00f6nd\u00fcr\u0259n m\u0259xfilik rejimini aktivl\u0259\u015fdir\u0259 bil\u0259rsiniz. Kamerada qura\u015fd\u0131r\u0131lm\u0131\u015f Micro SD kart siz\u0259 m\u0259lumatlar\u0131 yerli olaraq saxlama\u011fa v\u0259 haker h\u00fccumlar\u0131 il\u0259 ba\u011fl\u0131 insidentl\u0259rin qar\u015f\u0131s\u0131n\u0131 alma\u011fa imkan ver\u0259c\u0259k.<\/p>\n<p>\ud83d\udd39 Canl\u0131 video v\u0259 audio<br \/>\nEvd\u0259n uzaqda oldu\u011funuz zaman ev heyvanlar\u0131n\u0131z\u0131n problem yaratmad\u0131\u011f\u0131na \u0259min ola bil\u0259rsiniz. \u0130kit\u0259r\u0259fli audio onlara dar\u0131xd\u0131\u011f\u0131n\u0131z\u0131 (v\u0259 ya divanda \u00e7eyn\u0259m\u0259yi dayand\u0131rma\u011f\u0131n vaxt\u0131 oldu\u011funu) bildirm\u0259y\u0259 imkan verir.<\/p>\n","protected":false},"excerpt":{"rendered":"<p>\ud83d\udca5Tapo C200 gec\u0259 r\u0259ngli, 360\u00b0 -Link Tapo C200 &#8211; 2 meqapikselli ev Wi-Fi IP kameras\u0131 (PTZ). \ud83d\udd39TP-Link Tapo C200 IP Kameran\u0131n x\u00fcsusiyy\u0259tl\u0259ri: \u2714F\u0131rlanan: \u00fcf\u00fcqi olaraq 360\u00b0-\u0259 q\u0259d\u0259r v\u0259 \u015faquli olaraq 114\u00b0-\u0259 q\u0259d\u0259r bax\u0131\u015f buca\u011f\u0131 \u2714HD rezolyusiyada 1080p y\u00fcks\u0259k d\u0259qiqlikli video \u27149 metr\u0259 q\u0259d\u0259r gec\u0259 g\u00f6rm\u0259 qabiliyy\u0259ti \u2714H\u0259r\u0259k\u0259t a\u015fkarlama bildiri\u015fl\u0259ri \u2714&#8221;\u00c7a\u011f\u0131r\u0131lmam\u0131\u015f&#8221; qonaqlar \u00fc\u00e7\u00fcn s\u0259sli v\u0259 i\u015f\u0131ql\u0131&hellip;<\/p>\n","protected":false},"featured_media":18989,"comment_status":"open","ping_status":"closed","template":"","meta":[],"product_cat":[3067,4088,2862],"product_tag":[2937,2938,3123],"class_list":{"0":"post-18988","1":"product","2":"type-product","3":"status-publish","4":"has-post-thumbnail","6":"product_cat-musahid-kamerasi","7":"product_cat-tp-link","8":"product_cat-wifi-kameralar","9":"product_tag-homesecurity","10":"product_tag-smarthome","11":"product_tag-tapoc200","12":"description-off","14":"first","15":"instock","16":"shipping-taxable","17":"purchasable","18":"product-type-simple"},"_links":{"self":[{"href":"https:\/\/setap.az\/index.php?rest_route=\/wp\/v2\/product\/18988","targetHints":{"allow":["GET"]}}],"collection":[{"href":"https:\/\/setap.az\/index.php?rest_route=\/wp\/v2\/product"}],"about":[{"href":"https:\/\/setap.az\/index.php?rest_route=\/wp\/v2\/types\/product"}],"replies":[{"embeddable":true,"href":"https:\/\/setap.az\/index.php?rest_route=%2Fwp%2Fv2%2Fcomments&post=18988"}],"wp:featuredmedia":[{"embeddable":true,"href":"https:\/\/setap.az\/index.php?rest_route=\/wp\/v2\/media\/18989"}],"wp:attachment":[{"href":"https:\/\/setap.az\/index.php?rest_route=%2Fwp%2Fv2%2Fmedia&parent=18988"}],"wp:term":[{"taxonomy":"product_cat","embeddable":true,"href":"https:\/\/setap.az\/index.php?rest_route=%2Fwp%2Fv2%2Fproduct_cat&post=18988"},{"taxonomy":"product_tag","embeddable":true,"href":"https:\/\/setap.az\/index.php?rest_route=%2Fwp%2Fv2%2Fproduct_tag&post=18988"}],"curies":[{"name":"wp","href":"https:\/\/api.w.org\/{rel}","templated":true}]}}