{"id":19008,"date":"2025-05-07T14:58:34","date_gmt":"2025-05-07T10:58:34","guid":{"rendered":"https:\/\/setap.az\/?post_type=product&#038;p=19008"},"modified":"2026-01-06T14:10:06","modified_gmt":"2026-01-06T10:10:06","slug":"agilli-avtomatlar","status":"publish","type":"product","link":"https:\/\/setap.az\/?product=agilli-avtomatlar","title":{"rendered":"A\u011f\u0131ll\u0131 avtomatlar"},"content":{"rendered":"<p>\u2714Agilli AVTOMAT (\u0410\u0432\u0442\u043e\u043c\u0430\u0442\u0438\u0447\u0435\u0441\u043a\u0438\u0439 \u0432\u044b\u043a\u043b\u044e\u0447\u0430\u0442\u0435\u043b\u044c ) (\u0423\u043c\u043d\u044b\u0439 \u0432\u044b\u043a\u043b\u044e\u0447\u0430\u0442\u0435\u043b\u044c) 63A TUYA app<br \/>\n63 Amper\u0259 q\u0259d\u0259r elektrik y\u00fck\u00fcn\u00fc g\u00f6t\u00fcr\u0259 bilir, internet uz\u0259rind\u0259n d\u00fcnyan\u0131n ist\u0259nil\u0259n yerind\u0259n yan\u0131dr\u0131b s\u00f6nd\u00fcr\u0259 bil\u0259rsiniz, v\u0259 ya \u0259vv\u0259lc\u0259d\u0259n sizin t\u0259yin etdiyiniz qrafik \u00fczr\u0259 avtomatik olaraq cihaz \u00f6z\u00fc yand\u0131r\u0131b s\u00f6nd\u00fcr\u0259 bil\u0259r. S\u0259rf olunan enerjiy\u0259 n\u0259zar\u0259t funksiyas\u0131 var (say\u011fac). S\u0259sl\u0259 idar\u0259 oluna bilir.<br \/>\nReal vaxt rejimind\u0259 y\u00fck, g\u0259rginliy\u0259 v\u0259 g\u00fcc\u0259 baxmaq imkan\u0131<br \/>\nS\u0259sl\u0259 idar\u0259etm\u0259\/Vaxt rejimi\/Geri sayma rejimi<br \/>\nAlexa, Google Assistant, Google Home il\u0259 i\u015fl\u0259y\u0259 bilir<br \/>\nY\u00fcks\u0259k keyfiyy\u0259tli yanmaya nisb\u0259t\u0259n d\u00f6z\u00fcml\u00fc materialdan haz\u0131rlan\u0131b<\/p>\n","protected":false},"excerpt":{"rendered":"<p>\u2714Agilli AVTOMAT (\u0410\u0432\u0442\u043e\u043c\u0430\u0442\u0438\u0447\u0435\u0441\u043a\u0438\u0439 \u0432\u044b\u043a\u043b\u044e\u0447\u0430\u0442\u0435\u043b\u044c ) (\u0423\u043c\u043d\u044b\u0439 \u0432\u044b\u043a\u043b\u044e\u0447\u0430\u0442\u0435\u043b\u044c) 63A TUYA app 63 Amper\u0259 q\u0259d\u0259r elektrik y\u00fck\u00fcn\u00fc g\u00f6t\u00fcr\u0259 bilir, internet uz\u0259rind\u0259n d\u00fcnyan\u0131n ist\u0259nil\u0259n yerind\u0259n yan\u0131dr\u0131b s\u00f6nd\u00fcr\u0259 bil\u0259rsiniz, v\u0259 ya \u0259vv\u0259lc\u0259d\u0259n sizin t\u0259yin etdiyiniz qrafik \u00fczr\u0259 avtomatik olaraq cihaz \u00f6z\u00fc yand\u0131r\u0131b s\u00f6nd\u00fcr\u0259 bil\u0259r. S\u0259rf olunan enerjiy\u0259 n\u0259zar\u0259t funksiyas\u0131 var (say\u011fac). S\u0259sl\u0259 idar\u0259 oluna bilir. Real vaxt rejimind\u0259 y\u00fck,&hellip;<\/p>\n","protected":false},"featured_media":19009,"comment_status":"open","ping_status":"closed","template":"","meta":[],"product_cat":[3159,2999,2826],"product_tag":[3160,3161],"class_list":{"0":"post-19008","1":"product","2":"type-product","3":"status-publish","4":"has-post-thumbnail","6":"product_cat-agilli-avtomatlar","7":"product_cat-agilli-ev","8":"product_cat-sbk-avadanligi-wi-fi","9":"product_tag-agilliavtomat","10":"product_tag-agilliavtomat63atuya","11":"description-off","13":"first","14":"instock","15":"shipping-taxable","16":"purchasable","17":"product-type-simple"},"_links":{"self":[{"href":"https:\/\/setap.az\/index.php?rest_route=\/wp\/v2\/product\/19008","targetHints":{"allow":["GET"]}}],"collection":[{"href":"https:\/\/setap.az\/index.php?rest_route=\/wp\/v2\/product"}],"about":[{"href":"https:\/\/setap.az\/index.php?rest_route=\/wp\/v2\/types\/product"}],"replies":[{"embeddable":true,"href":"https:\/\/setap.az\/index.php?rest_route=%2Fwp%2Fv2%2Fcomments&post=19008"}],"wp:featuredmedia":[{"embeddable":true,"href":"https:\/\/setap.az\/index.php?rest_route=\/wp\/v2\/media\/19009"}],"wp:attachment":[{"href":"https:\/\/setap.az\/index.php?rest_route=%2Fwp%2Fv2%2Fmedia&parent=19008"}],"wp:term":[{"taxonomy":"product_cat","embeddable":true,"href":"https:\/\/setap.az\/index.php?rest_route=%2Fwp%2Fv2%2Fproduct_cat&post=19008"},{"taxonomy":"product_tag","embeddable":true,"href":"https:\/\/setap.az\/index.php?rest_route=%2Fwp%2Fv2%2Fproduct_tag&post=19008"}],"curies":[{"name":"wp","href":"https:\/\/api.w.org\/{rel}","templated":true}]}}