{"id":19095,"date":"2025-05-10T11:13:19","date_gmt":"2025-05-10T07:13:19","guid":{"rendered":"https:\/\/setap.az\/?post_type=product&#038;p=19095"},"modified":"2026-01-21T15:02:41","modified_gmt":"2026-01-21T11:02:41","slug":"unv-4-mp-ip-kamera","status":"publish","type":"product","link":"https:\/\/setap.az\/?product=unv-4-mp-ip-kamera","title":{"rendered":"UNV 4 mp \u0130p kamera."},"content":{"rendered":"<p> UNV 4 mp \u0130p kamera. Gec\u0259 r\u0259ngli<br \/>\nYeni 3c\u00fc n\u0259sil ip kamera. G\u00fcnd\u00fcz vaxt\u0131 n\u0259 q\u0259d\u0259r uzaq m\u0259saf\u0259ni g\u00f6r\u00fcrs\u0259 gec\u0259 d\u0259 o q\u0259d\u0259r g\u00f6r\u0259 bilir. 2 il z\u0259man\u0259tl\u0259. 150 aznd\u0259n endiriml\u0259 128 azn\u0259.<br \/>\n4MP Gec\u0259 r\u0259ngli Wise-ISP \u015e\u0259b\u0259k\u0259 Kameras\u0131<br \/>\n\u2022 4MP, 1\/1.8&#8243;CMOS sensor v\u0259 F1.0 b\u00f6y\u00fck diafragma obyektiv il\u0259 y\u00fcks\u0259k keyfiyy\u0259tli \u015f\u0259kil<br \/>\n\u2022 4MP (2688*1520)@ 25\/20 kadr; 4MP (2560*1440)@ 25\/20 kadr; 3MP (2304*1296) (fps @30102); @30\/25fps<br \/>\n\u2022 Ultra 265, H.265, H.264, MJPEG<br \/>\n\u2022 Son d\u0259r\u0259c\u0259 az i\u015f\u0131ql\u0131 s\u0259hn\u0259l\u0259rd\u0259 r\u0259ng, t\u0259f\u0259rr\u00fcat v\u0259 l\u0259k\u0259 effektl\u0259rini d\u0259rind\u0259n optimalla\u015fd\u0131ran Wise-ISP texnologiyas\u0131 il\u0259 ColorHunter-\u0131 d\u0259st\u0259kl\u0259yin<br \/>\n\u2022 120dB h\u0259qiqi WDR texnologiyas\u0131 g\u00fccl\u00fc i\u015f\u0131ql\u0131 s\u0259hn\u0259d\u0259 ayd\u0131n g\u00f6r\u00fcnt\u00fc \u0259ld\u0259 etm\u0259y\u0259 imkan verir<br \/>\n\u2022 9:16 A\u011f \u0130\u015f\u0131qland\u0131rmaya d\u0259st\u0259k<br \/>\n\u2022 A\u011f \u0130\u015f\u0131q 0-a q\u0259d\u0259r i\u015f\u0131q m\u0259saf\u0259si<br \/>\n\u2022 512 GB Micro SD kart\u0131 d\u0259st\u0259kl\u0259yir<br \/>\n\u2022 IP67 m\u00fchafiz\u0259si<br \/>\n\u2022 PoE enerji t\u0259chizat\u0131n\u0131 d\u0259st\u0259kl\u0259yir<\/p>\n","protected":false},"excerpt":{"rendered":"<p>UNV 4 mp \u0130p kamera. Gec\u0259 r\u0259ngli Yeni 3c\u00fc n\u0259sil ip kamera. G\u00fcnd\u00fcz vaxt\u0131 n\u0259 q\u0259d\u0259r uzaq m\u0259saf\u0259ni g\u00f6r\u00fcrs\u0259 gec\u0259 d\u0259 o q\u0259d\u0259r g\u00f6r\u0259 bilir. 2 il z\u0259man\u0259tl\u0259. 150 aznd\u0259n endiriml\u0259 128 azn\u0259. 4MP Gec\u0259 r\u0259ngli Wise-ISP \u015e\u0259b\u0259k\u0259 Kameras\u0131 \u2022 4MP, 1\/1.8&#8243;CMOS sensor v\u0259 F1.0 b\u00f6y\u00fck diafragma obyektiv il\u0259 y\u00fcks\u0259k keyfiyy\u0259tli \u015f\u0259kil \u2022 4MP (2688*1520)@&hellip;<\/p>\n","protected":false},"featured_media":19096,"comment_status":"open","ping_status":"closed","template":"","meta":[],"product_cat":[2803,5271,4087,2841],"product_tag":[3390,3132,3290,3344,3049,3480,3478,3481,3479,3144,3029,3477,3347],"class_list":{"0":"post-19095","1":"product","2":"type-product","3":"status-publish","4":"has-post-thumbnail","6":"product_cat-ip","7":"product_cat-thluksizlik-kamerasi","8":"product_cat-unv","9":"product_cat-videonzart","10":"product_tag-4mpkamera","11":"product_tag-cctv","12":"product_tag-evthluksizliyi","13":"product_tag-guvenlikkamerasi","14":"product_tag-ipkamera","15":"product_tag-irkamera","16":"product_tag-networkkamera","17":"product_tag-ofismusahidsi","18":"product_tag-onvif","19":"product_tag-smartkamera","20":"product_tag-unv","21":"product_tag-unvkamera","22":"product_tag-videogozetimi","23":"description-off","25":"first","26":"instock","27":"shipping-taxable","28":"purchasable","29":"product-type-simple"},"_links":{"self":[{"href":"https:\/\/setap.az\/index.php?rest_route=\/wp\/v2\/product\/19095","targetHints":{"allow":["GET"]}}],"collection":[{"href":"https:\/\/setap.az\/index.php?rest_route=\/wp\/v2\/product"}],"about":[{"href":"https:\/\/setap.az\/index.php?rest_route=\/wp\/v2\/types\/product"}],"replies":[{"embeddable":true,"href":"https:\/\/setap.az\/index.php?rest_route=%2Fwp%2Fv2%2Fcomments&post=19095"}],"wp:featuredmedia":[{"embeddable":true,"href":"https:\/\/setap.az\/index.php?rest_route=\/wp\/v2\/media\/19096"}],"wp:attachment":[{"href":"https:\/\/setap.az\/index.php?rest_route=%2Fwp%2Fv2%2Fmedia&parent=19095"}],"wp:term":[{"taxonomy":"product_cat","embeddable":true,"href":"https:\/\/setap.az\/index.php?rest_route=%2Fwp%2Fv2%2Fproduct_cat&post=19095"},{"taxonomy":"product_tag","embeddable":true,"href":"https:\/\/setap.az\/index.php?rest_route=%2Fwp%2Fv2%2Fproduct_tag&post=19095"}],"curies":[{"name":"wp","href":"https:\/\/api.w.org\/{rel}","templated":true}]}}