{"id":19100,"date":"2025-05-10T11:42:09","date_gmt":"2025-05-10T07:42:09","guid":{"rendered":"https:\/\/setap.az\/?post_type=product&#038;p=19100"},"modified":"2026-02-11T12:05:27","modified_gmt":"2026-02-11T08:05:27","slug":"ezviz-cb1","status":"publish","type":"product","link":"https:\/\/setap.az\/?product=ezviz-cb1","title":{"rendered":"Ezviz CB1 2MP IP Kamera"},"content":{"rendered":"<p>EZVIZ CB1, evd\u0259 istifad\u0259y\u0259 uy\u011fun, simsiz v\u0259 batareya il\u0259 i\u015fl\u0259y\u0259n a\u011f\u0131ll\u0131 t\u0259hl\u00fck\u0259sizlik kameras\u0131d\u0131r. Bu model, sad\u0259 qura\u015fd\u0131rma v\u0259 y\u00fcks\u0259k funksionall\u0131\u011f\u0131 il\u0259 f\u0259rql\u0259nir.<br \/>\n\u018fsas X\u00fcsusiyy\u0259tl\u0259r:<br \/>\n1080p Full HD video keyfiyy\u0259ti: G\u00fcnd\u00fcz v\u0259 gec\u0259 \u015f\u0259raitind\u0259 ayd\u0131n g\u00f6r\u00fcnt\u00fcl\u0259r t\u0259qdim edir.<br \/>\nIR gec\u0259 g\u00f6rm\u0259: 5 metr\u0259 q\u0259d\u0259r m\u0259saf\u0259d\u0259 gec\u0259 g\u00f6r\u00fcnt\u00fcl\u0259m\u0259 imkan\u0131.<br \/>\nA\u011f\u0131ll\u0131 insan h\u0259r\u0259k\u0259ti a\u015fkarlama: PIR sensor v\u0259 insan formas\u0131 tan\u0131ma alqoritmi il\u0259 d\u0259qiq x\u0259b\u0259rdarl\u0131qlar g\u00f6nd\u0259rir.<br \/>\n\u0130ki t\u0259r\u0259fli dan\u0131\u015f\u0131q: Daxili mikrofon v\u0259 dinamik vasit\u0259sil\u0259 qar\u015f\u0131l\u0131ql\u0131 \u00fcnsiyy\u0259t imkan\u0131.<br \/>\nYuxu rejimi: M\u0259xfilik \u00fc\u00e7\u00fcn kameran\u0131n f\u0259aliyy\u0259tini m\u00fcv\u0259qq\u0259ti dayand\u0131rma funksiyas\u0131.<br \/>\nBatareya \u00f6mr\u00fc: 1,600 mAh batareya il\u0259 tam doldurulduqda 40 g\u00fcn\u0259 q\u0259d\u0259r i\u015fl\u0259m\u0259 m\u00fcdd\u0259ti.<br \/>\nQura\u015fd\u0131rma rahatl\u0131\u011f\u0131: 360\u00b0 t\u0259nziml\u0259n\u0259 bil\u0259n maqnit baza il\u0259 m\u00fcxt\u0259lif s\u0259thl\u0259r\u0259 asanl\u0131qla yerl\u0259\u015fdiril\u0259 bil\u0259r.<br \/>\nSaxlama imkanlar\u0131: 512 GB-a q\u0259d\u0259r microSD kart d\u0259st\u0259yi v\u0259 EZVIZ CloudPlay bulud saxlama xidm\u0259ti.<br \/>\nEzvizstore.pk<br \/>\nS\u0259sli k\u00f6m\u0259k\u00e7il\u0259rl\u0259 inteqrasiya: Google Assistant v\u0259 Amazon Alexa il\u0259 uy\u011funluq.<br \/>\nH.265 video kompressiyas\u0131: Daha az yadda\u015f istifad\u0259 ed\u0259r\u0259k y\u00fcks\u0259k keyfiyy\u0259tli video t\u0259min edir.<br \/>\n\ud83d\udd39Texniki G\u00f6st\u0259ricil\u0259r:<br \/>\nSensor: 1\/3\u201d 2MP CMOS<br \/>\nLens: 2.8 mm @ F2.2<br \/>\nG\u00f6r\u00fc\u015f buca\u011f\u0131: 113\u00b0 diaqonal, 90\u00b0 horizontal, 50\u00b0 vertikal<br \/>\n\u015e\u0259b\u0259k\u0259: 2.4 GHz Wi-Fi (IEEE802.11b\/g\/n)<br \/>\n\u018fm\u0259liyyat temperaturu: -10\u00b0C-d\u0259n +45\u00b0C-y\u0259 q\u0259d\u0259r<br \/>\nEnerji t\u0259chizat\u0131: DC 5V\/1A (ayr\u0131ca al\u0131n\u0131r)<br \/>\nM\u00f6hk\u0259m yap\u0131\u015fa bil\u0259n maqnitlidir. ist\u0259nil\u0259n yerd\u0259 d\u0259mir\u0259 yap\u0131\u015fd\u0131ra bil\u0259rsiniz.<\/p>\n","protected":false},"excerpt":{"rendered":"<p>EZVIZ CB1, evd\u0259 istifad\u0259y\u0259 uy\u011fun, simsiz v\u0259 batareya il\u0259 i\u015fl\u0259y\u0259n a\u011f\u0131ll\u0131 t\u0259hl\u00fck\u0259sizlik kameras\u0131d\u0131r. Bu model, sad\u0259 qura\u015fd\u0131rma v\u0259 y\u00fcks\u0259k funksionall\u0131\u011f\u0131 il\u0259 f\u0259rql\u0259nir. \u018fsas X\u00fcsusiyy\u0259tl\u0259r: 1080p Full HD video keyfiyy\u0259ti: G\u00fcnd\u00fcz v\u0259 gec\u0259 \u015f\u0259raitind\u0259 ayd\u0131n g\u00f6r\u00fcnt\u00fcl\u0259r t\u0259qdim edir. IR gec\u0259 g\u00f6rm\u0259: 5 metr\u0259 q\u0259d\u0259r m\u0259saf\u0259d\u0259 gec\u0259 g\u00f6r\u00fcnt\u00fcl\u0259m\u0259 imkan\u0131. A\u011f\u0131ll\u0131 insan h\u0259r\u0259k\u0259ti a\u015fkarlama: PIR sensor v\u0259 insan&hellip;<\/p>\n","protected":false},"featured_media":19104,"comment_status":"open","ping_status":"closed","template":"","meta":[],"product_cat":[5310,4016,3067,2862],"product_tag":[3263,3000,3496,3493,3490,3290,3044,3494,3298,3495,3492,3491,2929],"class_list":{"0":"post-19100","1":"product","2":"type-product","3":"status-publish","4":"has-post-thumbnail","6":"product_cat-ezviz","7":"product_cat-hikvision","8":"product_cat-musahid-kamerasi","9":"product_cat-wifi-kameralar","10":"product_tag-1080pkamera","11":"product_tag-agilliev","12":"product_tag-amazonalexa","13":"product_tag-batareyakamera","14":"product_tag-cb1","15":"product_tag-evthluksizliyi","16":"product_tag-ezviz","17":"product_tag-ezvizcloud","18":"product_tag-gecgorm","19":"product_tag-googleassistant","20":"product_tag-ikitrflidanisiq","21":"product_tag-simsizkamera","22":"product_tag-wifikamera","23":"description-off","25":"first","26":"instock","27":"shipping-taxable","28":"purchasable","29":"product-type-simple"},"_links":{"self":[{"href":"https:\/\/setap.az\/index.php?rest_route=\/wp\/v2\/product\/19100","targetHints":{"allow":["GET"]}}],"collection":[{"href":"https:\/\/setap.az\/index.php?rest_route=\/wp\/v2\/product"}],"about":[{"href":"https:\/\/setap.az\/index.php?rest_route=\/wp\/v2\/types\/product"}],"replies":[{"embeddable":true,"href":"https:\/\/setap.az\/index.php?rest_route=%2Fwp%2Fv2%2Fcomments&post=19100"}],"wp:featuredmedia":[{"embeddable":true,"href":"https:\/\/setap.az\/index.php?rest_route=\/wp\/v2\/media\/19104"}],"wp:attachment":[{"href":"https:\/\/setap.az\/index.php?rest_route=%2Fwp%2Fv2%2Fmedia&parent=19100"}],"wp:term":[{"taxonomy":"product_cat","embeddable":true,"href":"https:\/\/setap.az\/index.php?rest_route=%2Fwp%2Fv2%2Fproduct_cat&post=19100"},{"taxonomy":"product_tag","embeddable":true,"href":"https:\/\/setap.az\/index.php?rest_route=%2Fwp%2Fv2%2Fproduct_tag&post=19100"}],"curies":[{"name":"wp","href":"https:\/\/api.w.org\/{rel}","templated":true}]}}