{"id":19109,"date":"2025-05-10T13:08:22","date_gmt":"2025-05-10T09:08:22","guid":{"rendered":"https:\/\/setap.az\/?post_type=product&#038;p=19109"},"modified":"2025-06-26T13:22:44","modified_gmt":"2025-06-26T09:22:44","slug":"agilli-ev-siqnalzasiyasi","status":"publish","type":"product","link":"https:\/\/setap.az\/?product=agilli-ev-siqnalzasiyasi","title":{"rendered":"&#8220;A\u011f\u0131ll\u0131 Ev&#8221; siqnalzasiyas\u0131"},"content":{"rendered":"<p>&#8220;A\u011f\u0131ll\u0131 Ev&#8221; Siqnalizasiyas\u0131 \u2013 T\u0259hl\u00fck\u0259sizlik H\u0259r Zaman Sizinl\u0259!<br \/>\nEvinizi v\u0259 i\u015f yerinizi etibarl\u0131 \u015f\u0259kild\u0259 qorumaq \u00fc\u00e7\u00fcn \u0259n m\u00fcasir a\u011f\u0131ll\u0131 t\u0259hl\u00fck\u0259sizlik sistemi! <\/p>\n<p>\u2714 Wi-Fi v\u0259 4G GSM D\u0259st\u0259yi \u2013 S\u00fcr\u0259tli v\u0259 fasil\u0259siz ba\u011flant\u0131!<br \/>\n\u2714 Y\u00fcks\u0259k S\u0259sl\u0259 Siqnal v\u0259 X\u0259b\u0259rdarl\u0131q!<br \/>\n\u2714 M\u00fcdaxil\u0259 c\u0259hdl\u0259rind\u0259 d\u0259rhal reaksiya!<br \/>\n\u2714 Mobil T\u0259tbiq vasit\u0259sil\u0259 Tam N\u0259zar\u0259t! \u2013 Harada olursunuzsa olun, t\u0259hl\u00fck\u0259sizliyiniz \u0259linizd\u0259dir!<br \/>\n\u2714 Amazon Alexa D\u0259st\u0259yi \u2013 S\u0259sli \u0259mrl\u0259rl\u0259 idar\u0259etm\u0259 imkan\u0131!<br \/>\n\u2714 Effektiv v\u0259 A\u011f\u0131ll\u0131 Qoruma \u2013 Eviniz v\u0259 ya i\u015f yeriniz h\u0259r zaman t\u0259hl\u00fck\u0259sizdir! <\/p>\n<p> A\u011f\u0131ll\u0131 t\u0259hl\u00fck\u0259sizlikl\u0259 rahat ya\u015fay\u0131n!<br \/>\n Sifari\u015f \u00fc\u00e7\u00fcn biziml\u0259 \u0259laq\u0259 saxlay\u0131n!<\/p>\n","protected":false},"excerpt":{"rendered":"<p>&#8220;A\u011f\u0131ll\u0131 Ev&#8221; Siqnalizasiyas\u0131 \u2013 T\u0259hl\u00fck\u0259sizlik H\u0259r Zaman Sizinl\u0259! Evinizi v\u0259 i\u015f yerinizi etibarl\u0131 \u015f\u0259kild\u0259 qorumaq \u00fc\u00e7\u00fcn \u0259n m\u00fcasir a\u011f\u0131ll\u0131 t\u0259hl\u00fck\u0259sizlik sistemi! \u2714 Wi-Fi v\u0259 4G GSM D\u0259st\u0259yi \u2013 S\u00fcr\u0259tli v\u0259 fasil\u0259siz ba\u011flant\u0131! \u2714 Y\u00fcks\u0259k S\u0259sl\u0259 Siqnal v\u0259 X\u0259b\u0259rdarl\u0131q! \u2714 M\u00fcdaxil\u0259 c\u0259hdl\u0259rind\u0259 d\u0259rhal reaksiya! \u2714 Mobil T\u0259tbiq vasit\u0259sil\u0259 Tam N\u0259zar\u0259t! \u2013 Harada olursunuzsa olun, t\u0259hl\u00fck\u0259sizliyiniz \u0259linizd\u0259dir!&hellip;<\/p>\n","protected":false},"featured_media":19110,"comment_status":"open","ping_status":"closed","template":"","meta":[],"product_cat":[2999,2837,2835],"product_tag":[3527,3472,3526,3046,3523,3522,3525,3532,3531,3521,3520,3529,3528,3524,3530,3051],"class_list":{"0":"post-19109","1":"product","2":"type-product","3":"status-publish","4":"has-post-thumbnail","6":"product_cat-agilli-ev","7":"product_cat-gsm-thluksizlik-sistemlri","8":"product_cat-thluksizlik-siqnalizasiyalari","9":"product_tag-alarm","10":"product_tag-camera","11":"product_tag-damafon","12":"product_tag-kamera","13":"product_tag-kamerasistemleri","14":"product_tag-kredit","15":"product_tag-muhafiz","16":"product_tag-muhafizsiqnalizasiyasi","17":"product_tag-ogurlugaqarsisiqnalizasiya","18":"product_tag-security","19":"product_tag-siqnalizasiya","20":"product_tag-siqnalizasiyabaku","21":"product_tag-siqnalizasiyasistemleri","22":"product_tag-siqnalizasiyasumqait","23":"product_tag-siqnalizasya","24":"product_tag-thluksizlikkamerasi","25":"description-off","27":"first","28":"instock","29":"shipping-taxable","30":"purchasable","31":"product-type-simple"},"_links":{"self":[{"href":"https:\/\/setap.az\/index.php?rest_route=\/wp\/v2\/product\/19109","targetHints":{"allow":["GET"]}}],"collection":[{"href":"https:\/\/setap.az\/index.php?rest_route=\/wp\/v2\/product"}],"about":[{"href":"https:\/\/setap.az\/index.php?rest_route=\/wp\/v2\/types\/product"}],"replies":[{"embeddable":true,"href":"https:\/\/setap.az\/index.php?rest_route=%2Fwp%2Fv2%2Fcomments&post=19109"}],"wp:featuredmedia":[{"embeddable":true,"href":"https:\/\/setap.az\/index.php?rest_route=\/wp\/v2\/media\/19110"}],"wp:attachment":[{"href":"https:\/\/setap.az\/index.php?rest_route=%2Fwp%2Fv2%2Fmedia&parent=19109"}],"wp:term":[{"taxonomy":"product_cat","embeddable":true,"href":"https:\/\/setap.az\/index.php?rest_route=%2Fwp%2Fv2%2Fproduct_cat&post=19109"},{"taxonomy":"product_tag","embeddable":true,"href":"https:\/\/setap.az\/index.php?rest_route=%2Fwp%2Fv2%2Fproduct_tag&post=19109"}],"curies":[{"name":"wp","href":"https:\/\/api.w.org\/{rel}","templated":true}]}}