{"id":19127,"date":"2025-05-12T10:40:08","date_gmt":"2025-05-12T06:40:08","guid":{"rendered":"https:\/\/setap.az\/?post_type=product&#038;p=19127"},"modified":"2026-01-12T13:33:40","modified_gmt":"2026-01-12T09:33:40","slug":"dahua-dh-ipc-hdw1330sp-s4-2-8-mm","status":"publish","type":"product","link":"https:\/\/setap.az\/?product=dahua-dh-ipc-hdw1330sp-s4-2-8-mm","title":{"rendered":"Dahua DH-IPC-HDW1330SP-S4 (2.8 mm) 3MP IP Kamera"},"content":{"rendered":"<p>Dahua DH-IPC-HDW1330SP-S4 (2.8 mm) 3MP IP T\u0259hl\u00fck\u0259sizlik Kameras\u0131<br \/>\n \u018fsas X\u00fcsusiyy\u0259tl\u0259r:<br \/>\nModel: DH-IPC-HDW1330SP-S4<br \/>\nSensor: 1\/2.7&#8243; 3MP CMOS<br \/>\nEffektiv Piksel: 2304 \u00d7 1296<br \/>\nLens: Fiks 2.8 mm lens<br \/>\nBax\u0131\u015f buca\u011f\u0131: H: 100\u00b0, V: 55\u00b0, D: 116\u00b0<br \/>\nGec\u0259 G\u00f6rm\u0259: 30 metr\u0259 q\u0259d\u0259r IR infraq\u0131rm\u0131z\u0131 i\u015f\u0131qland\u0131rma<br \/>\nVideo S\u0131x\u0131lma: H.265+ \/ H.264<\/p>\n<p> Gec\u0259 G\u00f6rm\u0259 v\u0259 Ayd\u0131n G\u00f6r\u00fcnt\u00fc<br \/>\n3MP Super HD video keyfiyy\u0259ti \u2013 Daha ayd\u0131n v\u0259 detall\u0131 g\u00f6r\u00fcnt\u00fc!<br \/>\n30 metr\u0259 q\u0259d\u0259r IR gec\u0259 g\u00f6rm\u0259 \u2013 Qaranl\u0131qda y\u00fcks\u0259k keyfiyy\u0259tli g\u00f6r\u00fcnt\u00fc!<br \/>\nH.265+ Video S\u0131x\u0131lma Texnologiyas\u0131 \u2013 Daha uzunm\u00fcdd\u0259tli video saxlamaq \u00fc\u00e7\u00fcn yadda\u015f q\u0259na\u0259ti!<br \/>\nDWDR (R\u0259q\u0259msal Geni\u015f Dinamik Diapazon) \u2013 \u0130\u015f\u0131q balans\u0131 t\u0259nziml\u0259m\u0259!<\/p>\n<p> Video v\u0259 S\u0259s X\u00fcsusiyy\u0259tl\u0259ri<br \/>\n3MP HD video qeydiyyat\u0131 \u2013 Ayd\u0131n v\u0259 detall\u0131 g\u00f6r\u00fcnt\u00fc!<br \/>\nDaxili Mikrofon (Model\u0259 g\u00f6r\u0259 d\u0259yi\u015fir) \u2013 Canl\u0131 audio izl\u0259m\u0259 imkan\u0131!<br \/>\n3D DNR (R\u0259q\u0259msal S\u0259s Azaltma) \u2013 Daha t\u0259miz v\u0259 ayd\u0131n g\u00f6r\u00fcnt\u00fc \u00fc\u00e7\u00fcn!<\/p>\n<p> T\u0259hl\u00fck\u0259sizlik v\u0259 A\u011f\u0131ll\u0131 Funksiyalar<br \/>\nH\u0259r\u0259k\u0259t A\u015fkarlama v\u0259 Bildiri\u015fl\u0259r \u2013 \u015e\u00fcbh\u0259li h\u0259r\u0259k\u0259t zaman\u0131 ani x\u0259b\u0259rdarl\u0131qlar!<br \/>\nRegiona \u0259saslanan h\u0259r\u0259k\u0259t a\u015fkarlama \u2013 Daha d\u0259qiq t\u0259hl\u00fck\u0259sizlik n\u0259zar\u0259ti!<br \/>\nIP67 Suya v\u0259 Toza Dayan\u0131ql\u0131l\u0131q \u2013 A\u00e7\u0131q havada v\u0259 \u00e7\u0259tin hava \u015f\u0259raitl\u0259rind\u0259 i\u015fl\u0259m\u0259y\u0259 uy\u011fundur!<\/p>\n<p> \u015e\u0259b\u0259k\u0259 v\u0259 Ba\u011flant\u0131lar<br \/>\nLAN Portu: 10\/100 Mbps Ethernet<br \/>\nONVIF d\u0259st\u0259yi \u2013 Dig\u0259r t\u0259hl\u00fck\u0259sizlik sisteml\u0259ri il\u0259 uy\u011funluq!<br \/>\nPoE (Power over Ethernet) d\u0259st\u0259yi \u2013 Asan qura\u015fd\u0131rma \u00fc\u00e7\u00fcn!<\/p>\n<p> Yadda\u015f v\u0259 Qura\u015fd\u0131rma<br \/>\nMicroSD kart d\u0259st\u0259yi (128GB-a q\u0259d\u0259r) \u2013 Offline video saxlamaq \u00fc\u00e7\u00fcn!<\/p>\n","protected":false},"excerpt":{"rendered":"<p>Dahua DH-IPC-HDW1330SP-S4 (2.8 mm) \u2013 3MP Entry IR Fixed Focal Eyeball \u015e\u0259b\u0259k\u0259 Kameras\u0131<br \/>\nDahua DH-IPC-HDW1330SP-S4 \u2013 3MP y\u00fcks\u0259k q\u0259tnam\u0259li g\u00f6r\u00fcnt\u00fc, gec\u0259 g\u00f6rm\u0259 v\u0259 h\u0259r\u0259k\u0259t a\u015fkarlama funksiyalar\u0131 il\u0259 t\u0259chiz edilmi\u015f t\u0259hl\u00fck\u0259sizlik kameras\u0131d\u0131r. Ev, ofis, ma\u011faza v\u0259 obyektl\u0259rin m\u00fchafiz\u0259si \u00fc\u00e7\u00fcn etibarl\u0131 qoruma.<\/p>\n","protected":false},"featured_media":19128,"comment_status":"open","ping_status":"closed","template":"","meta":[],"product_cat":[4086,2803,5271,2841],"product_tag":[3575,3571,3570,3576,3578,3520,3573,3574,3572,3577],"class_list":{"0":"post-19127","1":"product","2":"type-product","3":"status-publish","4":"has-post-thumbnail","6":"product_cat-dahua","7":"product_cat-ip","8":"product_cat-thluksizlik-kamerasi","9":"product_cat-videonzart","10":"product_tag-dahua","11":"product_tag-dahuaazerbaijan","12":"product_tag-dahuaazrbaycan","13":"product_tag-dahuakameralari","14":"product_tag-hllr","15":"product_tag-siqnalizasiya","16":"product_tag-thluksiz","17":"product_tag-thluksizlikkamerari","18":"product_tag-thluksizyasam","19":"product_tag-ttbiq","20":"description-off","22":"first","23":"instock","24":"shipping-taxable","25":"purchasable","26":"product-type-simple"},"_links":{"self":[{"href":"https:\/\/setap.az\/index.php?rest_route=\/wp\/v2\/product\/19127","targetHints":{"allow":["GET"]}}],"collection":[{"href":"https:\/\/setap.az\/index.php?rest_route=\/wp\/v2\/product"}],"about":[{"href":"https:\/\/setap.az\/index.php?rest_route=\/wp\/v2\/types\/product"}],"replies":[{"embeddable":true,"href":"https:\/\/setap.az\/index.php?rest_route=%2Fwp%2Fv2%2Fcomments&post=19127"}],"wp:featuredmedia":[{"embeddable":true,"href":"https:\/\/setap.az\/index.php?rest_route=\/wp\/v2\/media\/19128"}],"wp:attachment":[{"href":"https:\/\/setap.az\/index.php?rest_route=%2Fwp%2Fv2%2Fmedia&parent=19127"}],"wp:term":[{"taxonomy":"product_cat","embeddable":true,"href":"https:\/\/setap.az\/index.php?rest_route=%2Fwp%2Fv2%2Fproduct_cat&post=19127"},{"taxonomy":"product_tag","embeddable":true,"href":"https:\/\/setap.az\/index.php?rest_route=%2Fwp%2Fv2%2Fproduct_tag&post=19127"}],"curies":[{"name":"wp","href":"https:\/\/api.w.org\/{rel}","templated":true}]}}