{"id":19209,"date":"2025-05-15T14:45:01","date_gmt":"2025-05-15T10:45:01","guid":{"rendered":"https:\/\/setap.az\/?post_type=product&#038;p=19209"},"modified":"2025-05-15T14:45:01","modified_gmt":"2025-05-15T10:45:01","slug":"divar-kalonkasi-tads-637","status":"publish","type":"product","link":"https:\/\/setap.az\/?product=divar-kalonkasi-tads-637","title":{"rendered":"Divar kalonkas\u0131 TADS 637"},"content":{"rendered":"<p>X\u00fcsusiyy\u0259tl\u0259ri:<br \/>\nG\u00fcc\u00fc: 5\u201310W<br \/>\nX\u0259tt g\u0259rginliyi: 70\u2013100V<br \/>\nH\u0259ssasl\u0131q: 91 dB<br \/>\nTezlik diapazonu: 90\u201316,000 Hz<br \/>\nDinamik diametri: 158 mm<br \/>\n\u00d6l\u00e7\u00fcl\u0259ri: 260 \u00d7 185 \u00d7 120 mm<\/p>\n","protected":false},"excerpt":{"rendered":"<p>Divar kalonkas\u0131 TADS 637<br \/>\nBu kalonkalar m\u0259kt\u0259bl\u0259r, kafe, restoranlar, otel foyel\u0259ri v\u0259 anbar obyektl\u0259rind\u0259 y\u00fcks\u0259k keyfiyy\u0259tli fon musiqisi yay\u0131m\u0131 v\u0259 s\u0259sli elanlar t\u0259\u015fkil etm\u0259k \u00fc\u00e7\u00fcn istifad\u0259 olunur.<\/p>\n","protected":false},"featured_media":19211,"comment_status":"open","ping_status":"closed","template":"","meta":[],"product_cat":[2798,2799,2800],"product_tag":[3603,3601,3599,3604,3602,3300,3391,3600,3605,3051],"class_list":{"0":"post-19209","1":"product","2":"type-product","3":"status-publish","4":"has-post-thumbnail","6":"product_cat-anons-v-musiqi-yayim-sistemlri","7":"product_cat-kolonkalar","8":"product_cat-ss-guclndiricilr","9":"product_tag-audiosistem","10":"product_tag-colorvukamera","11":"product_tag-divarkalonkasi","12":"product_tag-evnzarti","13":"product_tag-hikvisionazeri","14":"product_tag-kamerasistemi","15":"product_tag-pirsensor","16":"product_tag-smartev","17":"product_tag-tads637","18":"product_tag-thluksizlikkamerasi","19":"description-off","21":"first","22":"instock","23":"shipping-taxable","24":"purchasable","25":"product-type-simple"},"_links":{"self":[{"href":"https:\/\/setap.az\/index.php?rest_route=\/wp\/v2\/product\/19209","targetHints":{"allow":["GET"]}}],"collection":[{"href":"https:\/\/setap.az\/index.php?rest_route=\/wp\/v2\/product"}],"about":[{"href":"https:\/\/setap.az\/index.php?rest_route=\/wp\/v2\/types\/product"}],"replies":[{"embeddable":true,"href":"https:\/\/setap.az\/index.php?rest_route=%2Fwp%2Fv2%2Fcomments&post=19209"}],"wp:featuredmedia":[{"embeddable":true,"href":"https:\/\/setap.az\/index.php?rest_route=\/wp\/v2\/media\/19211"}],"wp:attachment":[{"href":"https:\/\/setap.az\/index.php?rest_route=%2Fwp%2Fv2%2Fmedia&parent=19209"}],"wp:term":[{"taxonomy":"product_cat","embeddable":true,"href":"https:\/\/setap.az\/index.php?rest_route=%2Fwp%2Fv2%2Fproduct_cat&post=19209"},{"taxonomy":"product_tag","embeddable":true,"href":"https:\/\/setap.az\/index.php?rest_route=%2Fwp%2Fv2%2Fproduct_tag&post=19209"}],"curies":[{"name":"wp","href":"https:\/\/api.w.org\/{rel}","templated":true}]}}