{"id":19228,"date":"2025-05-16T12:07:56","date_gmt":"2025-05-16T08:07:56","guid":{"rendered":"https:\/\/setap.az\/?post_type=product&#038;p=19228"},"modified":"2026-01-05T15:37:17","modified_gmt":"2026-01-05T11:37:17","slug":"oyun-qulaqligi-mikuso-hp-115","status":"publish","type":"product","link":"https:\/\/setap.az\/?product=oyun-qulaqligi-mikuso-hp-115","title":{"rendered":"Oyun qulaql\u0131\u011f\u0131  Mikuso HP &#8211; 115"},"content":{"rendered":"<p> Oyun qulaql\u0131\u011f\u0131<br \/>\n Model: Mikuso HP &#8211; 115<br \/>\n&#8211; Oyunlar, film, musiqi h\u0259r n\u00f6v istifad\u0259 \u00fc\u00e7\u00fcn uy\u011fundur.<br \/>\n&#8211; Aux qo\u015fulma.<br \/>\n&#8211; Super oyun keyfiyy\u0259ti.<br \/>\n&#8211; 40mm speakerl\u0259r.<br \/>\n&#8211; Uzanan qulaql\u0131qlar.<br \/>\n&#8211; Ba\u015f \u00f6l\u00e7\u00fcs\u00fcn\u0259 g\u00f6r\u0259 nizamlanma.<br \/>\n&#8211; Kabel uzunlu\u011fu 1.8 \/ 0.15m<\/p>\n","protected":false},"excerpt":{"rendered":"<p>Oyun qulaql\u0131\u011f\u0131 Model: Mikuso HP &#8211; 115 &#8211; Oyunlar, film, musiqi h\u0259r n\u00f6v istifad\u0259 \u00fc\u00e7\u00fcn uy\u011fundur. &#8211; Aux qo\u015fulma. &#8211; Super oyun keyfiyy\u0259ti. &#8211; 40mm speakerl\u0259r. &#8211; Uzanan qulaql\u0131qlar. &#8211; Ba\u015f \u00f6l\u00e7\u00fcs\u00fcn\u0259 g\u00f6r\u0259 nizamlanma. &#8211; Kabel uzunlu\u011fu 1.8 \/ 0.15m<\/p>\n","protected":false},"featured_media":19229,"comment_status":"open","ping_status":"closed","template":"","meta":[],"product_cat":[3624],"product_tag":[3636,3655,3657,3656,3653,3658,3626,3654],"class_list":{"0":"post-19228","1":"product","2":"type-product","3":"status-publish","4":"has-post-thumbnail","6":"product_cat-qulaqliqlar","7":"product_tag-40mmspeakerlr","8":"product_tag-basolcusungorenizamlanma","9":"product_tag-filmmusiqi","10":"product_tag-kabeluzunlugu1-8m","11":"product_tag-mikusohp115","12":"product_tag-multifunksional","13":"product_tag-oyunqulaqligi","14":"product_tag-superoyunkeyfiyyti","15":"description-off","17":"first","18":"instock","19":"shipping-taxable","20":"purchasable","21":"product-type-simple"},"_links":{"self":[{"href":"https:\/\/setap.az\/index.php?rest_route=\/wp\/v2\/product\/19228","targetHints":{"allow":["GET"]}}],"collection":[{"href":"https:\/\/setap.az\/index.php?rest_route=\/wp\/v2\/product"}],"about":[{"href":"https:\/\/setap.az\/index.php?rest_route=\/wp\/v2\/types\/product"}],"replies":[{"embeddable":true,"href":"https:\/\/setap.az\/index.php?rest_route=%2Fwp%2Fv2%2Fcomments&post=19228"}],"wp:featuredmedia":[{"embeddable":true,"href":"https:\/\/setap.az\/index.php?rest_route=\/wp\/v2\/media\/19229"}],"wp:attachment":[{"href":"https:\/\/setap.az\/index.php?rest_route=%2Fwp%2Fv2%2Fmedia&parent=19228"}],"wp:term":[{"taxonomy":"product_cat","embeddable":true,"href":"https:\/\/setap.az\/index.php?rest_route=%2Fwp%2Fv2%2Fproduct_cat&post=19228"},{"taxonomy":"product_tag","embeddable":true,"href":"https:\/\/setap.az\/index.php?rest_route=%2Fwp%2Fv2%2Fproduct_tag&post=19228"}],"curies":[{"name":"wp","href":"https:\/\/api.w.org\/{rel}","templated":true}]}}