{"id":19299,"date":"2025-05-21T14:59:06","date_gmt":"2025-05-21T10:59:06","guid":{"rendered":"https:\/\/setap.az\/?post_type=product&#038;p=19299"},"modified":"2026-01-10T16:40:28","modified_gmt":"2026-01-10T12:40:28","slug":"hikvision-ds-2de3a400bw-de","status":"publish","type":"product","link":"https:\/\/setap.az\/?product=hikvision-ds-2de3a400bw-de","title":{"rendered":"Hikvision DS-2DE3A400BW-DE 4MP IP kamera"},"content":{"rendered":"<p>Hikvision DS-2DE3A400BW-DE 4MP IP T\u0259hl\u00fck\u0259sizlik kameras\u0131<br \/>\n4 MP \u00e7\u00f6z\u00fcn\u00fcrl\u00fckd\u0259 y\u00fcks\u0259k keyfiyy\u0259tli g\u00f6r\u00fcnt\u00fc t\u0259min ed\u0259n v\u0259 24\/7 r\u0259ngli m\u00fc\u015fahid\u0259 imkan\u0131 ver\u0259n PTZ (Pan-Tilt-Zoom) \u015f\u0259b\u0259k\u0259 kameras\u0131d\u0131r.<br \/>\nBu kamera, geni\u015f \u0259razil\u0259rin effektiv v\u0259 detall\u0131 m\u00fc\u015fahid\u0259si \u00fc\u00e7\u00fcn n\u0259z\u0259rd\u0259 tutulmu\u015fdur.<br \/>\nG\u00f6r\u00fcnt\u00fc sensoru: 1\/1.8&#8243; proqressiv skan CMOS<br \/>\n7 \/ 24 r\u0259ngli g\u00f6r\u00fcnt\u00fc<br \/>\nMaksimum \u00e7\u00f6z\u00fcn\u00fcrl\u00fck: 2560 \u00d7 1440<br \/>\nLinza: 4 mm sabit fokuslu linza<br \/>\nG\u00f6r\u00fc\u015f buca\u011f\u0131: \u00dcf\u00fcqi: 88.7\u00b0, \u015eaquli: 46.5\u00b0, Diaqonal: 105.0\u00b0<br \/>\n\u0130\u015f\u0131qland\u0131rma n\u00f6v\u00fc: A\u011f i\u015f\u0131q<br \/>\n\u0130\u015f\u0131qland\u0131rma m\u0259saf\u0259si: 50 metr\u0259 q\u0259d\u0259r<\/p>\n","protected":false},"excerpt":{"rendered":"<p>Hikvision DS-2DE3A400BW-DE 4MP IP T\u0259hl\u00fck\u0259sizlik kameras\u0131 4 MP \u00e7\u00f6z\u00fcn\u00fcrl\u00fckd\u0259 y\u00fcks\u0259k keyfiyy\u0259tli g\u00f6r\u00fcnt\u00fc t\u0259min ed\u0259n v\u0259 24\/7 r\u0259ngli m\u00fc\u015fahid\u0259 imkan\u0131 ver\u0259n PTZ (Pan-Tilt-Zoom) \u015f\u0259b\u0259k\u0259 kameras\u0131d\u0131r. Bu kamera, geni\u015f \u0259razil\u0259rin effektiv v\u0259 detall\u0131 m\u00fc\u015fahid\u0259si \u00fc\u00e7\u00fcn n\u0259z\u0259rd\u0259 tutulmu\u015fdur. G\u00f6r\u00fcnt\u00fc sensoru: 1\/1.8&#8243; proqressiv skan CMOS 7 \/ 24 r\u0259ngli g\u00f6r\u00fcnt\u00fc Maksimum \u00e7\u00f6z\u00fcn\u00fcrl\u00fck: 2560 \u00d7 1440 Linza: 4 mm sabit&hellip;<\/p>\n","protected":false},"featured_media":19300,"comment_status":"open","ping_status":"closed","template":"","meta":[],"product_cat":[4016,2803,5271,2841],"product_tag":[3382,3132,3379,3751,3748,3380,3385,3381,3383,2937,3260,2939,2934,3378,3135,3142,3071,3384],"class_list":{"0":"post-19299","1":"product","2":"type-product","3":"status-publish","4":"has-post-thumbnail","6":"product_cat-hikvision","7":"product_cat-ip","8":"product_cat-thluksizlik-kamerasi","9":"product_cat-videonzart","10":"product_tag-camerainstallation","11":"product_tag-cctv","12":"product_tag-hikvisioncamera","13":"product_tag-hikvisioncctvhikvisionmusahidkamerasi","14":"product_tag-hikvisionptz","15":"product_tag-hikvisionsecurity","16":"product_tag-hikvisionsolutions","17":"product_tag-hikvisionsystem","18":"product_tag-hikvisiontechnology","19":"product_tag-homesecurity","20":"product_tag-ipcamera","21":"product_tag-securitycamera","22":"product_tag-smartsecurity","23":"product_tag-sumqayithikvision","24":"product_tag-surveillance","25":"product_tag-thluksizlik","26":"product_tag-thluksizlikkameralari","27":"product_tag-videosurveillance","28":"description-off","30":"first","31":"instock","32":"shipping-taxable","33":"purchasable","34":"product-type-simple"},"_links":{"self":[{"href":"https:\/\/setap.az\/index.php?rest_route=\/wp\/v2\/product\/19299","targetHints":{"allow":["GET"]}}],"collection":[{"href":"https:\/\/setap.az\/index.php?rest_route=\/wp\/v2\/product"}],"about":[{"href":"https:\/\/setap.az\/index.php?rest_route=\/wp\/v2\/types\/product"}],"replies":[{"embeddable":true,"href":"https:\/\/setap.az\/index.php?rest_route=%2Fwp%2Fv2%2Fcomments&post=19299"}],"wp:featuredmedia":[{"embeddable":true,"href":"https:\/\/setap.az\/index.php?rest_route=\/wp\/v2\/media\/19300"}],"wp:attachment":[{"href":"https:\/\/setap.az\/index.php?rest_route=%2Fwp%2Fv2%2Fmedia&parent=19299"}],"wp:term":[{"taxonomy":"product_cat","embeddable":true,"href":"https:\/\/setap.az\/index.php?rest_route=%2Fwp%2Fv2%2Fproduct_cat&post=19299"},{"taxonomy":"product_tag","embeddable":true,"href":"https:\/\/setap.az\/index.php?rest_route=%2Fwp%2Fv2%2Fproduct_tag&post=19299"}],"curies":[{"name":"wp","href":"https:\/\/api.w.org\/{rel}","templated":true}]}}