{"id":19332,"date":"2025-05-22T16:14:57","date_gmt":"2025-05-22T12:14:57","guid":{"rendered":"https:\/\/setap.az\/?post_type=product&#038;p=19332"},"modified":"2025-06-26T14:40:44","modified_gmt":"2025-06-26T10:40:44","slug":"ds-2cd2067g2h-lief","status":"publish","type":"product","link":"https:\/\/setap.az\/?product=ds-2cd2067g2h-lief","title":{"rendered":"DS-2CD2067G2H-LIEF"},"content":{"rendered":"<p>Y\u00fcks\u0259k keyfiyy\u0259tli g\u00f6r\u00fcnt\u00fc v\u0259 inki\u015faf etmi\u015f x\u00fcsusiyy\u0259tl\u0259ri il\u0259 se\u00e7il\u0259n 6 meqapiksellik (3200 \u00d7 1800 piksel) sabit mini bullet tipli \u015f\u0259b\u0259k\u0259 kameras\u0131d\u0131r.<br \/>\nSensor: 1\/1.8&#8243; Progressive Scan CMOS<br \/>\nUzaq m\u0259saf\u0259l\u0259rd\u0259 bel\u0259 effektiv i\u015f\u0131qland\u0131rma t\u0259min ed\u0259n inki\u015faf etmi\u015f texnologiya il\u0259 t\u0259chiz olunub.<br \/>\n\u0130nsan v\u0259 n\u0259qliyyat vasit\u0259l\u0259rinin t\u0259sbitin\u0259 fokuslanaraq yanl\u0131\u015f h\u0259y\u0259can siqnallar\u0131n\u0131 azald\u0131r.<br \/>\nReal vaxtda s\u0259sli t\u0259hl\u00fck\u0259sizlik \u00fc\u00e7\u00fcn daxili mikrofonla t\u0259chiz olunub.<br \/>\nIP67 standart\u0131na uy\u011fun olaraq suya v\u0259 toza qar\u015f\u0131 davaml\u0131d\u0131r.<br \/>\n\u0130R i\u015f\u0131qland\u0131rma: 30m<br \/>\nMinimum \u0130\u015f\u0131qland\u0131rma: R\u0259ngli: 0.0005 Lux @ (F1.0, AGC ON), LED i\u015f\u0131qlar\u0131 il\u0259 0 Lux<br \/>\nObyektiv: 2.8 mm\/ 4mm sabit obyektiv<br \/>\n\u0130\u015fl\u0259m\u0259 Temperaturu: -30\u00b0C ~ +60\u00b0C<br \/>\nSD kart yuvas\u0131: 512GB<\/p>\n","protected":false},"excerpt":{"rendered":"<p>Y\u00fcks\u0259k keyfiyy\u0259tli g\u00f6r\u00fcnt\u00fc v\u0259 inki\u015faf etmi\u015f x\u00fcsusiyy\u0259tl\u0259ri il\u0259 se\u00e7il\u0259n 6 meqapiksellik (3200 \u00d7 1800 piksel) sabit mini bullet tipli \u015f\u0259b\u0259k\u0259 kameras\u0131d\u0131r. Sensor: 1\/1.8&#8243; Progressive Scan CMOS Uzaq m\u0259saf\u0259l\u0259rd\u0259 bel\u0259 effektiv i\u015f\u0131qland\u0131rma t\u0259min ed\u0259n inki\u015faf etmi\u015f texnologiya il\u0259 t\u0259chiz olunub. \u0130nsan v\u0259 n\u0259qliyyat vasit\u0259l\u0259rinin t\u0259sbitin\u0259 fokuslanaraq yanl\u0131\u015f h\u0259y\u0259can siqnallar\u0131n\u0131 azald\u0131r. Real vaxtda s\u0259sli t\u0259hl\u00fck\u0259sizlik \u00fc\u00e7\u00fcn daxili&hellip;<\/p>\n","protected":false},"featured_media":19333,"comment_status":"open","ping_status":"closed","template":"","meta":[],"product_cat":[4016,2849],"product_tag":[3382,3132,2941,3379,2942,3380,3385,3381,3383,2937,3260,2939,2934,3378,3135,3142,3071,3384],"class_list":{"0":"post-19332","1":"product","2":"type-product","3":"status-publish","4":"has-post-thumbnail","6":"product_cat-hikvision","7":"product_cat-videokameralar","8":"product_tag-camerainstallation","9":"product_tag-cctv","10":"product_tag-hikvision","11":"product_tag-hikvisioncamera","12":"product_tag-hikvisioncctv","13":"product_tag-hikvisionsecurity","14":"product_tag-hikvisionsolutions","15":"product_tag-hikvisionsystem","16":"product_tag-hikvisiontechnology","17":"product_tag-homesecurity","18":"product_tag-ipcamera","19":"product_tag-securitycamera","20":"product_tag-smartsecurity","21":"product_tag-sumqayithikvision","22":"product_tag-surveillance","23":"product_tag-thluksizlik","24":"product_tag-thluksizlikkameralari","25":"product_tag-videosurveillance","26":"description-off","28":"first","29":"instock","30":"shipping-taxable","31":"purchasable","32":"product-type-simple"},"_links":{"self":[{"href":"https:\/\/setap.az\/index.php?rest_route=\/wp\/v2\/product\/19332","targetHints":{"allow":["GET"]}}],"collection":[{"href":"https:\/\/setap.az\/index.php?rest_route=\/wp\/v2\/product"}],"about":[{"href":"https:\/\/setap.az\/index.php?rest_route=\/wp\/v2\/types\/product"}],"replies":[{"embeddable":true,"href":"https:\/\/setap.az\/index.php?rest_route=%2Fwp%2Fv2%2Fcomments&post=19332"}],"wp:featuredmedia":[{"embeddable":true,"href":"https:\/\/setap.az\/index.php?rest_route=\/wp\/v2\/media\/19333"}],"wp:attachment":[{"href":"https:\/\/setap.az\/index.php?rest_route=%2Fwp%2Fv2%2Fmedia&parent=19332"}],"wp:term":[{"taxonomy":"product_cat","embeddable":true,"href":"https:\/\/setap.az\/index.php?rest_route=%2Fwp%2Fv2%2Fproduct_cat&post=19332"},{"taxonomy":"product_tag","embeddable":true,"href":"https:\/\/setap.az\/index.php?rest_route=%2Fwp%2Fv2%2Fproduct_tag&post=19332"}],"curies":[{"name":"wp","href":"https:\/\/api.w.org\/{rel}","templated":true}]}}