{"id":19350,"date":"2025-05-23T10:10:21","date_gmt":"2025-05-23T06:10:21","guid":{"rendered":"https:\/\/setap.az\/?post_type=product&#038;p=19350"},"modified":"2026-01-07T15:59:25","modified_gmt":"2026-01-07T11:59:25","slug":"hikvision-ds-2cd2143g2-iu","status":"publish","type":"product","link":"https:\/\/setap.az\/?product=hikvision-ds-2cd2143g2-iu","title":{"rendered":"Hikvision DS-2CD2143G2-IU 4MP IP kamera"},"content":{"rendered":"<p>\ud83d\udca5Hikvision DS-2CD2143G2-IU\ud83d\udca5<br \/>\n\u2714 4 meqapiksel (MP) \u00e7\u00f6z\u00fcn\u00fcrl\u00fckd\u0259 y\u00fcks\u0259k keyfiyy\u0259tli g\u00f6r\u00fcnt\u00fc t\u0259min ed\u0259n v\u0259 h\u0259m daxili, h\u0259m d\u0259 xarici istifad\u0259 \u00fc\u00e7\u00fcn n\u0259z\u0259rd\u0259 tutulmu\u015f sabit dome tipli IP m\u00fc\u015fahid\u0259 kameras\u0131.<br \/>\n\u2714 Y\u00fcks\u0259k keyfiyy\u0259tli g\u00f6r\u00fcnt\u00fc: 2688 x 1520 piksel \u00e7\u00f6z\u00fcn\u00fcrl\u00fckd\u0259 ayd\u0131n v\u0259 detall\u0131 t\u0259svirl\u0259r t\u0259qdim edir.<br \/>\n\u2714 D\u0259rin \u00f6yr\u0259nm\u0259 alqoritml\u0259ri il\u0259 insan v\u0259 n\u0259qliyyat vasit\u0259l\u0259rini tan\u0131yaraq yanl\u0131\u015f h\u0259y\u0259can siqnallar\u0131n\u0131 azald\u0131r v\u0259 t\u0259hl\u00fck\u0259sizlik t\u0259dbirl\u0259rini optimalla\u015fd\u0131r\u0131r.<br \/>\n\u2714 Gec\u0259 g\u00f6r\u00fcnt\u00fcs\u00fc: IR LED-l\u0259r vasit\u0259sil\u0259 30 metr\u0259 q\u0259d\u0259r m\u0259saf\u0259d\u0259 gec\u0259 g\u00f6r\u00fcnt\u00fcs\u00fc t\u0259min edir.<br \/>\n\u2714 Daxili mikrofon: Real vaxtda s\u0259sli qeydiyyat imkan\u0131 verir.<br \/>\n\u2714 M\u00fchafiz\u0259 s\u0259viyy\u0259si: IP67 v\u0259 IK10 standartlar\u0131na uy\u011fun olaraq suya, toza v\u0259 vandalizm\u0259 qar\u015f\u0131 davaml\u0131d\u0131r, bu da onu h\u0259m daxili, h\u0259m d\u0259 xarici m\u00fchitl\u0259rd\u0259 istifad\u0259y\u0259 yararl\u0131 edir<\/p>\n","protected":false},"excerpt":{"rendered":"<p>\ud83d\udca5Hikvision DS-2CD2143G2-IU\ud83d\udca5 \u2714 4 meqapiksel (MP) \u00e7\u00f6z\u00fcn\u00fcrl\u00fckd\u0259 y\u00fcks\u0259k keyfiyy\u0259tli g\u00f6r\u00fcnt\u00fc t\u0259min ed\u0259n v\u0259 h\u0259m daxili, h\u0259m d\u0259 xarici istifad\u0259 \u00fc\u00e7\u00fcn n\u0259z\u0259rd\u0259 tutulmu\u015f sabit dome tipli IP m\u00fc\u015fahid\u0259 kameras\u0131. \u2714 Y\u00fcks\u0259k keyfiyy\u0259tli g\u00f6r\u00fcnt\u00fc: 2688 x 1520 piksel \u00e7\u00f6z\u00fcn\u00fcrl\u00fckd\u0259 ayd\u0131n v\u0259 detall\u0131 t\u0259svirl\u0259r t\u0259qdim edir. \u2714 D\u0259rin \u00f6yr\u0259nm\u0259 alqoritml\u0259ri il\u0259 insan v\u0259 n\u0259qliyyat vasit\u0259l\u0259rini tan\u0131yaraq yanl\u0131\u015f h\u0259y\u0259can&hellip;<\/p>\n","protected":false},"featured_media":19351,"comment_status":"open","ping_status":"closed","template":"","meta":[],"product_cat":[4016,2849],"product_tag":[3382,3132,2941,3379,2942,3380,3385,3381,3383,2937,3260,2939,2934,3718,3378,3135,3142,3071,3384],"class_list":{"0":"post-19350","1":"product","2":"type-product","3":"status-publish","4":"has-post-thumbnail","6":"product_cat-hikvision","7":"product_cat-videokameralar","8":"product_tag-camerainstallation","9":"product_tag-cctv","10":"product_tag-hikvision","11":"product_tag-hikvisioncamera","12":"product_tag-hikvisioncctv","13":"product_tag-hikvisionsecurity","14":"product_tag-hikvisionsolutions","15":"product_tag-hikvisionsystem","16":"product_tag-hikvisiontechnology","17":"product_tag-homesecurity","18":"product_tag-ipcamera","19":"product_tag-securitycamera","20":"product_tag-smartsecurity","21":"product_tag-sumqayithikvisionmusahidkamerasi","22":"product_tag-sumqayithikvision","23":"product_tag-surveillance","24":"product_tag-thluksizlik","25":"product_tag-thluksizlikkameralari","26":"product_tag-videosurveillance","27":"description-off","29":"first","30":"instock","31":"shipping-taxable","32":"purchasable","33":"product-type-simple"},"_links":{"self":[{"href":"https:\/\/setap.az\/index.php?rest_route=\/wp\/v2\/product\/19350","targetHints":{"allow":["GET"]}}],"collection":[{"href":"https:\/\/setap.az\/index.php?rest_route=\/wp\/v2\/product"}],"about":[{"href":"https:\/\/setap.az\/index.php?rest_route=\/wp\/v2\/types\/product"}],"replies":[{"embeddable":true,"href":"https:\/\/setap.az\/index.php?rest_route=%2Fwp%2Fv2%2Fcomments&post=19350"}],"wp:featuredmedia":[{"embeddable":true,"href":"https:\/\/setap.az\/index.php?rest_route=\/wp\/v2\/media\/19351"}],"wp:attachment":[{"href":"https:\/\/setap.az\/index.php?rest_route=%2Fwp%2Fv2%2Fmedia&parent=19350"}],"wp:term":[{"taxonomy":"product_cat","embeddable":true,"href":"https:\/\/setap.az\/index.php?rest_route=%2Fwp%2Fv2%2Fproduct_cat&post=19350"},{"taxonomy":"product_tag","embeddable":true,"href":"https:\/\/setap.az\/index.php?rest_route=%2Fwp%2Fv2%2Fproduct_tag&post=19350"}],"curies":[{"name":"wp","href":"https:\/\/api.w.org\/{rel}","templated":true}]}}