{"id":19352,"date":"2025-05-23T10:13:38","date_gmt":"2025-05-23T06:13:38","guid":{"rendered":"https:\/\/setap.az\/?post_type=product&#038;p=19352"},"modified":"2025-06-27T11:30:38","modified_gmt":"2025-06-27T07:30:38","slug":"hikvision-ds-2cd2443g0-iw","status":"publish","type":"product","link":"https:\/\/setap.az\/?product=hikvision-ds-2cd2443g0-iw","title":{"rendered":"Hikvision DS-2CD2443G0-IW"},"content":{"rendered":"<p>\ud83d\udca5 Hikvision DS-2CD2443G0-IW \ud83d\udca5<\/p>\n<p>\u2714 4 meqapiksel (MP) \u00e7\u00f6z\u00fcn\u00fcrl\u00fckd\u0259 y\u00fcks\u0259k keyfiyy\u0259tli g\u00f6r\u00fcnt\u00fc t\u0259min ed\u0259n v\u0259 daxili istifad\u0259 \u00fc\u00e7\u00fcn n\u0259z\u0259rd\u0259 tutulmu\u015f kub tipli IP m\u00fc\u015fahid\u0259 kameras\u0131d\u0131r.<br \/>\n\u2714 Y\u00fcks\u0259k keyfiyy\u0259tli g\u00f6r\u00fcnt\u00fc: 2688 x 1520 piksel \u00e7\u00f6z\u00fcn\u00fcrl\u00fckd\u0259 ayd\u0131n v\u0259 detall\u0131 t\u0259svirl\u0259r t\u0259qdim edir.<br \/>\n\u2714 \u0130ki t\u0259r\u0259fli s\u0259s: Daxili mikrofon v\u0259 dinamik vasit\u0259sil\u0259 real vaxtda iki t\u0259r\u0259fli s\u0259sli \u00fcnsiyy\u0259t imkan\u0131 verir.<br \/>\n\u2714 Wi-Fi d\u0259st\u0259yi: Simsiz \u0259laq\u0259 imkan\u0131 il\u0259 qura\u015fd\u0131rma v\u0259 istifad\u0259 rahatl\u0131\u011f\u0131 t\u0259min edir.<br \/>\n\u2714 Passiv infraq\u0131rm\u0131z\u0131 (PIR) sensoru il\u0259 h\u0259r\u0259k\u0259t a\u015fkarlanmas\u0131n\u0131 d\u0259st\u0259kl\u0259yir.<br \/>\n\u2714 Fokus m\u0259saf\u0259si: 2.8mm<br \/>\n\u2714 IR: 10m<br \/>\n\u2714 Daxili yadda\u015f yuvas\u0131: MicroSD kart yuvas\u0131 il\u0259 lokal yadda\u015f imkan\u0131 t\u0259qdim edir. 128GB<br \/>\n\u2714 Bu kamera, ev v\u0259 ofis kimi daxili m\u0259kanlar\u0131n m\u00fc\u015fahid\u0259si \u00fc\u00e7\u00fcn ideal se\u00e7imdir v\u0259 inki\u015faf etmi\u015f x\u00fcsusiyy\u0259tl\u0259ri il\u0259 effektiv t\u0259hl\u00fck\u0259sizlik t\u0259min edir<\/p>\n","protected":false},"excerpt":{"rendered":"<p>\ud83d\udca5 Hikvision DS-2CD2443G0-IW \ud83d\udca5 \u2714 4 meqapiksel (MP) \u00e7\u00f6z\u00fcn\u00fcrl\u00fckd\u0259 y\u00fcks\u0259k keyfiyy\u0259tli g\u00f6r\u00fcnt\u00fc t\u0259min ed\u0259n v\u0259 daxili istifad\u0259 \u00fc\u00e7\u00fcn n\u0259z\u0259rd\u0259 tutulmu\u015f kub tipli IP m\u00fc\u015fahid\u0259 kameras\u0131d\u0131r. \u2714 Y\u00fcks\u0259k keyfiyy\u0259tli g\u00f6r\u00fcnt\u00fc: 2688 x 1520 piksel \u00e7\u00f6z\u00fcn\u00fcrl\u00fckd\u0259 ayd\u0131n v\u0259 detall\u0131 t\u0259svirl\u0259r t\u0259qdim edir. \u2714 \u0130ki t\u0259r\u0259fli s\u0259s: Daxili mikrofon v\u0259 dinamik vasit\u0259sil\u0259 real vaxtda iki t\u0259r\u0259fli s\u0259sli \u00fcnsiyy\u0259t&hellip;<\/p>\n","protected":false},"featured_media":19353,"comment_status":"open","ping_status":"closed","template":"","meta":[],"product_cat":[4016,2849,2862],"product_tag":[3382,3132,2941,3379,2942,3380,3385,3381,3383,2937,3260,2939,2934,3718,3378,3135,3142,3071,3384],"class_list":{"0":"post-19352","1":"product","2":"type-product","3":"status-publish","4":"has-post-thumbnail","6":"product_cat-hikvision","7":"product_cat-videokameralar","8":"product_cat-wifi-kameralar","9":"product_tag-camerainstallation","10":"product_tag-cctv","11":"product_tag-hikvision","12":"product_tag-hikvisioncamera","13":"product_tag-hikvisioncctv","14":"product_tag-hikvisionsecurity","15":"product_tag-hikvisionsolutions","16":"product_tag-hikvisionsystem","17":"product_tag-hikvisiontechnology","18":"product_tag-homesecurity","19":"product_tag-ipcamera","20":"product_tag-securitycamera","21":"product_tag-smartsecurity","22":"product_tag-sumqayithikvisionmusahidkamerasi","23":"product_tag-sumqayithikvision","24":"product_tag-surveillance","25":"product_tag-thluksizlik","26":"product_tag-thluksizlikkameralari","27":"product_tag-videosurveillance","28":"description-off","30":"first","31":"instock","32":"shipping-taxable","33":"purchasable","34":"product-type-simple"},"_links":{"self":[{"href":"https:\/\/setap.az\/index.php?rest_route=\/wp\/v2\/product\/19352","targetHints":{"allow":["GET"]}}],"collection":[{"href":"https:\/\/setap.az\/index.php?rest_route=\/wp\/v2\/product"}],"about":[{"href":"https:\/\/setap.az\/index.php?rest_route=\/wp\/v2\/types\/product"}],"replies":[{"embeddable":true,"href":"https:\/\/setap.az\/index.php?rest_route=%2Fwp%2Fv2%2Fcomments&post=19352"}],"wp:featuredmedia":[{"embeddable":true,"href":"https:\/\/setap.az\/index.php?rest_route=\/wp\/v2\/media\/19353"}],"wp:attachment":[{"href":"https:\/\/setap.az\/index.php?rest_route=%2Fwp%2Fv2%2Fmedia&parent=19352"}],"wp:term":[{"taxonomy":"product_cat","embeddable":true,"href":"https:\/\/setap.az\/index.php?rest_route=%2Fwp%2Fv2%2Fproduct_cat&post=19352"},{"taxonomy":"product_tag","embeddable":true,"href":"https:\/\/setap.az\/index.php?rest_route=%2Fwp%2Fv2%2Fproduct_tag&post=19352"}],"curies":[{"name":"wp","href":"https:\/\/api.w.org\/{rel}","templated":true}]}}