{"id":19358,"date":"2025-05-23T10:28:03","date_gmt":"2025-05-23T06:28:03","guid":{"rendered":"https:\/\/setap.az\/?post_type=product&#038;p=19358"},"modified":"2026-01-09T11:42:49","modified_gmt":"2026-01-09T07:42:49","slug":"hikvision-ds-2cd2t47g2-lsu-sl","status":"publish","type":"product","link":"https:\/\/setap.az\/?product=hikvision-ds-2cd2t47g2-lsu-sl","title":{"rendered":"Hikvision  DS-2CD2T47G2-LSU\/SL 4MP IP kamera"},"content":{"rendered":"<p>DS-2CD2T47G2-LSU\/SL 4MP IP kamera<br \/>\n\u2714 Matris n\u00f6v\u00fc v\u0259 \u00f6l\u00e7\u00fcsu: 1\/1.8\u2033 Progressive Scan CMOS<br \/>\n\u2714 Korpus tipi G\u00fcll\u0259<br \/>\n\u2714 Video m\u00fc\u015fahid\u0259 keyfiyy\u0259ti: 2688 \u00d7 1520<br \/>\n\u2714 \u00c7\u0259kli\u015f keyfiyy\u0259ti: 4 MP<br \/>\n\u2714 Fokus m\u0259saf\u0259si v\u0259 \u00e7\u0259kli\u015f buca\u011f\u0131 4 mm \/ 95.2\u00b0<br \/>\n\u2714 Gec\u0259 g\u00f6r\u00fcnt\u00fcs\u00fc: LED \u2014 i\u015f\u0131qland\u0131rma<br \/>\n\u2714 Gec\u0259 g\u00f6r\u00fcnt\u00fc m\u0259saf\u0259si: 30 metr\u0259 d\u0259k<br \/>\n\u2714 H\u0259r\u0259k\u0259t a\u015fkarlama: M\u00f6vcuddur<br \/>\n\u2714 Su v\u0259 tozdan qorunma standart\u0131 IP67<br \/>\n\u2714 Daxili dinamik: M\u00f6vcuddur<br \/>\n\u2714 Daxili mikrofon: M\u00f6vcuddur<br \/>\n\u2714 MicroSD yadda\u015f kart\u0131 yuvas\u0131: 512 GB<br \/>\n\u2714 G\u00f6r\u00fcnt\u00fc keyfiyy\u0259tinin y\u00fcks\u0259dilm\u0259 texnologiyas\u0131: BLC. HLC. 3D DNR<br \/>\n\u2714 G\u00fcc istehlak\u0131: 12V \/ 8W<br \/>\n\u2714 Minimal v\u0259 maksimal is\u00e7i temperatur -30\u00b0C \/ +60 \u00b0C<\/p>\n","protected":false},"excerpt":{"rendered":"<p>DS-2CD2T47G2-LSU\/SL 4MP IP kamera \u2714 Matris n\u00f6v\u00fc v\u0259 \u00f6l\u00e7\u00fcsu: 1\/1.8\u2033 Progressive Scan CMOS \u2714 Korpus tipi G\u00fcll\u0259 \u2714 Video m\u00fc\u015fahid\u0259 keyfiyy\u0259ti: 2688 \u00d7 1520 \u2714 \u00c7\u0259kli\u015f keyfiyy\u0259ti: 4 MP \u2714 Fokus m\u0259saf\u0259si v\u0259 \u00e7\u0259kli\u015f buca\u011f\u0131 4 mm \/ 95.2\u00b0 \u2714 Gec\u0259 g\u00f6r\u00fcnt\u00fcs\u00fc: LED \u2014 i\u015f\u0131qland\u0131rma \u2714 Gec\u0259 g\u00f6r\u00fcnt\u00fc m\u0259saf\u0259si: 30 metr\u0259 d\u0259k \u2714 H\u0259r\u0259k\u0259t a\u015fkarlama:&hellip;<\/p>\n","protected":false},"featured_media":19359,"comment_status":"open","ping_status":"closed","template":"","meta":[],"product_cat":[4016,2849],"product_tag":[3382,3132,2941,3379,2942,3380,3385,3381,3383,2937,3260,2939,2934,3718,3378,3135,3142,3071,3384],"class_list":{"0":"post-19358","1":"product","2":"type-product","3":"status-publish","4":"has-post-thumbnail","6":"product_cat-hikvision","7":"product_cat-videokameralar","8":"product_tag-camerainstallation","9":"product_tag-cctv","10":"product_tag-hikvision","11":"product_tag-hikvisioncamera","12":"product_tag-hikvisioncctv","13":"product_tag-hikvisionsecurity","14":"product_tag-hikvisionsolutions","15":"product_tag-hikvisionsystem","16":"product_tag-hikvisiontechnology","17":"product_tag-homesecurity","18":"product_tag-ipcamera","19":"product_tag-securitycamera","20":"product_tag-smartsecurity","21":"product_tag-sumqayithikvisionmusahidkamerasi","22":"product_tag-sumqayithikvision","23":"product_tag-surveillance","24":"product_tag-thluksizlik","25":"product_tag-thluksizlikkameralari","26":"product_tag-videosurveillance","27":"description-off","29":"first","30":"instock","31":"shipping-taxable","32":"purchasable","33":"product-type-simple"},"_links":{"self":[{"href":"https:\/\/setap.az\/index.php?rest_route=\/wp\/v2\/product\/19358","targetHints":{"allow":["GET"]}}],"collection":[{"href":"https:\/\/setap.az\/index.php?rest_route=\/wp\/v2\/product"}],"about":[{"href":"https:\/\/setap.az\/index.php?rest_route=\/wp\/v2\/types\/product"}],"replies":[{"embeddable":true,"href":"https:\/\/setap.az\/index.php?rest_route=%2Fwp%2Fv2%2Fcomments&post=19358"}],"wp:featuredmedia":[{"embeddable":true,"href":"https:\/\/setap.az\/index.php?rest_route=\/wp\/v2\/media\/19359"}],"wp:attachment":[{"href":"https:\/\/setap.az\/index.php?rest_route=%2Fwp%2Fv2%2Fmedia&parent=19358"}],"wp:term":[{"taxonomy":"product_cat","embeddable":true,"href":"https:\/\/setap.az\/index.php?rest_route=%2Fwp%2Fv2%2Fproduct_cat&post=19358"},{"taxonomy":"product_tag","embeddable":true,"href":"https:\/\/setap.az\/index.php?rest_route=%2Fwp%2Fv2%2Fproduct_tag&post=19358"}],"curies":[{"name":"wp","href":"https:\/\/api.w.org\/{rel}","templated":true}]}}