{"id":19374,"date":"2025-05-23T12:01:01","date_gmt":"2025-05-23T08:01:01","guid":{"rendered":"https:\/\/setap.az\/?post_type=product&#038;p=19374"},"modified":"2026-01-08T16:48:45","modified_gmt":"2026-01-08T12:48:45","slug":"hikvision-ds-2cd2043g2-i","status":"publish","type":"product","link":"https:\/\/setap.az\/?product=hikvision-ds-2cd2043g2-i","title":{"rendered":"Hikvision DS-2CD2043G2-I 4 MP IP kamera"},"content":{"rendered":"<p> Hikvision DS-2CD2043G2-I 4 MP IP kamera<br \/>\nBu model sabit lenslidir v\u0259 m\u00fcxt\u0259lif fokus variantlar\u0131 olur (ad\u0259t\u0259n 2.8 mm \/ 4 mm \/ 6 mm):<br \/>\n\u27142.8 mm: ~103\u00b0 \u00fcf\u00fcqi bax\u0131\u015f<br \/>\n\u27144 mm: ~84\u00b0 \u00fcf\u00fcqi bax\u0131\u015f<br \/>\n\u27146 mm: ~52\u00b0 \u00fcf\u00fcqi bax\u0131\u015f<br \/>\n\u27144 MP \u00e7\u00f6z\u00fcn\u00fcrl\u00fck (2560 \u00d7 1440) il\u0259 ayd\u0131n v\u0259 d\u0259qiq g\u00f6r\u00fcnt\u00fc t\u0259qdim edir.<br \/>\n\u2714Sabit 2.8 mm obyektiv il\u0259 geni\u015f a\u00e7\u0131l\u0131 g\u00f6r\u00fcnt\u00fc t\u0259min edir, geni\u015f sah\u0259l\u0259rin izl\u0259nm\u0259si \u00fc\u00e7\u00fcn ideald\u0131r.<br \/>\n\u2714IR gec\u0259 g\u00f6r\u00fc\u015f\u00fc il\u0259 30 metr m\u0259saf\u0259y\u0259 q\u0259d\u0259r ayd\u0131n g\u00f6r\u00fcnt\u00fc t\u0259min edir, z\u0259if i\u015f\u0131q v\u0259 ya tam qaranl\u0131qda da i\u015fl\u0259yir.<br \/>\n\u2714AcuSense texnologiyas\u0131 say\u0259sind\u0259 insan v\u0259 n\u0259qliyyat vasit\u0259l\u0259rinin y\u00fcks\u0259k d\u0259qiqlikl\u0259 a\u015fkar edilm\u0259si v\u0259 izl\u0259nm\u0259si m\u00fcmk\u00fcnd\u00fcr.<br \/>\n\u2714256 GB-a q\u0259d\u0259r microSD kart yuvas\u0131 il\u0259 yerli yadda\u015fda video saxlanmas\u0131 m\u00fcmk\u00fcnd\u00fcr.<br \/>\n\u2714IP67 qoruma d\u0259r\u0259c\u0259si il\u0259 suya v\u0259 toza qar\u015f\u0131 y\u00fcks\u0259k m\u00fcqavim\u0259t g\u00f6st\u0259rir, h\u0259m daxili, h\u0259m d\u0259 a\u00e7\u0131q hava \u015f\u0259raitind\u0259 istifad\u0259 \u00fc\u00e7\u00fcn uy\u011fundur.<br \/>\n\u2714120 dB WDR il\u0259 y\u00fcks\u0259k kontrastl\u0131 i\u015f\u0131q \u015f\u0259raitind\u0259 bel\u0259 yax\u015f\u0131 g\u00f6r\u00fcnt\u00fc keyfiyy\u0259ti t\u0259qdim edir.<\/p>\n","protected":false},"excerpt":{"rendered":"<p>Hikvision DS-2CD2043G2-I 4 MP IP kamera Bu model sabit lenslidir v\u0259 m\u00fcxt\u0259lif fokus variantlar\u0131 olur (ad\u0259t\u0259n 2.8 mm \/ 4 mm \/ 6 mm): \u27142.8 mm: ~103\u00b0 \u00fcf\u00fcqi bax\u0131\u015f \u27144 mm: ~84\u00b0 \u00fcf\u00fcqi bax\u0131\u015f \u27146 mm: ~52\u00b0 \u00fcf\u00fcqi bax\u0131\u015f \u27144 MP \u00e7\u00f6z\u00fcn\u00fcrl\u00fck (2560 \u00d7 1440) il\u0259 ayd\u0131n v\u0259 d\u0259qiq g\u00f6r\u00fcnt\u00fc t\u0259qdim edir. \u2714Sabit 2.8 mm&hellip;<\/p>\n","protected":false},"featured_media":19375,"comment_status":"open","ping_status":"closed","template":"","meta":[],"product_cat":[4016,2849],"product_tag":[3382,3132,2941,3379,2942,3380,3385,3381,3383,2937,3260,2939,2934,3718,3378,3135,3142,3071,3384],"class_list":{"0":"post-19374","1":"product","2":"type-product","3":"status-publish","4":"has-post-thumbnail","6":"product_cat-hikvision","7":"product_cat-videokameralar","8":"product_tag-camerainstallation","9":"product_tag-cctv","10":"product_tag-hikvision","11":"product_tag-hikvisioncamera","12":"product_tag-hikvisioncctv","13":"product_tag-hikvisionsecurity","14":"product_tag-hikvisionsolutions","15":"product_tag-hikvisionsystem","16":"product_tag-hikvisiontechnology","17":"product_tag-homesecurity","18":"product_tag-ipcamera","19":"product_tag-securitycamera","20":"product_tag-smartsecurity","21":"product_tag-sumqayithikvisionmusahidkamerasi","22":"product_tag-sumqayithikvision","23":"product_tag-surveillance","24":"product_tag-thluksizlik","25":"product_tag-thluksizlikkameralari","26":"product_tag-videosurveillance","27":"description-off","29":"first","30":"instock","31":"shipping-taxable","32":"purchasable","33":"product-type-simple"},"_links":{"self":[{"href":"https:\/\/setap.az\/index.php?rest_route=\/wp\/v2\/product\/19374","targetHints":{"allow":["GET"]}}],"collection":[{"href":"https:\/\/setap.az\/index.php?rest_route=\/wp\/v2\/product"}],"about":[{"href":"https:\/\/setap.az\/index.php?rest_route=\/wp\/v2\/types\/product"}],"replies":[{"embeddable":true,"href":"https:\/\/setap.az\/index.php?rest_route=%2Fwp%2Fv2%2Fcomments&post=19374"}],"wp:featuredmedia":[{"embeddable":true,"href":"https:\/\/setap.az\/index.php?rest_route=\/wp\/v2\/media\/19375"}],"wp:attachment":[{"href":"https:\/\/setap.az\/index.php?rest_route=%2Fwp%2Fv2%2Fmedia&parent=19374"}],"wp:term":[{"taxonomy":"product_cat","embeddable":true,"href":"https:\/\/setap.az\/index.php?rest_route=%2Fwp%2Fv2%2Fproduct_cat&post=19374"},{"taxonomy":"product_tag","embeddable":true,"href":"https:\/\/setap.az\/index.php?rest_route=%2Fwp%2Fv2%2Fproduct_tag&post=19374"}],"curies":[{"name":"wp","href":"https:\/\/api.w.org\/{rel}","templated":true}]}}