{"id":19382,"date":"2025-05-23T12:22:19","date_gmt":"2025-05-23T08:22:19","guid":{"rendered":"https:\/\/setap.az\/?post_type=product&#038;p=19382"},"modified":"2026-01-08T16:35:43","modified_gmt":"2026-01-08T12:35:43","slug":"ds-2cd2t45g0p-i-hikvision-musahid%c9%99-kamerasi","status":"publish","type":"product","link":"https:\/\/setap.az\/?product=ds-2cd2t45g0p-i-hikvision-musahid%c9%99-kamerasi","title":{"rendered":"DS-2CD2T45G0P-I  4MP IP  Hikvision m\u00fc\u015fahid\u0259 kameras\u0131"},"content":{"rendered":"<p>DS-2CD2T45G0P-I  4MP IP  Hikvision m\u00fc\u015fahid\u0259 kameras\u0131<br \/>\n\u2714 G\u00f6r\u00fcnt\u00fc keyfiyy\u0259ti: 4 MP \u00e7\u00f6z\u00fcn\u00fcrl\u00fckd\u0259 y\u00fcks\u0259k keyfiyy\u0259tli t\u0259svirl\u0259r t\u0259qdim edir.<br \/>\n\u2714 Bax\u0131\u015f buca\u011f\u0131: 1.68 mm obyektiv il\u0259 180\u00b0 \u00fcf\u00fcqi, 101\u00b0 \u015faquli v\u0259 180\u00b0 diaqonal bax\u0131\u015f bucaqlar\u0131 t\u0259min edir.<br \/>\n\u2714 Geni\u015f dinamik diapazon (WDR): 120 dB WDR texnologiyas\u0131 say\u0259sind\u0259 g\u00fccl\u00fc arxa i\u015f\u0131q \u015f\u0259raitind\u0259 bel\u0259 ayd\u0131n t\u0259svirl\u0259r \u0259ld\u0259 edir.<br \/>\n\u2714 SD Kart Yuvas\u0131: 256GB-d\u0259k<br \/>\n\u2714 Gec\u0259 g\u00f6r\u00fcnt\u00fcs\u00fc: 20 metr\u0259 q\u0259d\u0259r infraq\u0131rm\u0131z\u0131 (IR) i\u015f\u0131qland\u0131rma il\u0259 qaranl\u0131qda da m\u00fc\u015fahid\u0259 imkan\u0131 verir.<br \/>\n\u2714 M\u00fchafiz\u0259 s\u0259viyy\u0259si: IP67 standart\u0131na uy\u011fun olaraq suya v\u0259 toza qar\u015f\u0131 davaml\u0131d\u0131r, bu da onu h\u0259m daxili, h\u0259m d\u0259 xarici m\u00fchitl\u0259rd\u0259 istifad\u0259y\u0259 yararl\u0131 edir.<br \/>\n\u2714 S\u0131x\u0131lma formatlar\u0131: H.265+, H.265, H.264+ v\u0259 H.264 formatlar\u0131n\u0131 d\u0259st\u0259kl\u0259yir.<br \/>\n\u2714 G\u00f6r\u00fcnt\u00fc t\u0259kmill\u0259\u015fdirm\u0259 texnologiyalar\u0131: BLC (Arxa i\u015f\u0131q kompensasiyas\u0131), HLC (Y\u00fcks\u0259k i\u015f\u0131q kompensasiyas\u0131) v\u0259 3D DNR (R\u0259q\u0259msal s\u0259s-k\u00fcy azald\u0131lmas\u0131) kimi funksiyalar\u0131 m\u00f6vcuddur.<br \/>\n\u2714 Bu kamera, geni\u015f \u0259razil\u0259rin m\u00fc\u015fahid\u0259si \u00fc\u00e7\u00fcn ideal se\u00e7imdir v\u0259 y\u00fcks\u0259k keyfiyy\u0259tli g\u00f6r\u00fcnt\u00fc il\u0259 effektiv t\u0259hl\u00fck\u0259sizlik t\u0259min edir.<\/p>\n","protected":false},"excerpt":{"rendered":"<p>DS-2CD2T45G0P-I 4MP IP Hikvision m\u00fc\u015fahid\u0259 kameras\u0131 \u2714 G\u00f6r\u00fcnt\u00fc keyfiyy\u0259ti: 4 MP \u00e7\u00f6z\u00fcn\u00fcrl\u00fckd\u0259 y\u00fcks\u0259k keyfiyy\u0259tli t\u0259svirl\u0259r t\u0259qdim edir. \u2714 Bax\u0131\u015f buca\u011f\u0131: 1.68 mm obyektiv il\u0259 180\u00b0 \u00fcf\u00fcqi, 101\u00b0 \u015faquli v\u0259 180\u00b0 diaqonal bax\u0131\u015f bucaqlar\u0131 t\u0259min edir. \u2714 Geni\u015f dinamik diapazon (WDR): 120 dB WDR texnologiyas\u0131 say\u0259sind\u0259 g\u00fccl\u00fc arxa i\u015f\u0131q \u015f\u0259raitind\u0259 bel\u0259 ayd\u0131n t\u0259svirl\u0259r \u0259ld\u0259 edir. \u2714&hellip;<\/p>\n","protected":false},"featured_media":19383,"comment_status":"open","ping_status":"closed","template":"","meta":[],"product_cat":[4016,2849],"product_tag":[3382,3132,2941,3379,2942,3380,3385,3381,3383,2937,3260,2939,2934,3718,3378,3135,3142,3071,3384],"class_list":{"0":"post-19382","1":"product","2":"type-product","3":"status-publish","4":"has-post-thumbnail","6":"product_cat-hikvision","7":"product_cat-videokameralar","8":"product_tag-camerainstallation","9":"product_tag-cctv","10":"product_tag-hikvision","11":"product_tag-hikvisioncamera","12":"product_tag-hikvisioncctv","13":"product_tag-hikvisionsecurity","14":"product_tag-hikvisionsolutions","15":"product_tag-hikvisionsystem","16":"product_tag-hikvisiontechnology","17":"product_tag-homesecurity","18":"product_tag-ipcamera","19":"product_tag-securitycamera","20":"product_tag-smartsecurity","21":"product_tag-sumqayithikvisionmusahidkamerasi","22":"product_tag-sumqayithikvision","23":"product_tag-surveillance","24":"product_tag-thluksizlik","25":"product_tag-thluksizlikkameralari","26":"product_tag-videosurveillance","27":"description-off","29":"first","30":"instock","31":"shipping-taxable","32":"purchasable","33":"product-type-simple"},"_links":{"self":[{"href":"https:\/\/setap.az\/index.php?rest_route=\/wp\/v2\/product\/19382","targetHints":{"allow":["GET"]}}],"collection":[{"href":"https:\/\/setap.az\/index.php?rest_route=\/wp\/v2\/product"}],"about":[{"href":"https:\/\/setap.az\/index.php?rest_route=\/wp\/v2\/types\/product"}],"replies":[{"embeddable":true,"href":"https:\/\/setap.az\/index.php?rest_route=%2Fwp%2Fv2%2Fcomments&post=19382"}],"wp:featuredmedia":[{"embeddable":true,"href":"https:\/\/setap.az\/index.php?rest_route=\/wp\/v2\/media\/19383"}],"wp:attachment":[{"href":"https:\/\/setap.az\/index.php?rest_route=%2Fwp%2Fv2%2Fmedia&parent=19382"}],"wp:term":[{"taxonomy":"product_cat","embeddable":true,"href":"https:\/\/setap.az\/index.php?rest_route=%2Fwp%2Fv2%2Fproduct_cat&post=19382"},{"taxonomy":"product_tag","embeddable":true,"href":"https:\/\/setap.az\/index.php?rest_route=%2Fwp%2Fv2%2Fproduct_tag&post=19382"}],"curies":[{"name":"wp","href":"https:\/\/api.w.org\/{rel}","templated":true}]}}