{"id":19414,"date":"2025-05-24T14:51:53","date_gmt":"2025-05-24T10:51:53","guid":{"rendered":"https:\/\/setap.az\/?post_type=product&#038;p=19414"},"modified":"2025-06-30T16:00:53","modified_gmt":"2025-06-30T12:00:53","slug":"hikvision-ds-kis205t-grey-video-domofon","status":"publish","type":"product","link":"https:\/\/setap.az\/?product=hikvision-ds-kis205t-grey-video-domofon","title":{"rendered":"Hikvision DS-KIS205T (Grey) video domofon"},"content":{"rendered":"<p>\ud83d\udca5Eviniz\u0259 kim g\u0259lib? Sad\u0259c\u0259 bir toxunu\u015fla g\u00f6r\u00fcn!<br \/>\nHikvision DS-KIS205T (Grey) \u2014 ev v\u0259 villalar \u00fc\u00e7\u00fcn n\u0259z\u0259rd\u0259 tutulmu\u015f, istifad\u0259si asan v\u0259 etibarl\u0131 bir analoq video domofon d\u0259stidir. Bu sistem, h\u0259m g\u00fcnd\u00fcz, h\u0259m d\u0259 gec\u0259 \u015f\u0259raitind\u0259 y\u00fcks\u0259k keyfiyy\u0259tli g\u00f6r\u00fcnt\u00fc v\u0259 s\u0259sli \u0259laq\u0259 t\u0259min edir.<br \/>\nKamera: 2 MP Full HD (1920\u00d71080 @ 25 fps)<br \/>\nGec\u0259 G\u00f6r\u00fc\u015f\u00fc: IR (infraq\u0131rm\u0131z\u0131) texnologiyas\u0131 il\u0259 gec\u0259 g\u00f6r\u00fcnt\u00fcs\u00fc<br \/>\nEkran: 7 d\u00fcyml\u00fck r\u0259ngli TFT LCD (800\u00d7480 piksel)<br \/>\nS\u0259s \u018flaq\u0259si: \u0130ki t\u0259r\u0259fli s\u0259sli \u0259laq\u0259 \u00fc\u00e7\u00fcn daxili mikrofon v\u0259 dinamik<br \/>\nYadda\u015f: 200 foto\u015f\u0259kil saxlamaq imkan\u0131<br \/>\nKorpus: Zink \u0259rintisind\u0259n haz\u0131rlanm\u0131\u015f, IK7 v\u0259 IP65 standartlar\u0131na uy\u011fun suya v\u0259 toza davaml\u0131 korpus<br \/>\n\u018fm\u0259liyyat Temperaturu: -10\u00b0C-d\u0259n +55\u00b0C-y\u0259 q\u0259d\u0259r<br \/>\nEnerji T\u0259chizat\u0131: 12V DC<br \/>\n\u018flav\u0259 Funksiyalar: Parlaql\u0131q, kontrast, s\u0259s s\u0259viyy\u0259si v\u0259 z\u0259ng tonunun t\u0259nziml\u0259nm\u0259si<br \/>\n\ud83d\udcde \u018ftrafl\u0131 m\u0259lumat \u00fc\u00e7\u00fcn biz\u0259 z\u0259ng edin!<\/p>\n","protected":false},"excerpt":{"rendered":"<p>\ud83d\udca5Eviniz\u0259 kim g\u0259lib? Sad\u0259c\u0259 bir toxunu\u015fla g\u00f6r\u00fcn! Hikvision DS-KIS205T (Grey) \u2014 ev v\u0259 villalar \u00fc\u00e7\u00fcn n\u0259z\u0259rd\u0259 tutulmu\u015f, istifad\u0259si asan v\u0259 etibarl\u0131 bir analoq video domofon d\u0259stidir. Bu sistem, h\u0259m g\u00fcnd\u00fcz, h\u0259m d\u0259 gec\u0259 \u015f\u0259raitind\u0259 y\u00fcks\u0259k keyfiyy\u0259tli g\u00f6r\u00fcnt\u00fc v\u0259 s\u0259sli \u0259laq\u0259 t\u0259min edir. Kamera: 2 MP Full HD (1920\u00d71080 @ 25 fps) Gec\u0259 G\u00f6r\u00fc\u015f\u00fc: IR (infraq\u0131rm\u0131z\u0131)&hellip;<\/p>\n","protected":false},"featured_media":19417,"comment_status":"open","ping_status":"closed","template":"","meta":[],"product_cat":[4154],"product_tag":[3000,3770,3771,3290,3409,2941,3264,3773,3772,3483,3769,2938,3142,3768,2929],"class_list":{"0":"post-19414","1":"product","2":"type-product","3":"status-publish","4":"has-post-thumbnail","6":"product_cat-domofonlar-v-qapi-znglri","7":"product_tag-agilliev","8":"product_tag-domofonsistemi","9":"product_tag-evlrucun","10":"product_tag-evthluksizliyi","11":"product_tag-gecgoruntusu","12":"product_tag-hikvision","13":"product_tag-ikitrfliss","14":"product_tag-ip65","15":"product_tag-ofisthluksizliyi","16":"product_tag-qapikilidi","17":"product_tag-qapinzarti","18":"product_tag-smarthome","19":"product_tag-thluksizlik","20":"product_tag-videodomofon","21":"product_tag-wifikamera","22":"description-off","24":"first","25":"instock","26":"shipping-taxable","27":"purchasable","28":"product-type-simple"},"_links":{"self":[{"href":"https:\/\/setap.az\/index.php?rest_route=\/wp\/v2\/product\/19414","targetHints":{"allow":["GET"]}}],"collection":[{"href":"https:\/\/setap.az\/index.php?rest_route=\/wp\/v2\/product"}],"about":[{"href":"https:\/\/setap.az\/index.php?rest_route=\/wp\/v2\/types\/product"}],"replies":[{"embeddable":true,"href":"https:\/\/setap.az\/index.php?rest_route=%2Fwp%2Fv2%2Fcomments&post=19414"}],"wp:featuredmedia":[{"embeddable":true,"href":"https:\/\/setap.az\/index.php?rest_route=\/wp\/v2\/media\/19417"}],"wp:attachment":[{"href":"https:\/\/setap.az\/index.php?rest_route=%2Fwp%2Fv2%2Fmedia&parent=19414"}],"wp:term":[{"taxonomy":"product_cat","embeddable":true,"href":"https:\/\/setap.az\/index.php?rest_route=%2Fwp%2Fv2%2Fproduct_cat&post=19414"},{"taxonomy":"product_tag","embeddable":true,"href":"https:\/\/setap.az\/index.php?rest_route=%2Fwp%2Fv2%2Fproduct_tag&post=19414"}],"curies":[{"name":"wp","href":"https:\/\/api.w.org\/{rel}","templated":true}]}}