{"id":19512,"date":"2025-05-31T15:59:46","date_gmt":"2025-05-31T11:59:46","guid":{"rendered":"https:\/\/setap.az\/?post_type=product&#038;p=19512"},"modified":"2025-07-08T15:45:32","modified_gmt":"2025-07-08T11:45:32","slug":"noutbuk-adaptoru","status":"publish","type":"product","link":"https:\/\/setap.az\/?product=noutbuk-adaptoru","title":{"rendered":"Noutbuk adaptoru"},"content":{"rendered":"<p>M\u0259hsul tipi\tUniversal DC adapter \/ Laptop \u015farj cihaz\u0131<br \/>\nGiri\u015f g\u0259rginliyi (Input)\tAC 100\u2013240V ~ 50\/60Hz (beyn\u0259lxalq uy\u011funluq)<br \/>\n\u00c7\u0131x\u0131\u015f g\u0259rginliyi (Output)\tDC 12V \/ 15V \/ 16V \/ 18.5V \/ 19V \/ 19.5V \/ 20V (se\u00e7il\u0259 bil\u0259n)<br \/>\n\u00c7\u0131x\u0131\u015f g\u00fcc\u00fc\t65W \/ 90W \/ 120W modell\u0259rin\u0259 g\u00f6r\u0259 d\u0259yi\u015fir<br \/>\n\u00c7\u0131x\u0131\u015f c\u0259r\u0259yan\u0131\t3.42A (maksimum, \u00e7\u0131x\u0131\u015f g\u0259rginliyin\u0259 ba\u011fl\u0131 olaraq d\u0259yi\u015fir)<br \/>\nQoruma funksiyalar\u0131\tA\u015f\u0131r\u0131 y\u00fck (Overload), A\u015f\u0131r\u0131 istilik (Overheat), Q\u0131saqapanma (Short Circuit)<br \/>\nEnerji s\u0259m\u0259r\u0259liliyi\tEnergy Star v\u0259 ya 5 s\u0259viyy\u0259li enerji s\u0259m\u0259r\u0259liliyi<br \/>\n\u018flav\u0259 ba\u015fl\u0131qlar\t6-10 f\u0259rqli \u00e7\u0131x\u0131\u015f ba\u015fl\u0131\u011f\u0131 (DC tipli konnektor)<br \/>\nUy\u011funluq\tAcer, Asus, HP, Dell, Lenovo, Toshiba, Samsung v\u0259 s. noutbuk modell\u0259ri<br \/>\nMaterial v\u0259 g\u00f6vd\u0259\tYan\u011f\u0131na davaml\u0131 ABS plastik<br \/>\nKabel uzunlu\u011fu\t1.2m \u2013 1.8m<br \/>\nR\u0259ng\tQara (standart)<br \/>\n\u00c7\u0259kisi\t~250-350 qram<br \/>\nSertifikatlar\tCE, FCC, RoHS<br \/>\n\u0130stifad\u0259 sah\u0259si\tEv, ofis, s\u0259yah\u0259t<\/p>\n","protected":false},"excerpt":{"rendered":"<p>M\u0259hsul tipi Universal DC adapter \/ Laptop \u015farj cihaz\u0131 Giri\u015f g\u0259rginliyi (Input) AC 100\u2013240V ~ 50\/60Hz (beyn\u0259lxalq uy\u011funluq) \u00c7\u0131x\u0131\u015f g\u0259rginliyi (Output) DC 12V \/ 15V \/ 16V \/ 18.5V \/ 19V \/ 19.5V \/ 20V (se\u00e7il\u0259 bil\u0259n) \u00c7\u0131x\u0131\u015f g\u00fcc\u00fc 65W \/ 90W \/ 120W modell\u0259rin\u0259 g\u00f6r\u0259 d\u0259yi\u015fir \u00c7\u0131x\u0131\u015f c\u0259r\u0259yan\u0131 3.42A (maksimum, \u00e7\u0131x\u0131\u015f g\u0259rginliyin\u0259 ba\u011fl\u0131 olaraq&hellip;<\/p>\n","protected":false},"featured_media":19513,"comment_status":"open","ping_status":"closed","template":"","meta":[],"product_cat":[2842,2829,2824],"product_tag":[3173,3176,3949,3947,3948,3952,3953,3950,3885,3946,3951],"class_list":{"0":"post-19512","1":"product","2":"type-product","3":"status-publish","4":"has-post-thumbnail","6":"product_cat-adapterlr","7":"product_cat-guc-adapterlri","8":"product_cat-noutbuklar-v-aksesuarlar","9":"product_tag-dcadapter","10":"product_tag-elektronika","11":"product_tag-energystar","12":"product_tag-laptopcharger","13":"product_tag-notebookpower","14":"product_tag-noutbukadapteri","15":"product_tag-sarjcihazi","16":"product_tag-smartcharging","17":"product_tag-techaccessories","18":"product_tag-universaladapter","19":"product_tag-universalpower","20":"description-off","22":"first","23":"instock","24":"shipping-taxable","25":"purchasable","26":"product-type-simple"},"_links":{"self":[{"href":"https:\/\/setap.az\/index.php?rest_route=\/wp\/v2\/product\/19512","targetHints":{"allow":["GET"]}}],"collection":[{"href":"https:\/\/setap.az\/index.php?rest_route=\/wp\/v2\/product"}],"about":[{"href":"https:\/\/setap.az\/index.php?rest_route=\/wp\/v2\/types\/product"}],"replies":[{"embeddable":true,"href":"https:\/\/setap.az\/index.php?rest_route=%2Fwp%2Fv2%2Fcomments&post=19512"}],"wp:featuredmedia":[{"embeddable":true,"href":"https:\/\/setap.az\/index.php?rest_route=\/wp\/v2\/media\/19513"}],"wp:attachment":[{"href":"https:\/\/setap.az\/index.php?rest_route=%2Fwp%2Fv2%2Fmedia&parent=19512"}],"wp:term":[{"taxonomy":"product_cat","embeddable":true,"href":"https:\/\/setap.az\/index.php?rest_route=%2Fwp%2Fv2%2Fproduct_cat&post=19512"},{"taxonomy":"product_tag","embeddable":true,"href":"https:\/\/setap.az\/index.php?rest_route=%2Fwp%2Fv2%2Fproduct_tag&post=19512"}],"curies":[{"name":"wp","href":"https:\/\/api.w.org\/{rel}","templated":true}]}}