{"id":19521,"date":"2025-06-03T14:39:19","date_gmt":"2025-06-03T10:39:19","guid":{"rendered":"https:\/\/setap.az\/?post_type=product&#038;p=19521"},"modified":"2025-06-23T14:06:21","modified_gmt":"2025-06-23T10:06:21","slug":"klavyatura-gtx300","status":"publish","type":"product","link":"https:\/\/setap.az\/?product=klavyatura-gtx300","title":{"rendered":"Klavyatura GTX300"},"content":{"rendered":"<p> Klavyatura GTX300<br \/>\n&#8211; Ba\u011flant\u0131: USB<br \/>\n&#8211; Erqonomik arxa i\u015f\u0131ql\u0131<br \/>\n&#8211; Uy\u011fun cihazlar: Noutbuk, f\u0259rdi kompyuter<br \/>\n&#8211; Klavyatura t\u0259sviri: Oyun \u00fc\u00e7\u00fcn<br \/>\n&#8211; Klavyaturan\u0131n arxa t\u0259r\u0259find\u0259 stend var, arxa i\u015f\u0131q effekti dizayn\u0131 il\u0259 siz\u0259 f\u0259rah hissl\u0259r b\u0259x\u015f ed\u0259c\u0259k. \u00d6z ehtiyaclar\u0131n\u0131za uy\u011fun olaraq ist\u0259diyiniz h\u00fcnd\u00fcrl\u00fcy\u00fc t\u0259nziml\u0259y\u0259 bil\u0259rsiniz<\/p>\n","protected":false},"excerpt":{"rendered":"<p>Klavyatura GTX300 &#8211; Ba\u011flant\u0131: USB &#8211; Erqonomik arxa i\u015f\u0131ql\u0131 &#8211; Uy\u011fun cihazlar: Noutbuk, f\u0259rdi kompyuter &#8211; Klavyatura t\u0259sviri: Oyun \u00fc\u00e7\u00fcn &#8211; Klavyaturan\u0131n arxa t\u0259r\u0259find\u0259 stend var, arxa i\u015f\u0131q effekti dizayn\u0131 il\u0259 siz\u0259 f\u0259rah hissl\u0259r b\u0259x\u015f ed\u0259c\u0259k. \u00d6z ehtiyaclar\u0131n\u0131za uy\u011fun olaraq ist\u0259diyiniz h\u00fcnd\u00fcrl\u00fcy\u00fc t\u0259nziml\u0259y\u0259 bil\u0259rsiniz<\/p>\n","protected":false},"featured_media":19522,"comment_status":"open","ping_status":"closed","template":"","meta":[],"product_cat":[3508,2823,2824],"product_tag":[3969,3967,3020,3017,3968,3965,3023,3460,3970,3966],"class_list":{"0":"post-19521","1":"product","2":"type-product","3":"status-publish","4":"has-post-thumbnail","6":"product_cat-klavyatura-v-sicanlar","7":"product_cat-kompyuter-aksesuarlari","8":"product_cat-noutbuklar-v-aksesuarlar","9":"product_tag-arxaisiqeffekti","10":"product_tag-arxaisiqliklavyatura","11":"product_tag-erqonomikdizayn","12":"product_tag-erqonomikklavyatura","13":"product_tag-frdikompyuter","14":"product_tag-gtx300","15":"product_tag-komfortluistifad","16":"product_tag-oyunklavyaturasi","17":"product_tag-tnzimlnbilnhundurluk","18":"product_tag-usbbaglanti","19":"description-off","21":"first","22":"instock","23":"shipping-taxable","24":"purchasable","25":"product-type-simple"},"_links":{"self":[{"href":"https:\/\/setap.az\/index.php?rest_route=\/wp\/v2\/product\/19521","targetHints":{"allow":["GET"]}}],"collection":[{"href":"https:\/\/setap.az\/index.php?rest_route=\/wp\/v2\/product"}],"about":[{"href":"https:\/\/setap.az\/index.php?rest_route=\/wp\/v2\/types\/product"}],"replies":[{"embeddable":true,"href":"https:\/\/setap.az\/index.php?rest_route=%2Fwp%2Fv2%2Fcomments&post=19521"}],"wp:featuredmedia":[{"embeddable":true,"href":"https:\/\/setap.az\/index.php?rest_route=\/wp\/v2\/media\/19522"}],"wp:attachment":[{"href":"https:\/\/setap.az\/index.php?rest_route=%2Fwp%2Fv2%2Fmedia&parent=19521"}],"wp:term":[{"taxonomy":"product_cat","embeddable":true,"href":"https:\/\/setap.az\/index.php?rest_route=%2Fwp%2Fv2%2Fproduct_cat&post=19521"},{"taxonomy":"product_tag","embeddable":true,"href":"https:\/\/setap.az\/index.php?rest_route=%2Fwp%2Fv2%2Fproduct_tag&post=19521"}],"curies":[{"name":"wp","href":"https:\/\/api.w.org\/{rel}","templated":true}]}}