{"id":19525,"date":"2025-06-03T15:40:14","date_gmt":"2025-06-03T11:40:14","guid":{"rendered":"https:\/\/setap.az\/?post_type=product&#038;p=19525"},"modified":"2026-01-09T15:14:05","modified_gmt":"2026-01-09T11:14:05","slug":"hikvision-2cd1t23go","status":"publish","type":"product","link":"https:\/\/setap.az\/?product=hikvision-2cd1t23go","title":{"rendered":"Hikvision 2CD1T23GO 2MP IP kamera"},"content":{"rendered":"<p>Hikvision DS\u20112CD1T23G0 modeli IP (\u015f\u0259b\u0259k\u0259) kamerad\u0131r<br \/>\n2\u202fMP Full HD (1920\u202f\u00d7\u202f1080) q\u0259tnam\u0259 \u2014 ayd\u0131n g\u00f6r\u00fcnt\u00fc.<br \/>\n1\/2.8\u2033 Progressive Scan CMOS sensor \u2014 z\u0259if i\u015f\u0131qda da t\u0259svir yax\u015f\u0131d\u0131r.<br \/>\nSabit obyektiv: ad\u0259t\u0259n 4\u202fmm (g\u00f6r\u00fc\u015f buca\u011f\u0131 ~90\u00b0).<br \/>\nVariant olaraq 6\u202fmm d\u0259 ola bil\u0259r (daha dar bax\u0131\u015f).<br \/>\nInfraq\u0131rm\u0131z\u0131 (IR) illuminator il\u0259 gec\u0259 g\u00f6r\u00fcnt\u00fcs\u00fc.<br \/>\nIR m\u0259saf\u0259si: t\u0259xmin\u0259n 50\u202fm.<br \/>\nH.265+ \/ H.265 \/ H.264+ \/ H.264 s\u0131x\u0131lma \u2014 yadda\u015f v\u0259 \u015f\u0259b\u0259k\u0259 bant geni\u015fliyin\u0259 q\u0259na\u0259t.<br \/>\nDigital WDR (DWDR), 3D DNR, BLC g\u00f6r\u00fcnt\u00fc t\u0259kmill\u0259\u015fdirm\u0259.<br \/>\nEthernet (RJ45 10\/100\u202fMbps) \u2014 data + enerji \u00fc\u00e7\u00fcn PoE (802.3af) d\u0259st\u0259yi.<br \/>\nONVIF v\u0259 \u00fcmumi IP kameralarla uy\u011funluq.<br \/>\nTCP\/IP, RTSP, HTTP, HTTPS, DHCP, DNS, DDNS v\u0259 s. kimi protokollar d\u0259st\u0259kl\u0259nir.<br \/>\nMicroSD kart d\u0259st\u0259yi olan \u201c\u2011UF\u201d versiyalar\u0131 m\u00f6vcuddur (256\u202fGB\u2011a q\u0259d\u0259r) v\u0259 daxili mikrofon da ola bil\u0259r.<br \/>\nH\u0259r\u0259k\u0259t a\u015fkar etm\u0259, video manipulyasiya siqnallar\u0131 kimi sad\u0259 a\u011f\u0131ll\u0131 funksiyalar.<br \/>\nIP67 \u2014 su v\u0259 tozdan y\u00fcks\u0259k s\u0259viyy\u0259d\u0259 qorunma, \u00e7\u00f6l istifad\u0259 \u00fc\u00e7\u00fcn uy\u011fundur.<br \/>\n\u0130\u015fl\u0259m\u0259 temperaturu: \u201130\u202f\u00b0C \u2026 +60\u202f\u00b0C.<br \/>\n12\u202fV DC v\u0259 ya PoE 802.3af enerji d\u0259st\u0259yi.<br \/>\n\u00d6l\u00e7\u00fc: t\u0259xmin\u0259n 83.7\u202f\u00d7\u202f80.7\u202f\u00d7\u202f205.6\u202fmm; a\u011f\u0131rl\u0131q ~420\u202fg.<\/p>\n","protected":false},"excerpt":{"rendered":"<p>Hikvision DS\u20112CD1T23G0 modeli IP (\u015f\u0259b\u0259k\u0259) kamerad\u0131r 2\u202fMP Full HD (1920\u202f\u00d7\u202f1080) q\u0259tnam\u0259 \u2014 ayd\u0131n g\u00f6r\u00fcnt\u00fc. 1\/2.8\u2033 Progressive Scan CMOS sensor \u2014 z\u0259if i\u015f\u0131qda da t\u0259svir yax\u015f\u0131d\u0131r. Sabit obyektiv: ad\u0259t\u0259n 4\u202fmm (g\u00f6r\u00fc\u015f buca\u011f\u0131 ~90\u00b0). Variant olaraq 6\u202fmm d\u0259 ola bil\u0259r (daha dar bax\u0131\u015f). Infraq\u0131rm\u0131z\u0131 (IR) illuminator il\u0259 gec\u0259 g\u00f6r\u00fcnt\u00fcs\u00fc. IR m\u0259saf\u0259si: t\u0259xmin\u0259n 50\u202fm. H.265+ \/ H.265 \/&hellip;<\/p>\n","protected":false},"featured_media":19526,"comment_status":"open","ping_status":"closed","template":"","meta":[],"product_cat":[4016,2803,5271],"product_tag":[3382,3132,2941,3379,2942,3380,3385,3381,3383,2937,3260,2939,2934,3718,3378,3135,3142,3071,3384],"class_list":{"0":"post-19525","1":"product","2":"type-product","3":"status-publish","4":"has-post-thumbnail","6":"product_cat-hikvision","7":"product_cat-ip","8":"product_cat-thluksizlik-kamerasi","9":"product_tag-camerainstallation","10":"product_tag-cctv","11":"product_tag-hikvision","12":"product_tag-hikvisioncamera","13":"product_tag-hikvisioncctv","14":"product_tag-hikvisionsecurity","15":"product_tag-hikvisionsolutions","16":"product_tag-hikvisionsystem","17":"product_tag-hikvisiontechnology","18":"product_tag-homesecurity","19":"product_tag-ipcamera","20":"product_tag-securitycamera","21":"product_tag-smartsecurity","22":"product_tag-sumqayithikvisionmusahidkamerasi","23":"product_tag-sumqayithikvision","24":"product_tag-surveillance","25":"product_tag-thluksizlik","26":"product_tag-thluksizlikkameralari","27":"product_tag-videosurveillance","28":"description-off","30":"first","31":"instock","32":"shipping-taxable","33":"purchasable","34":"product-type-simple"},"_links":{"self":[{"href":"https:\/\/setap.az\/index.php?rest_route=\/wp\/v2\/product\/19525","targetHints":{"allow":["GET"]}}],"collection":[{"href":"https:\/\/setap.az\/index.php?rest_route=\/wp\/v2\/product"}],"about":[{"href":"https:\/\/setap.az\/index.php?rest_route=\/wp\/v2\/types\/product"}],"replies":[{"embeddable":true,"href":"https:\/\/setap.az\/index.php?rest_route=%2Fwp%2Fv2%2Fcomments&post=19525"}],"wp:featuredmedia":[{"embeddable":true,"href":"https:\/\/setap.az\/index.php?rest_route=\/wp\/v2\/media\/19526"}],"wp:attachment":[{"href":"https:\/\/setap.az\/index.php?rest_route=%2Fwp%2Fv2%2Fmedia&parent=19525"}],"wp:term":[{"taxonomy":"product_cat","embeddable":true,"href":"https:\/\/setap.az\/index.php?rest_route=%2Fwp%2Fv2%2Fproduct_cat&post=19525"},{"taxonomy":"product_tag","embeddable":true,"href":"https:\/\/setap.az\/index.php?rest_route=%2Fwp%2Fv2%2Fproduct_tag&post=19525"}],"curies":[{"name":"wp","href":"https:\/\/api.w.org\/{rel}","templated":true}]}}