{"id":19529,"date":"2025-06-03T15:46:39","date_gmt":"2025-06-03T11:46:39","guid":{"rendered":"https:\/\/setap.az\/?post_type=product&#038;p=19529"},"modified":"2026-01-08T16:07:17","modified_gmt":"2026-01-08T12:07:17","slug":"hikvision-2ce16hot-itf-2","status":"publish","type":"product","link":"https:\/\/setap.az\/?product=hikvision-2ce16hot-itf-2","title":{"rendered":"Hikvision 2CE17HOT-IT3F 5 MP Analoq kamera"},"content":{"rendered":"<p>Hikvision 2CE17HOT-IT3F 5 MP Analoq kamera<br \/>\n&#8211; Korpus tipi: Q\u00fcll\u0259<br \/>\n&#8211; Video m\u00fc\u015fahid\u0259 keyfiyy\u0259ti: 2560 x 1944<br \/>\n&#8211; \u00c7\u0259kili\u015f keyfiyy\u0259ti: 5 MP<br \/>\n&#8211; 2.8 mm \u2014 ~110\u00b0 diaqonal bax\u0131\u015f buca\u011f\u0131.<br \/>\n&#8211; 3.6 mm \u2014 ~105\u00b0 diaqonal bax\u0131\u015f buca\u011f\u0131.<br \/>\n&#8211; 6 mm \u2014 ~72\u00b0 diaqonal bax\u0131\u015f buca\u011f\u0131.<br \/>\n&#8211; Gec\u0259 \u015f\u0259kil: infraq\u0131rm\u0131z\u0131<br \/>\n&#8211; Gec\u0259 \u00e7\u0259kili\u015f m\u0259saf\u0259si: 40m<br \/>\n&#8211; A\u011f\u0131ll\u0131 infraq\u0131rm\u0131z\u0131 sensoru m\u00f6vcuddur<br \/>\n&#8211; Digital WDR \/ DWDR \u2014 \u0259ks i\u015f\u0131q \u015f\u0259raitind\u0259 g\u00f6r\u00fcnt\u00fcn\u00fc yax\u015f\u0131la\u015fd\u0131r\u0131r.<br \/>\n&#8211; BLC \/ HLC \/ Global \u2014 arxa i\u015f\u0131q v\u0259 y\u00fcks\u0259k kontrastl\u0131 s\u0259hn\u0259l\u0259r \u00fc\u00e7\u00fcn t\u0259nziml\u0259m\u0259l\u0259r.<br \/>\n&#8211; Smart IR \u2014 obyektl\u0259r yax\u0131nla\u015fd\u0131qda IR g\u00fcc\u00fcn\u00fc avtomatik t\u0259nziml\u0259yir.<br \/>\n&#8211; Su v\u0259 tozdan qorunma standart\u0131: IP67<br \/>\n&#8211; G\u00fcc: 12V\/4.3W<br \/>\n&#8211; \u0130\u015f temperaturu: -40*C\/+60*C<\/p>\n","protected":false},"excerpt":{"rendered":"<p>Hikvision 2CE17HOT-IT3F 5 MP Analoq kamera &#8211; Korpus tipi: Q\u00fcll\u0259 &#8211; Video m\u00fc\u015fahid\u0259 keyfiyy\u0259ti: 2560 x 1944 &#8211; \u00c7\u0259kili\u015f keyfiyy\u0259ti: 5 MP &#8211; 2.8 mm \u2014 ~110\u00b0 diaqonal bax\u0131\u015f buca\u011f\u0131. &#8211; 3.6 mm \u2014 ~105\u00b0 diaqonal bax\u0131\u015f buca\u011f\u0131. &#8211; 6 mm \u2014 ~72\u00b0 diaqonal bax\u0131\u015f buca\u011f\u0131. &#8211; Gec\u0259 \u015f\u0259kil: infraq\u0131rm\u0131z\u0131 &#8211; Gec\u0259 \u00e7\u0259kili\u015f m\u0259saf\u0259si: 40m&hellip;<\/p>\n","protected":false},"featured_media":19532,"comment_status":"open","ping_status":"closed","template":"","meta":[],"product_cat":[2802,4016,2849],"product_tag":[3382,3132,2941,3379,2942,3380,3385,3381,3383,2937,3260,2939,2934,3718,3378,3135,3142,3071,3384],"class_list":{"0":"post-19529","1":"product","2":"type-product","3":"status-publish","4":"has-post-thumbnail","6":"product_cat-analoq","7":"product_cat-hikvision","8":"product_cat-videokameralar","9":"product_tag-camerainstallation","10":"product_tag-cctv","11":"product_tag-hikvision","12":"product_tag-hikvisioncamera","13":"product_tag-hikvisioncctv","14":"product_tag-hikvisionsecurity","15":"product_tag-hikvisionsolutions","16":"product_tag-hikvisionsystem","17":"product_tag-hikvisiontechnology","18":"product_tag-homesecurity","19":"product_tag-ipcamera","20":"product_tag-securitycamera","21":"product_tag-smartsecurity","22":"product_tag-sumqayithikvisionmusahidkamerasi","23":"product_tag-sumqayithikvision","24":"product_tag-surveillance","25":"product_tag-thluksizlik","26":"product_tag-thluksizlikkameralari","27":"product_tag-videosurveillance","28":"description-off","30":"first","31":"instock","32":"shipping-taxable","33":"purchasable","34":"product-type-simple"},"_links":{"self":[{"href":"https:\/\/setap.az\/index.php?rest_route=\/wp\/v2\/product\/19529","targetHints":{"allow":["GET"]}}],"collection":[{"href":"https:\/\/setap.az\/index.php?rest_route=\/wp\/v2\/product"}],"about":[{"href":"https:\/\/setap.az\/index.php?rest_route=\/wp\/v2\/types\/product"}],"replies":[{"embeddable":true,"href":"https:\/\/setap.az\/index.php?rest_route=%2Fwp%2Fv2%2Fcomments&post=19529"}],"wp:featuredmedia":[{"embeddable":true,"href":"https:\/\/setap.az\/index.php?rest_route=\/wp\/v2\/media\/19532"}],"wp:attachment":[{"href":"https:\/\/setap.az\/index.php?rest_route=%2Fwp%2Fv2%2Fmedia&parent=19529"}],"wp:term":[{"taxonomy":"product_cat","embeddable":true,"href":"https:\/\/setap.az\/index.php?rest_route=%2Fwp%2Fv2%2Fproduct_cat&post=19529"},{"taxonomy":"product_tag","embeddable":true,"href":"https:\/\/setap.az\/index.php?rest_route=%2Fwp%2Fv2%2Fproduct_tag&post=19529"}],"curies":[{"name":"wp","href":"https:\/\/api.w.org\/{rel}","templated":true}]}}