{"id":19566,"date":"2025-06-05T10:53:34","date_gmt":"2025-06-05T06:53:34","guid":{"rendered":"https:\/\/setap.az\/?post_type=product&#038;p=19566"},"modified":"2025-06-27T12:04:56","modified_gmt":"2025-06-27T08:04:56","slug":"hikvision-2ce19d3t-ait3zf","status":"publish","type":"product","link":"https:\/\/setap.az\/?product=hikvision-2ce19d3t-ait3zf","title":{"rendered":"Hikvision 2CE19D3T-AIT3ZF"},"content":{"rendered":"<p>Hikvision m\u00fc\u015fahid\u0259 kameras\u0131<br \/>\n&#8211; \u00c7\u0259kili\u015f keyfiyy\u0259ti: 2 MP<br \/>\n&#8211; G\u00fccl\u00fc gec\u0259 performans\u0131.0,005 l\u00fcks\u0259 q\u0259d\u0259r ultra a\u015fa\u011f\u0131 i\u015f\u0131qda \u015f\u0259kill\u0259r \u00e7\u0259km\u0259k.<br \/>\n&#8211; 120db h\u0259qiqi WDR texnalogiyas\u0131 say\u0259sind\u0259 g\u00fccl\u00fc arxa i\u015f\u0131qland\u0131rmada bel\u0259 ayd\u0131n t\u0259svir.<br \/>\n&#8211; 3D DNR texnalogiyas\u0131 t\u0259miz v\u0259 k\u0259skin t\u0259svirl\u0259r t\u0259qdim edir.<br \/>\n&#8211; B\u00f6y\u00fctm\u0259 v\u0259 ki\u00e7iltm\u0259 zaman\u0131 obyektiv avtomatik olaraq fokuslan\u0131r.<br \/>\n&#8211; EX\u0130R 2.0: 70 m IR m\u0259saf\u0259si il\u0259 qabaqc\u0131l infraq\u0131rm\u0131z\u0131 texnologiya<br \/>\n&#8211; Suya v\u0259 toza davaml\u0131 (IP67)<\/p>\n","protected":false},"excerpt":{"rendered":"<p>Hikvision m\u00fc\u015fahid\u0259 kameras\u0131 &#8211; \u00c7\u0259kili\u015f keyfiyy\u0259ti: 2 MP &#8211; G\u00fccl\u00fc gec\u0259 performans\u0131.0,005 l\u00fcks\u0259 q\u0259d\u0259r ultra a\u015fa\u011f\u0131 i\u015f\u0131qda \u015f\u0259kill\u0259r \u00e7\u0259km\u0259k. &#8211; 120db h\u0259qiqi WDR texnalogiyas\u0131 say\u0259sind\u0259 g\u00fccl\u00fc arxa i\u015f\u0131qland\u0131rmada bel\u0259 ayd\u0131n t\u0259svir. &#8211; 3D DNR texnalogiyas\u0131 t\u0259miz v\u0259 k\u0259skin t\u0259svirl\u0259r t\u0259qdim edir. &#8211; B\u00f6y\u00fctm\u0259 v\u0259 ki\u00e7iltm\u0259 zaman\u0131 obyektiv avtomatik olaraq fokuslan\u0131r. &#8211; EX\u0130R 2.0: 70 m&hellip;<\/p>\n","protected":false},"featured_media":19570,"comment_status":"open","ping_status":"closed","template":"","meta":[],"product_cat":[2802,4016,2849],"product_tag":[3382,3132,2941,3379,2942,3380,3385,3381,3383,2937,3260,2939,2934,3378,3975,3135,3142,3071,3384],"class_list":{"0":"post-19566","1":"product","2":"type-product","3":"status-publish","4":"has-post-thumbnail","6":"product_cat-analoq","7":"product_cat-hikvision","8":"product_cat-videokameralar","9":"product_tag-camerainstallation","10":"product_tag-cctv","11":"product_tag-hikvision","12":"product_tag-hikvisioncamera","13":"product_tag-hikvisioncctv","14":"product_tag-hikvisionsecurity","15":"product_tag-hikvisionsolutions","16":"product_tag-hikvisionsystem","17":"product_tag-hikvisiontechnology","18":"product_tag-homesecurity","19":"product_tag-ipcamera","20":"product_tag-securitycamera","21":"product_tag-smartsecurity","22":"product_tag-sumqayithikvision","23":"product_tag-sumqayithikvisionmusahidka","24":"product_tag-surveillance","25":"product_tag-thluksizlik","26":"product_tag-thluksizlikkameralari","27":"product_tag-videosurveillance","28":"description-off","30":"first","31":"instock","32":"shipping-taxable","33":"purchasable","34":"product-type-simple"},"_links":{"self":[{"href":"https:\/\/setap.az\/index.php?rest_route=\/wp\/v2\/product\/19566","targetHints":{"allow":["GET"]}}],"collection":[{"href":"https:\/\/setap.az\/index.php?rest_route=\/wp\/v2\/product"}],"about":[{"href":"https:\/\/setap.az\/index.php?rest_route=\/wp\/v2\/types\/product"}],"replies":[{"embeddable":true,"href":"https:\/\/setap.az\/index.php?rest_route=%2Fwp%2Fv2%2Fcomments&post=19566"}],"wp:featuredmedia":[{"embeddable":true,"href":"https:\/\/setap.az\/index.php?rest_route=\/wp\/v2\/media\/19570"}],"wp:attachment":[{"href":"https:\/\/setap.az\/index.php?rest_route=%2Fwp%2Fv2%2Fmedia&parent=19566"}],"wp:term":[{"taxonomy":"product_cat","embeddable":true,"href":"https:\/\/setap.az\/index.php?rest_route=%2Fwp%2Fv2%2Fproduct_cat&post=19566"},{"taxonomy":"product_tag","embeddable":true,"href":"https:\/\/setap.az\/index.php?rest_route=%2Fwp%2Fv2%2Fproduct_tag&post=19566"}],"curies":[{"name":"wp","href":"https:\/\/api.w.org\/{rel}","templated":true}]}}