{"id":19578,"date":"2025-06-05T11:52:56","date_gmt":"2025-06-05T07:52:56","guid":{"rendered":"https:\/\/setap.az\/?post_type=product&#038;p=19578"},"modified":"2026-01-07T10:27:03","modified_gmt":"2026-01-07T06:27:03","slug":"hikvision-2ce76doteximf","status":"publish","type":"product","link":"https:\/\/setap.az\/?product=hikvision-2ce76doteximf","title":{"rendered":"Hikvision 2CE76DOT-EXIMF 2MP Analoq kameras\u0131"},"content":{"rendered":"<p> Hikvision 2CE76DOT-EXIMF m\u00fc\u015fahid\u0259 kameras\u0131<br \/>\n&#8211; 2 MP il\u0259 y\u00fcks\u0259k keyfiyy\u0259tli t\u0259svir.<br \/>\n&#8211; Video m\u00fc\u015fahid\u0259 keyfiyy\u0259ti: 1920 x 1080<br \/>\n&#8211; Fokus m\u0259saf\u0259si: 2.8mm, 3.6mm<br \/>\n&#8211; Parlaq gec\u0259 t\u0259sviri \u00fc\u00e7\u00fcn 20m-\u0259 q\u0259d\u0259r IR m\u0259saf\u0259si.<br \/>\n&#8211; Suya v\u0259 toza davaml\u0131: IP67<br \/>\n&#8211; Material: Metal<br \/>\n&#8211; Bucaq t\u0259nziml\u0259nm\u0259si 0*-d\u0259n 360*-y\u0259 q\u0259d\u0259r<br \/>\n&#8211; Enerji t\u0259chizat\u0131: 12VDC &#8211; 25%<br \/>\n&#8211; \u0130\u015fl\u0259m\u0259 temperaturu: -40*C\/+60*C<\/p>\n","protected":false},"excerpt":{"rendered":"<p>Hikvision 2CE76DOT-EXIMF m\u00fc\u015fahid\u0259 kameras\u0131 &#8211; 2 MP il\u0259 y\u00fcks\u0259k keyfiyy\u0259tli t\u0259svir. &#8211; Video m\u00fc\u015fahid\u0259 keyfiyy\u0259ti: 1920 x 1080 &#8211; Fokus m\u0259saf\u0259si: 2.8mm, 3.6mm &#8211; Parlaq gec\u0259 t\u0259sviri \u00fc\u00e7\u00fcn 20m-\u0259 q\u0259d\u0259r IR m\u0259saf\u0259si. &#8211; Suya v\u0259 toza davaml\u0131: IP67 &#8211; Material: Metal &#8211; Bucaq t\u0259nziml\u0259nm\u0259si 0*-d\u0259n 360*-y\u0259 q\u0259d\u0259r &#8211; Enerji t\u0259chizat\u0131: 12VDC &#8211; 25% &#8211; \u0130\u015fl\u0259m\u0259&hellip;<\/p>\n","protected":false},"featured_media":19579,"comment_status":"open","ping_status":"closed","template":"","meta":[],"product_cat":[2802,4016,2849],"product_tag":[3382,3132,2941,3379,2942,3380,3385,3381,3383,2937,3260,2939,2934,3718,3378,3135,3142,3071,3384],"class_list":{"0":"post-19578","1":"product","2":"type-product","3":"status-publish","4":"has-post-thumbnail","6":"product_cat-analoq","7":"product_cat-hikvision","8":"product_cat-videokameralar","9":"product_tag-camerainstallation","10":"product_tag-cctv","11":"product_tag-hikvision","12":"product_tag-hikvisioncamera","13":"product_tag-hikvisioncctv","14":"product_tag-hikvisionsecurity","15":"product_tag-hikvisionsolutions","16":"product_tag-hikvisionsystem","17":"product_tag-hikvisiontechnology","18":"product_tag-homesecurity","19":"product_tag-ipcamera","20":"product_tag-securitycamera","21":"product_tag-smartsecurity","22":"product_tag-sumqayithikvisionmusahidkamerasi","23":"product_tag-sumqayithikvision","24":"product_tag-surveillance","25":"product_tag-thluksizlik","26":"product_tag-thluksizlikkameralari","27":"product_tag-videosurveillance","28":"description-off","30":"first","31":"instock","32":"shipping-taxable","33":"purchasable","34":"product-type-simple"},"_links":{"self":[{"href":"https:\/\/setap.az\/index.php?rest_route=\/wp\/v2\/product\/19578","targetHints":{"allow":["GET"]}}],"collection":[{"href":"https:\/\/setap.az\/index.php?rest_route=\/wp\/v2\/product"}],"about":[{"href":"https:\/\/setap.az\/index.php?rest_route=\/wp\/v2\/types\/product"}],"replies":[{"embeddable":true,"href":"https:\/\/setap.az\/index.php?rest_route=%2Fwp%2Fv2%2Fcomments&post=19578"}],"wp:featuredmedia":[{"embeddable":true,"href":"https:\/\/setap.az\/index.php?rest_route=\/wp\/v2\/media\/19579"}],"wp:attachment":[{"href":"https:\/\/setap.az\/index.php?rest_route=%2Fwp%2Fv2%2Fmedia&parent=19578"}],"wp:term":[{"taxonomy":"product_cat","embeddable":true,"href":"https:\/\/setap.az\/index.php?rest_route=%2Fwp%2Fv2%2Fproduct_cat&post=19578"},{"taxonomy":"product_tag","embeddable":true,"href":"https:\/\/setap.az\/index.php?rest_route=%2Fwp%2Fv2%2Fproduct_tag&post=19578"}],"curies":[{"name":"wp","href":"https:\/\/api.w.org\/{rel}","templated":true}]}}