{"id":19605,"date":"2025-06-05T13:48:26","date_gmt":"2025-06-05T09:48:26","guid":{"rendered":"https:\/\/setap.az\/?post_type=product&#038;p=19605"},"modified":"2026-01-08T11:35:37","modified_gmt":"2026-01-08T07:35:37","slug":"hikvision-2ce16dot-irpe","status":"publish","type":"product","link":"https:\/\/setap.az\/?product=hikvision-2ce16dot-irpe","title":{"rendered":"Hikvision 2CE16DOT-IRPE 2MP Analoq kamera"},"content":{"rendered":"<p>Hikvision DS-2CE16DOT-IRPE \u2014 bu, 2 MP Ultra Mini bullet tipi Turbo HD (HD-TVI) analog t\u0259hl\u00fck\u0259sizlik kameras\u0131d\u0131r. O, x\u00fcsusil\u0259 b\u00fck\u00fclm\u00fc\u015f (coax) sisteml\u0259rd\u0259 istifad\u0259 \u00fc\u00e7\u00fcn n\u0259z\u0259rd\u0259 tutulub v\u0259 a\u015fa\u011f\u0131 i\u015f\u0131qda yax\u015f\u0131 g\u00f6r\u00fcnt\u00fc, infraq\u0131rm\u0131z\u0131 gec\u0259 rejimi, h\u0259m\u00e7inin \u00e7\u00f6ld\u0259 istifad\u0259 \u00fc\u00e7\u00fcn davaml\u0131 korpus il\u0259 t\u0259chiz olunub.<br \/>\n&#8211; G\u00f6r\u00fcnt\u00fc keyfiyy\u0259ti: 2MP<br \/>\n&#8211; G\u00f6r\u00fc\u015f buca\u011f\u0131 t\u0259xmin\u0259n 103.5\u00b0 (2.8 mm), 82.6\u00b0 (3.6 mm) v\u0259 54.4\u00b0 (6 mm)<br \/>\n&#8211; Gec\u0259 g\u00f6r\u00fcnt\u00fcs\u00fc: 20 metr\u0259 q\u0259d\u0259r<br \/>\n&#8211; Minimum i\u015f\u0131q s\u0259viyy\u0259si: ~0.01 Lux (AGC ON), 0 Lux IR il\u0259.<br \/>\n&#8211; Enerji istehlak\u0131: 12V \/ 4W<br \/>\n&#8211; Video \u00e7\u0131x\u0131\u015f\u0131: 1HD-TVI<br \/>\n&#8211; \u0130P qoruma d\u0259r\u0259c\u0259si: IP66<br \/>\n&#8211; T\u0259svirin t\u0259kmill\u0259\u015fdirilm\u0259si: DNR<br \/>\n&#8211; \u0130\u015fl\u0259m\u0259 temperaturu: -40*C\/+60*C<\/p>\n","protected":false},"excerpt":{"rendered":"<p>Hikvision DS-2CE16DOT-IRPE \u2014 bu, 2 MP Ultra Mini bullet tipi Turbo HD (HD-TVI) analog t\u0259hl\u00fck\u0259sizlik kameras\u0131d\u0131r. O, x\u00fcsusil\u0259 b\u00fck\u00fclm\u00fc\u015f (coax) sisteml\u0259rd\u0259 istifad\u0259 \u00fc\u00e7\u00fcn n\u0259z\u0259rd\u0259 tutulub v\u0259 a\u015fa\u011f\u0131 i\u015f\u0131qda yax\u015f\u0131 g\u00f6r\u00fcnt\u00fc, infraq\u0131rm\u0131z\u0131 gec\u0259 rejimi, h\u0259m\u00e7inin \u00e7\u00f6ld\u0259 istifad\u0259 \u00fc\u00e7\u00fcn davaml\u0131 korpus il\u0259 t\u0259chiz olunub. &#8211; G\u00f6r\u00fcnt\u00fc keyfiyy\u0259ti: 2MP &#8211; G\u00f6r\u00fc\u015f buca\u011f\u0131 t\u0259xmin\u0259n 103.5\u00b0 (2.8 mm), 82.6\u00b0 (3.6&hellip;<\/p>\n","protected":false},"featured_media":19606,"comment_status":"open","ping_status":"closed","template":"","meta":[],"product_cat":[2802,4016,2849],"product_tag":[3382,3132,2941,3379,2942,3380,3385,3381,3383,2937,3260,2939,2934,3718,3378,3135,3142,3071,3384],"class_list":{"0":"post-19605","1":"product","2":"type-product","3":"status-publish","4":"has-post-thumbnail","6":"product_cat-analoq","7":"product_cat-hikvision","8":"product_cat-videokameralar","9":"product_tag-camerainstallation","10":"product_tag-cctv","11":"product_tag-hikvision","12":"product_tag-hikvisioncamera","13":"product_tag-hikvisioncctv","14":"product_tag-hikvisionsecurity","15":"product_tag-hikvisionsolutions","16":"product_tag-hikvisionsystem","17":"product_tag-hikvisiontechnology","18":"product_tag-homesecurity","19":"product_tag-ipcamera","20":"product_tag-securitycamera","21":"product_tag-smartsecurity","22":"product_tag-sumqayithikvisionmusahidkamerasi","23":"product_tag-sumqayithikvision","24":"product_tag-surveillance","25":"product_tag-thluksizlik","26":"product_tag-thluksizlikkameralari","27":"product_tag-videosurveillance","28":"description-off","30":"first","31":"instock","32":"shipping-taxable","33":"purchasable","34":"product-type-simple"},"_links":{"self":[{"href":"https:\/\/setap.az\/index.php?rest_route=\/wp\/v2\/product\/19605","targetHints":{"allow":["GET"]}}],"collection":[{"href":"https:\/\/setap.az\/index.php?rest_route=\/wp\/v2\/product"}],"about":[{"href":"https:\/\/setap.az\/index.php?rest_route=\/wp\/v2\/types\/product"}],"replies":[{"embeddable":true,"href":"https:\/\/setap.az\/index.php?rest_route=%2Fwp%2Fv2%2Fcomments&post=19605"}],"wp:featuredmedia":[{"embeddable":true,"href":"https:\/\/setap.az\/index.php?rest_route=\/wp\/v2\/media\/19606"}],"wp:attachment":[{"href":"https:\/\/setap.az\/index.php?rest_route=%2Fwp%2Fv2%2Fmedia&parent=19605"}],"wp:term":[{"taxonomy":"product_cat","embeddable":true,"href":"https:\/\/setap.az\/index.php?rest_route=%2Fwp%2Fv2%2Fproduct_cat&post=19605"},{"taxonomy":"product_tag","embeddable":true,"href":"https:\/\/setap.az\/index.php?rest_route=%2Fwp%2Fv2%2Fproduct_tag&post=19605"}],"curies":[{"name":"wp","href":"https:\/\/api.w.org\/{rel}","templated":true}]}}