{"id":19626,"date":"2025-06-11T13:07:01","date_gmt":"2025-06-11T09:07:01","guid":{"rendered":"https:\/\/setap.az\/?post_type=product&#038;p=19626"},"modified":"2025-06-23T12:41:28","modified_gmt":"2025-06-23T08:41:28","slug":"jedel-k590-klavyatura-copy","status":"publish","type":"product","link":"https:\/\/setap.az\/?product=jedel-k590-klavyatura-copy","title":{"rendered":"Jedel K590 klavyatura (Copy)"},"content":{"rendered":"<p> Oyun klavyaturas\u0131<br \/>\n Model: Jedel K590<br \/>\n&#8211; R\u0259ngli i\u015f\u0131ql\u0131 oyun klavyaturas\u0131<br \/>\n&#8211; 9 f\u0259rqli arxa i\u015f\u0131qland\u0131rma effekti il\u0259<br \/>\n&#8211; \u0130p\u0259k ekran<br \/>\n&#8211; \u00d6l\u00e7\u00fc: 434*131*32mm<br \/>\n&#8211; \u0130\u015fl\u0259diyiniz zaman sizin \u00fc\u00e7\u00fcn rahat bir t\u0259cr\u00fcb\u0259 t\u0259min edir<\/p>\n","protected":false},"excerpt":{"rendered":"<p>Oyun klavyaturas\u0131 Model: Jedel K590 &#8211; R\u0259ngli i\u015f\u0131ql\u0131 oyun klavyaturas\u0131 &#8211; 9 f\u0259rqli arxa i\u015f\u0131qland\u0131rma effekti il\u0259 &#8211; \u0130p\u0259k ekran &#8211; \u00d6l\u00e7\u00fc: 434*131*32mm &#8211; \u0130\u015fl\u0259diyiniz zaman sizin \u00fc\u00e7\u00fcn rahat bir t\u0259cr\u00fcb\u0259 t\u0259min edir<\/p>\n","protected":false},"featured_media":19478,"comment_status":"open","ping_status":"closed","template":"","meta":[],"product_cat":[3508,2823,2824],"product_tag":[3911,3463,3817,3020,3694,3895,3909,3912,3913,3908,3460,3693,3897,3910,3839],"class_list":{"0":"post-19626","1":"product","2":"type-product","3":"status-publish","4":"has-post-thumbnail","6":"product_cat-klavyatura-v-sicanlar","7":"product_cat-kompyuter-aksesuarlari","8":"product_cat-noutbuklar-v-aksesuarlar","9":"product_tag-9isiqeffekti","10":"product_tag-arxaisiqlandirmaeffekti","11":"product_tag-comfortabletyping","12":"product_tag-erqonomikdizayn","13":"product_tag-gaminggear","14":"product_tag-gamingkeyboard","15":"product_tag-jedelk590","16":"product_tag-keyboardsetup","17":"product_tag-ledbacklighting","18":"product_tag-oyunelavlri","19":"product_tag-oyunklavyaturasi","20":"product_tag-oyuntexnologiyalari","21":"product_tag-precisiongaming","22":"product_tag-rngliisiqliklavyatura","23":"product_tag-rgblighting","24":"description-off","26":"first","27":"instock","28":"shipping-taxable","29":"purchasable","30":"product-type-simple"},"_links":{"self":[{"href":"https:\/\/setap.az\/index.php?rest_route=\/wp\/v2\/product\/19626","targetHints":{"allow":["GET"]}}],"collection":[{"href":"https:\/\/setap.az\/index.php?rest_route=\/wp\/v2\/product"}],"about":[{"href":"https:\/\/setap.az\/index.php?rest_route=\/wp\/v2\/types\/product"}],"replies":[{"embeddable":true,"href":"https:\/\/setap.az\/index.php?rest_route=%2Fwp%2Fv2%2Fcomments&post=19626"}],"wp:featuredmedia":[{"embeddable":true,"href":"https:\/\/setap.az\/index.php?rest_route=\/wp\/v2\/media\/19478"}],"wp:attachment":[{"href":"https:\/\/setap.az\/index.php?rest_route=%2Fwp%2Fv2%2Fmedia&parent=19626"}],"wp:term":[{"taxonomy":"product_cat","embeddable":true,"href":"https:\/\/setap.az\/index.php?rest_route=%2Fwp%2Fv2%2Fproduct_cat&post=19626"},{"taxonomy":"product_tag","embeddable":true,"href":"https:\/\/setap.az\/index.php?rest_route=%2Fwp%2Fv2%2Fproduct_tag&post=19626"}],"curies":[{"name":"wp","href":"https:\/\/api.w.org\/{rel}","templated":true}]}}