{"id":19638,"date":"2025-06-19T10:41:03","date_gmt":"2025-06-19T06:41:03","guid":{"rendered":"https:\/\/setap.az\/?post_type=product&#038;p=19638"},"modified":"2025-06-19T10:41:04","modified_gmt":"2025-06-19T06:41:04","slug":"ktx%e2%80%911271-kts-simsiz-portativ-bluetooth-s%c9%99sgucl%c9%99ndiricisi","status":"publish","type":"product","link":"https:\/\/setap.az\/?product=ktx%e2%80%911271-kts-simsiz-portativ-bluetooth-s%c9%99sgucl%c9%99ndiricisi","title":{"rendered":"KTX\u20111271 KTS Simsiz Portativ Bluetooth S\u0259sg\u00fccl\u0259ndiricisi"},"content":{"rendered":"<p>KTS KTX-1271 \u2013 Ki\u00e7ik \u00f6l\u00e7\u00fcd\u0259, b\u00f6y\u00fck s\u0259s!<br \/>\nSimsiz Bluetooth ba\u011flant\u0131s\u0131 \u2014 smartfonlara, plan\u015fetl\u0259r\u0259 v\u0259 dig\u0259r cihazlara saniy\u0259l\u0259r i\u00e7ind\u0259 qo\u015ful!<br \/>\n5\u202fW (3\u2033 s\u00fcr\u00fcc\u00fc) \u00e7\u0131x\u0131\u015f g\u00fcc\u00fc, tam diapazonlu audio \u00fc\u00e7\u00fcn ideald\u0131r, tezlik cavab\u0131 100\u202fHz\u201320\u202fkHz<br \/>\nTWS (True Wireless Stereo) d\u0259st\u0259yi \u2014 iki bel\u0259 kolonkan\u0131 simsiz \u015f\u0259kild\u0259 qo\u015fub stereo s\u0259s yarada bil\u0259rsiniz .<br \/>\nFM radio funksiyas\u0131, USB\/TF (micro\u2011SD) giri\u015fl\u0259ri \u2014 m\u00fcxt\u0259lif media m\u0259nb\u0259l\u0259rind\u0259n musiqi \u00e7alma imkan\u0131<br \/>\nFM diapazonu: 87.5\u2013108 MHz<br \/>\n500\u202fmAh daxili batareya \u2014 tam doldurulanda t\u0259xmin\u0259n 1\u20132 saat istifad\u0259 (75\u202f% s\u0259s h\u0259cmi il\u0259) .<br \/>\nLED i\u015f\u0131qlarla dizayn \u2014 vizual effektl\u0259r qat\u0131r <\/p>\n","protected":false},"excerpt":{"rendered":"<p>KTS KTX-1271 \u2013 Ki\u00e7ik \u00f6l\u00e7\u00fcd\u0259, b\u00f6y\u00fck s\u0259s! Simsiz Bluetooth ba\u011flant\u0131s\u0131 \u2014 smartfonlara, plan\u015fetl\u0259r\u0259 v\u0259 dig\u0259r cihazlara saniy\u0259l\u0259r i\u00e7ind\u0259 qo\u015ful! 5\u202fW (3\u2033 s\u00fcr\u00fcc\u00fc) \u00e7\u0131x\u0131\u015f g\u00fcc\u00fc, tam diapazonlu audio \u00fc\u00e7\u00fcn ideald\u0131r, tezlik cavab\u0131 100\u202fHz\u201320\u202fkHz TWS (True Wireless Stereo) d\u0259st\u0259yi \u2014 iki bel\u0259 kolonkan\u0131 simsiz \u015f\u0259kild\u0259 qo\u015fub stereo s\u0259s yarada bil\u0259rsiniz . FM radio funksiyas\u0131, USB\/TF (micro\u2011SD) giri\u015fl\u0259ri&hellip;<\/p>\n","protected":false},"featured_media":19639,"comment_status":"open","ping_status":"closed","template":"","meta":[],"product_cat":[2798,2799,2800],"product_tag":[3978,3983,3986,3977,3981,3976,3988,3987,3985,3980,3979,3982,3984],"class_list":{"0":"post-19638","1":"product","2":"type-product","3":"status-publish","4":"has-post-thumbnail","6":"product_cat-anons-v-musiqi-yayim-sistemlri","7":"product_cat-kolonkalar","8":"product_cat-ss-guclndiricilr","9":"product_tag-bluetoothkolonka","10":"product_tag-fmradiokolonka","11":"product_tag-ktsbluetooth","12":"product_tag-ktskolonka","13":"product_tag-ktsktx1271","14":"product_tag-ktx1271","15":"product_tag-ledkolonka","16":"product_tag-minikolonka","17":"product_tag-musiqikolonkasi","18":"product_tag-portativkolonka","19":"product_tag-simsizkolonka","20":"product_tag-twskolonka","21":"product_tag-usbkolonka","22":"description-off","24":"first","25":"instock","26":"shipping-taxable","27":"purchasable","28":"product-type-simple"},"_links":{"self":[{"href":"https:\/\/setap.az\/index.php?rest_route=\/wp\/v2\/product\/19638","targetHints":{"allow":["GET"]}}],"collection":[{"href":"https:\/\/setap.az\/index.php?rest_route=\/wp\/v2\/product"}],"about":[{"href":"https:\/\/setap.az\/index.php?rest_route=\/wp\/v2\/types\/product"}],"replies":[{"embeddable":true,"href":"https:\/\/setap.az\/index.php?rest_route=%2Fwp%2Fv2%2Fcomments&post=19638"}],"wp:featuredmedia":[{"embeddable":true,"href":"https:\/\/setap.az\/index.php?rest_route=\/wp\/v2\/media\/19639"}],"wp:attachment":[{"href":"https:\/\/setap.az\/index.php?rest_route=%2Fwp%2Fv2%2Fmedia&parent=19638"}],"wp:term":[{"taxonomy":"product_cat","embeddable":true,"href":"https:\/\/setap.az\/index.php?rest_route=%2Fwp%2Fv2%2Fproduct_cat&post=19638"},{"taxonomy":"product_tag","embeddable":true,"href":"https:\/\/setap.az\/index.php?rest_route=%2Fwp%2Fv2%2Fproduct_tag&post=19638"}],"curies":[{"name":"wp","href":"https:\/\/api.w.org\/{rel}","templated":true}]}}