{"id":19823,"date":"2025-07-01T14:35:09","date_gmt":"2025-07-01T10:35:09","guid":{"rendered":"https:\/\/setap.az\/?post_type=product&#038;p=19823"},"modified":"2025-07-01T15:37:14","modified_gmt":"2025-07-01T11:37:14","slug":"socket-white","status":"publish","type":"product","link":"https:\/\/setap.az\/?product=socket-white","title":{"rendered":"Socket (White) intellektual elektrik yuvas\u0131"},"content":{"rendered":"<p>Socket (White) \u2014 evinizd\u0259ki elektrik cihazlar\u0131n\u0131 rahat v\u0259 t\u0259hl\u00fck\u0259siz idar\u0259 etm\u0259k \u00fc\u00e7\u00fcn haz\u0131rlanm\u0131\u015f intellektual elektrik prizidir. Uzaqdan idar\u0259 v\u0259 proqramla\u015fd\u0131rma funksiyalar\u0131 il\u0259 g\u00fcnd\u0259lik rahatl\u0131\u011f\u0131 art\u0131r\u0131r.<br \/>\nA\u011f\u0131ll\u0131 elektrik prizl\u0259ri: Ruter v\u0259 ya dig\u0259r \u015f\u0259b\u0259k\u0259 vasit\u0259sil\u0259 uzaqdan idar\u0259 olunur.<br \/>\nElektrik cihazlar\u0131n\u0131n idar\u0259si: M\u0259s\u0259l\u0259n, elektrik \u00e7aydan\u0131 v\u0259 dig\u0259r cihazlar\u0131 s\u00f6nd\u00fcr\u00fcb yand\u0131ra bilir.<br \/>\n\u018fl il\u0259 m\u00fcdaxil\u0259 olmadan i\u015fl\u0259m\u0259: Fiziki olaraq cihazlar\u0131 idar\u0259 etm\u0259k \u00fc\u00e7\u00fcn \u0259linizi t\u0259rp\u0259tm\u0259y\u0259 ehtiyac yoxdur.<br \/>\nGec\u0259 m\u00fchafiz\u0259si rejimi: Bu rejim aktiv olduqda, yatmazdan \u0259vv\u0259l evd\u0259ki b\u00fct\u00fcn elektrik cihazlar\u0131 avtomatik s\u00f6n\u00fcr.<br \/>\nEnerji q\u0259na\u0259ti v\u0259 t\u0259hl\u00fck\u0259sizlik: Cihazlar\u0131n laz\u0131m olmayan vaxtlarda avtomatik s\u00f6nd\u00fcr\u00fclm\u0259si enerji israf\u0131n\u0131n qar\u015f\u0131s\u0131n\u0131 al\u0131r v\u0259 t\u0259hl\u00fck\u0259sizliyi art\u0131r\u0131r.<br \/>\nAsan inteqrasiya: Wi-Fi v\u0259 ya dig\u0259r a\u011f\u0131ll\u0131 ev sisteml\u0259rin\u0259 qo\u015fularaq istifad\u0259 oluna bil\u0259r.<\/p>\n","protected":false},"excerpt":{"rendered":"<p>Socket (White) \u2014 evinizd\u0259ki elektrik cihazlar\u0131n\u0131 rahat v\u0259 t\u0259hl\u00fck\u0259siz idar\u0259 etm\u0259k \u00fc\u00e7\u00fcn haz\u0131rlanm\u0131\u015f intellektual elektrik prizidir. Uzaqdan idar\u0259 v\u0259 proqramla\u015fd\u0131rma funksiyalar\u0131 il\u0259 g\u00fcnd\u0259lik rahatl\u0131\u011f\u0131 art\u0131r\u0131r. A\u011f\u0131ll\u0131 elektrik prizl\u0259ri: Ruter v\u0259 ya dig\u0259r \u015f\u0259b\u0259k\u0259 vasit\u0259sil\u0259 uzaqdan idar\u0259 olunur. Elektrik cihazlar\u0131n\u0131n idar\u0259si: M\u0259s\u0259l\u0259n, elektrik \u00e7aydan\u0131 v\u0259 dig\u0259r cihazlar\u0131 s\u00f6nd\u00fcr\u00fcb yand\u0131ra bilir. \u018fl il\u0259 m\u00fcdaxil\u0259 olmadan i\u015fl\u0259m\u0259: Fiziki&hellip;<\/p>\n","protected":false},"featured_media":19824,"comment_status":"open","ping_status":"closed","template":"","meta":[],"product_cat":[3159,2999,2836],"product_tag":[3000,4167,2923,4177,4173,4174,4172,4171,4169,4176,3588,2938,4168,4175,4170],"class_list":{"0":"post-19823","1":"product","2":"type-product","3":"status-publish","4":"has-post-thumbnail","6":"product_cat-agilli-avtomatlar","7":"product_cat-agilli-ev","8":"product_cat-aksesuarlar","9":"product_tag-agilliev","10":"product_tag-agillisocket","11":"product_tag-agillitexnologiya","12":"product_tag-agpriz","13":"product_tag-avtomatiksondurm","14":"product_tag-elektrikyonlndirm","15":"product_tag-enerjiqnati","16":"product_tag-gecrejimi","17":"product_tag-intellektualpriz","18":"product_tag-priztexnologiyasi","19":"product_tag-rahathyat","20":"product_tag-smarthome","21":"product_tag-smartsocket","22":"product_tag-uzaqdanidar","23":"product_tag-wifipriz","24":"description-off","26":"first","27":"instock","28":"shipping-taxable","29":"purchasable","30":"product-type-simple"},"_links":{"self":[{"href":"https:\/\/setap.az\/index.php?rest_route=\/wp\/v2\/product\/19823","targetHints":{"allow":["GET"]}}],"collection":[{"href":"https:\/\/setap.az\/index.php?rest_route=\/wp\/v2\/product"}],"about":[{"href":"https:\/\/setap.az\/index.php?rest_route=\/wp\/v2\/types\/product"}],"replies":[{"embeddable":true,"href":"https:\/\/setap.az\/index.php?rest_route=%2Fwp%2Fv2%2Fcomments&post=19823"}],"wp:featuredmedia":[{"embeddable":true,"href":"https:\/\/setap.az\/index.php?rest_route=\/wp\/v2\/media\/19824"}],"wp:attachment":[{"href":"https:\/\/setap.az\/index.php?rest_route=%2Fwp%2Fv2%2Fmedia&parent=19823"}],"wp:term":[{"taxonomy":"product_cat","embeddable":true,"href":"https:\/\/setap.az\/index.php?rest_route=%2Fwp%2Fv2%2Fproduct_cat&post=19823"},{"taxonomy":"product_tag","embeddable":true,"href":"https:\/\/setap.az\/index.php?rest_route=%2Fwp%2Fv2%2Fproduct_tag&post=19823"}],"curies":[{"name":"wp","href":"https:\/\/api.w.org\/{rel}","templated":true}]}}