{"id":19839,"date":"2025-07-02T09:52:12","date_gmt":"2025-07-02T05:52:12","guid":{"rendered":"https:\/\/setap.az\/?post_type=product&#038;p=19839"},"modified":"2025-07-02T09:52:14","modified_gmt":"2025-07-02T05:52:14","slug":"combiprotect-white-h%c9%99r%c9%99k%c9%99t-v%c9%99-sus%c9%99-sindirilmani-mu%c9%99yy%c9%99n-ed%c9%99n-sensor","status":"publish","type":"product","link":"https:\/\/setap.az\/?product=combiprotect-white-h%c9%99r%c9%99k%c9%99t-v%c9%99-sus%c9%99-sindirilmani-mu%c9%99yy%c9%99n-ed%c9%99n-sensor","title":{"rendered":"CombiProtect (White) \u2014 H\u0259r\u0259k\u0259t v\u0259 \u015e\u00fc\u015f\u0259 s\u0131nd\u0131r\u0131lman\u0131 m\u00fc\u0259yy\u0259n ed\u0259n sensor"},"content":{"rendered":"<p>CombiProtect (White) Heyvanlardan t\u0259sirl\u0259nm\u0259y\u0259n h\u0259r\u0259k\u0259tin v\u0259 \u015f\u00fc\u015f\u0259nin q\u0131r\u0131lmas\u0131n\u0131 t\u0259yin ed\u0259n simsiz sensor.<br \/>\n\u018ftrafl\u0131 X\u00fcsusiyy\u0259tl\u0259r:<br \/>\n\u0130kiqat m\u00fchafiz\u0259:<br \/>\nH\u0259r\u0259k\u0259t sensoru say\u0259sind\u0259 otaqda h\u0259r\u0259k\u0259ti d\u0259rhal a\u015fkar edir.<br \/>\nAyr\u0131 bir \u015f\u00fc\u015f\u0259 s\u0131nd\u0131r\u0131lma sensoru is\u0259 p\u0259nc\u0259r\u0259 v\u0259 vitrin \u015f\u00fc\u015f\u0259l\u0259rinin q\u0131r\u0131lmas\u0131n\u0131 m\u00fc\u0259yy\u0259n edir.<br \/>\nSimsiz v\u0259 a\u011f\u0131ll\u0131:<br \/>\n\u018flav\u0259 naqill\u0259r\u0259 ehtiyac olmadan s\u00fcr\u0259tli v\u0259 s\u0259liq\u0259li qura\u015fd\u0131rma.<br \/>\nSmart ev sisteml\u0259rin\u0259 inteqrasiya olunur.<br \/>\nT\u0259hl\u00fck\u0259y\u0259 d\u0259rhal reaksiya:<br \/>\nQap\u0131 v\u0259 p\u0259nc\u0259r\u0259d\u0259n daxil olan ist\u0259nm\u0259y\u0259n \u015f\u0259xsl\u0259r a\u015fkarlananda d\u0259rhal siqnal verir.<br \/>\n\u015e\u00fc\u015f\u0259l\u0259rin toxunulmazl\u0131\u011f\u0131na da n\u0259zar\u0259t edir \u2014 ist\u0259r evd\u0259, ist\u0259r ma\u011fazada.<br \/>\nYanl\u0131\u015f siqnallara qar\u015f\u0131 m\u00fcdafi\u0259:<br \/>\nH\u0259r\u0259k\u0259ti yaln\u0131z insanlara uy\u011fun \u015f\u0259kild\u0259 a\u015fkar edir \u2014 ev heyvanlar\u0131ndan t\u0259sirl\u0259nmir.<br \/>\nA\u011f r\u0259ngli v\u0259 minimalist g\u00f6r\u00fcn\u00fc\u015f ist\u0259nil\u0259n interyer\u0259 uy\u011fundur.<\/p>\n","protected":false},"excerpt":{"rendered":"<p>CombiProtect (White) Heyvanlardan t\u0259sirl\u0259nm\u0259y\u0259n h\u0259r\u0259k\u0259tin v\u0259 \u015f\u00fc\u015f\u0259nin q\u0131r\u0131lmas\u0131n\u0131 t\u0259yin ed\u0259n simsiz sensor. \u018ftrafl\u0131 X\u00fcsusiyy\u0259tl\u0259r: \u0130kiqat m\u00fchafiz\u0259: H\u0259r\u0259k\u0259t sensoru say\u0259sind\u0259 otaqda h\u0259r\u0259k\u0259ti d\u0259rhal a\u015fkar edir. Ayr\u0131 bir \u015f\u00fc\u015f\u0259 s\u0131nd\u0131r\u0131lma sensoru is\u0259 p\u0259nc\u0259r\u0259 v\u0259 vitrin \u015f\u00fc\u015f\u0259l\u0259rinin q\u0131r\u0131lmas\u0131n\u0131 m\u00fc\u0259yy\u0259n edir. Simsiz v\u0259 a\u011f\u0131ll\u0131: \u018flav\u0259 naqill\u0259r\u0259 ehtiyac olmadan s\u00fcr\u0259tli v\u0259 s\u0259liq\u0259li qura\u015fd\u0131rma. Smart ev sisteml\u0259rin\u0259 inteqrasiya olunur. T\u0259hl\u00fck\u0259y\u0259 d\u0259rhal&hellip;<\/p>\n","protected":false},"featured_media":19840,"comment_status":"open","ping_status":"closed","template":"","meta":[],"product_cat":[2837,2839,2835],"product_tag":[3000,4157,4196,4232,3290,4066,4236,4237,4238,4234,2938,4235,4239,4233],"class_list":{"0":"post-19839","1":"product","2":"type-product","3":"status-publish","4":"has-post-thumbnail","6":"product_cat-gsm-thluksizlik-sistemlri","7":"product_cat-sensorlar-v-detektorlar","8":"product_cat-thluksizlik-siqnalizasiyalari","9":"product_tag-agilliev","10":"product_tag-agillisensor","11":"product_tag-agmodel","12":"product_tag-combiprotect","13":"product_tag-evthluksizliyi","14":"product_tag-hrktsensoru","15":"product_tag-pncrmuhafizsi","16":"product_tag-qapithluksizliyi","17":"product_tag-sensorqoruma","18":"product_tag-simsizthluksizlik","19":"product_tag-smarthome","20":"product_tag-soygunculugaqarsi","21":"product_tag-sussensoru","22":"product_tag-sussindirilmasensoru","23":"description-off","25":"first","26":"instock","27":"shipping-taxable","28":"purchasable","29":"product-type-simple"},"_links":{"self":[{"href":"https:\/\/setap.az\/index.php?rest_route=\/wp\/v2\/product\/19839","targetHints":{"allow":["GET"]}}],"collection":[{"href":"https:\/\/setap.az\/index.php?rest_route=\/wp\/v2\/product"}],"about":[{"href":"https:\/\/setap.az\/index.php?rest_route=\/wp\/v2\/types\/product"}],"replies":[{"embeddable":true,"href":"https:\/\/setap.az\/index.php?rest_route=%2Fwp%2Fv2%2Fcomments&post=19839"}],"wp:featuredmedia":[{"embeddable":true,"href":"https:\/\/setap.az\/index.php?rest_route=\/wp\/v2\/media\/19840"}],"wp:attachment":[{"href":"https:\/\/setap.az\/index.php?rest_route=%2Fwp%2Fv2%2Fmedia&parent=19839"}],"wp:term":[{"taxonomy":"product_cat","embeddable":true,"href":"https:\/\/setap.az\/index.php?rest_route=%2Fwp%2Fv2%2Fproduct_cat&post=19839"},{"taxonomy":"product_tag","embeddable":true,"href":"https:\/\/setap.az\/index.php?rest_route=%2Fwp%2Fv2%2Fproduct_tag&post=19839"}],"curies":[{"name":"wp","href":"https:\/\/api.w.org\/{rel}","templated":true}]}}