{"id":19847,"date":"2025-07-02T11:28:33","date_gmt":"2025-07-02T07:28:33","guid":{"rendered":"https:\/\/setap.az\/?post_type=product&#038;p=19847"},"modified":"2025-07-02T11:30:00","modified_gmt":"2025-07-02T07:30:00","slug":"19847","status":"publish","type":"product","link":"https:\/\/setap.az\/?product=19847","title":{"rendered":"Conventional Smoke Detector \/ IP212-141"},"content":{"rendered":"<p>IP\u202f212\u2011141 (Rubezh) \u2013 konvensional (natamam \u00fcnvans\u0131z) optoelektron t\u00fcst\u00fc detektorudur. Yan\u011f\u0131n siqnalizasiya sisteml\u0259rind\u0259 erk\u0259n x\u0259b\u0259rdarl\u0131q m\u0259qs\u0259dil\u0259 a\u015fa\u011f\u0131dak\u0131 funksiyalar\u0131 yerin\u0259 yetirir:<br \/>\nYan\u011f\u0131n detektoru; Detektor h\u0259ssasl\u0131\u011f\u0131: 0,05 &#8211; 0,2 dB\/m; \u0130\u015f\u0259 d\u00fc\u015fm\u0259 inersiyas\u0131: 9 s-d\u0259n art\u0131q olmadan; Icaz\u0259 veril\u0259n hava ax\u0131n\u0131 s\u00fcr\u0259ti: 10 m\/s q\u0259d\u0259r; Fon i\u015f\u0131\u011f\u0131n\u0131n icaz\u0259 veril\u0259n t\u0259sir s\u0259viyy\u0259si: 12000 lk; Qorunma: IP30; G\u00fcc m\u0259nb\u0259yi: 9 &#8211; 30V; \u00d6l\u00e7\u00fcl\u0259ri: 93 \u00d7 46mm; \u00c7\u0259ki: 210 q; R\u0259ng: A\u011f.<\/p>\n","protected":false},"excerpt":{"rendered":"<p>IP\u202f212\u2011141 (Rubezh) \u2013 konvensional (natamam \u00fcnvans\u0131z) optoelektron t\u00fcst\u00fc detektorudur. Yan\u011f\u0131n siqnalizasiya sisteml\u0259rind\u0259 erk\u0259n x\u0259b\u0259rdarl\u0131q m\u0259qs\u0259dil\u0259 a\u015fa\u011f\u0131dak\u0131 funksiyalar\u0131 yerin\u0259 yetirir: Yan\u011f\u0131n detektoru; Detektor h\u0259ssasl\u0131\u011f\u0131: 0,05 &#8211; 0,2 dB\/m; \u0130\u015f\u0259 d\u00fc\u015fm\u0259 inersiyas\u0131: 9 s-d\u0259n art\u0131q olmadan; Icaz\u0259 veril\u0259n hava ax\u0131n\u0131 s\u00fcr\u0259ti: 10 m\/s q\u0259d\u0259r; Fon i\u015f\u0131\u011f\u0131n\u0131n icaz\u0259 veril\u0259n t\u0259sir s\u0259viyy\u0259si: 12000 lk; Qorunma: IP30; G\u00fcc m\u0259nb\u0259yi: 9&hellip;<\/p>\n","protected":false},"featured_media":19848,"comment_status":"open","ping_status":"closed","template":"","meta":[],"product_cat":[2852,2837],"product_tag":[3290,4274,4266,4273,4270,4269,4267,3034,4272,4156,4271,4268],"class_list":{"0":"post-19847","1":"product","2":"type-product","3":"status-publish","4":"has-post-thumbnail","6":"product_cat-detektorlar","7":"product_cat-gsm-thluksizlik-sistemlri","8":"product_tag-evthluksizliyi","9":"product_tag-fotoelektrondetektor","10":"product_tag-ip212141","11":"product_tag-klass2sensor","12":"product_tag-konvensionaldetektor","13":"product_tag-optoelektronsensor","14":"product_tag-rubezhsmokedetector","15":"product_tag-thluksizliksistemi","16":"product_tag-thsilobyektlri","17":"product_tag-tustudetektoru","18":"product_tag-uzunomurludetektor","19":"product_tag-yanginsiqnalizasiyasi","20":"description-off","22":"first","23":"instock","24":"shipping-taxable","25":"purchasable","26":"product-type-simple"},"_links":{"self":[{"href":"https:\/\/setap.az\/index.php?rest_route=\/wp\/v2\/product\/19847","targetHints":{"allow":["GET"]}}],"collection":[{"href":"https:\/\/setap.az\/index.php?rest_route=\/wp\/v2\/product"}],"about":[{"href":"https:\/\/setap.az\/index.php?rest_route=\/wp\/v2\/types\/product"}],"replies":[{"embeddable":true,"href":"https:\/\/setap.az\/index.php?rest_route=%2Fwp%2Fv2%2Fcomments&post=19847"}],"wp:featuredmedia":[{"embeddable":true,"href":"https:\/\/setap.az\/index.php?rest_route=\/wp\/v2\/media\/19848"}],"wp:attachment":[{"href":"https:\/\/setap.az\/index.php?rest_route=%2Fwp%2Fv2%2Fmedia&parent=19847"}],"wp:term":[{"taxonomy":"product_cat","embeddable":true,"href":"https:\/\/setap.az\/index.php?rest_route=%2Fwp%2Fv2%2Fproduct_cat&post=19847"},{"taxonomy":"product_tag","embeddable":true,"href":"https:\/\/setap.az\/index.php?rest_route=%2Fwp%2Fv2%2Fproduct_tag&post=19847"}],"curies":[{"name":"wp","href":"https:\/\/api.w.org\/{rel}","templated":true}]}}