{"id":19850,"date":"2025-07-02T12:28:30","date_gmt":"2025-07-02T08:28:30","guid":{"rendered":"https:\/\/setap.az\/?post_type=product&#038;p=19850"},"modified":"2025-07-02T12:28:31","modified_gmt":"2025-07-02T08:28:31","slug":"tp-link-tl-mr100-n300-4g-lte-wi-fi-router","status":"publish","type":"product","link":"https:\/\/setap.az\/?product=tp-link-tl-mr100-n300-4g-lte-wi-fi-router","title":{"rendered":"TP-Link TL-MR100 \u2013 N300 4G LTE Wi-Fi router"},"content":{"rendered":"<p>Daxili 4G LTE modemi v\u0259 SIM kart yuvas\u0131 say\u0259sind\u0259 i\u015fl\u0259m\u0259k \u00fc\u00e7\u00fcn t\u0259k ehtiyac\u0131n\u0131z olan \u2013 SIM kart\u0131 daxil edib routeri qo\u015fmaqd\u0131r.<br \/>\n4G Wi-Fi routerin \u0259sas x\u00fcsusiyy\u0259tl\u0259ri:<br \/>\n32 Wi-Fi cihaz \u00fc\u00e7\u00fcn 4G LTE internet\u0259 \u00e7\u0131x\u0131\u015f \u2013 y\u00fckl\u0259m\u0259 s\u00fcr\u0259ti 150 Mbit\/s-\u0259 q\u0259d\u0259r<br \/>\nQura\u015fd\u0131rma t\u0259l\u0259b etmir \u2013 sad\u0259c\u0259 SIM kart\u0131 daxil edin v\u0259 routeri qo\u015fun, y\u00fcks\u0259k s\u00fcr\u0259tli internet\u0259 haz\u0131r olun<br \/>\n\u0130ki g\u00fccl\u00fc \u00e7\u0131xar\u0131la bil\u0259n LTE antenas\u0131 \u2013 sabit simsiz ba\u011flant\u0131 v\u0259 geni\u015f \u0259hat\u0259 sah\u0259si \u00fc\u00e7\u00fcn<br \/>\nLAN\/WAN portu \u2013 Ethernet kabeli vasit\u0259sil\u0259 ehtiyat ba\u011flant\u0131 imkan\u0131<br \/>\n4G LTE \u015f\u0259b\u0259k\u0259sind\u0259 Wi-Fi istifad\u0259si he\u00e7 vaxt bu q\u0259d\u0259r sad\u0259 v\u0259 rahat olmam\u0131\u015fd\u0131<\/p>\n","protected":false},"excerpt":{"rendered":"<p>Daxili 4G LTE modemi v\u0259 SIM kart yuvas\u0131 say\u0259sind\u0259 i\u015fl\u0259m\u0259k \u00fc\u00e7\u00fcn t\u0259k ehtiyac\u0131n\u0131z olan \u2013 SIM kart\u0131 daxil edib routeri qo\u015fmaqd\u0131r. 4G Wi-Fi routerin \u0259sas x\u00fcsusiyy\u0259tl\u0259ri: 32 Wi-Fi cihaz \u00fc\u00e7\u00fcn 4G LTE internet\u0259 \u00e7\u0131x\u0131\u015f \u2013 y\u00fckl\u0259m\u0259 s\u00fcr\u0259ti 150 Mbit\/s-\u0259 q\u0259d\u0259r Qura\u015fd\u0131rma t\u0259l\u0259b etmir \u2013 sad\u0259c\u0259 SIM kart\u0131 daxil edin v\u0259 routeri qo\u015fun, y\u00fcks\u0259k s\u00fcr\u0259tli internet\u0259&hellip;<\/p>\n","protected":false},"featured_media":19851,"comment_status":"open","ping_status":"closed","template":"","meta":[],"product_cat":[2827,2833],"product_tag":[4276,4286,4284,4280,4279,4282,4285,4283,4278,4277,3075,4275,3436,4281],"class_list":{"0":"post-19850","1":"product","2":"type-product","3":"status-publish","4":"has-post-thumbnail","6":"product_cat-3g-4g-router","7":"product_cat-routerlr","8":"product_tag-4glterouter","9":"product_tag-ethernetbackup","10":"product_tag-evinterneti","11":"product_tag-lteantena","12":"product_tag-mobilinternet","13":"product_tag-n300router","14":"product_tag-ofiswifi","15":"product_tag-routerqurasdirmayoxdur","16":"product_tag-simkartrouter","17":"product_tag-simsizinternet","18":"product_tag-tplinkazrbaycan","19":"product_tag-tplinkmr100","20":"product_tag-wifirouter","21":"product_tag-yuksksurtliinternet","22":"description-off","24":"first","25":"instock","26":"shipping-taxable","27":"purchasable","28":"product-type-simple"},"_links":{"self":[{"href":"https:\/\/setap.az\/index.php?rest_route=\/wp\/v2\/product\/19850","targetHints":{"allow":["GET"]}}],"collection":[{"href":"https:\/\/setap.az\/index.php?rest_route=\/wp\/v2\/product"}],"about":[{"href":"https:\/\/setap.az\/index.php?rest_route=\/wp\/v2\/types\/product"}],"replies":[{"embeddable":true,"href":"https:\/\/setap.az\/index.php?rest_route=%2Fwp%2Fv2%2Fcomments&post=19850"}],"wp:featuredmedia":[{"embeddable":true,"href":"https:\/\/setap.az\/index.php?rest_route=\/wp\/v2\/media\/19851"}],"wp:attachment":[{"href":"https:\/\/setap.az\/index.php?rest_route=%2Fwp%2Fv2%2Fmedia&parent=19850"}],"wp:term":[{"taxonomy":"product_cat","embeddable":true,"href":"https:\/\/setap.az\/index.php?rest_route=%2Fwp%2Fv2%2Fproduct_cat&post=19850"},{"taxonomy":"product_tag","embeddable":true,"href":"https:\/\/setap.az\/index.php?rest_route=%2Fwp%2Fv2%2Fproduct_tag&post=19850"}],"curies":[{"name":"wp","href":"https:\/\/api.w.org\/{rel}","templated":true}]}}