{"id":19870,"date":"2025-07-03T15:03:11","date_gmt":"2025-07-03T11:03:11","guid":{"rendered":"https:\/\/setap.az\/?post_type=product&#038;p=19870"},"modified":"2025-07-03T15:42:42","modified_gmt":"2025-07-03T11:42:42","slug":"patch-cord","status":"publish","type":"product","link":"https:\/\/setap.az\/?product=patch-cord","title":{"rendered":"Patch Cord"},"content":{"rendered":"<p>Patch Cord \u2013 s\u00fcr\u0259tli v\u0259 etibarl\u0131 ba\u011flant\u0131 \u00fc\u00e7\u00fcn!<br \/>\nOfisd\u0259 v\u0259 ya evd\u0259 \u015f\u0259b\u0259k\u0259 cihazlar\u0131n\u0131 birl\u0259\u015fdirm\u0259k \u00fc\u00e7\u00fcn ideal se\u00e7im! Cat5e v\u0259 Cat6 standartlar\u0131nda m\u00f6vcud olan Patch Cord kabell\u0259ri il\u0259 internet ba\u011flant\u0131n\u0131z daim sabit, s\u00fcr\u0259tli v\u0259 t\u0259hl\u00fck\u0259siz olsun!<br \/>\nQal\u0131n 1m &#8211; 4.10 Azn<br \/>\nNazik 1m &#8211; 2 Azn<br \/>\nNazik 0.5m &#8211; 1 Azn<\/p>\n","protected":false},"excerpt":{"rendered":"<p>Patch Cord \u2013 s\u00fcr\u0259tli v\u0259 etibarl\u0131 ba\u011flant\u0131 \u00fc\u00e7\u00fcn! Ofisd\u0259 v\u0259 ya evd\u0259 \u015f\u0259b\u0259k\u0259 cihazlar\u0131n\u0131 birl\u0259\u015fdirm\u0259k \u00fc\u00e7\u00fcn ideal se\u00e7im! Cat5e v\u0259 Cat6 standartlar\u0131nda m\u00f6vcud olan Patch Cord kabell\u0259ri il\u0259 internet ba\u011flant\u0131n\u0131z daim sabit, s\u00fcr\u0259tli v\u0259 t\u0259hl\u00fck\u0259siz olsun! Qal\u0131n 1m &#8211; 4.10 Azn Nazik 1m &#8211; 2 Azn Nazik 0.5m &#8211; 1 Azn<\/p>\n","protected":false},"featured_media":19871,"comment_status":"open","ping_status":"closed","template":"","meta":[],"product_cat":[2813],"product_tag":[4351,3444,3446,4354,3447,4350,4355,3450,3826,4353,2926,4357,4352,4356],"class_list":{"0":"post-19870","1":"product","2":"type-product","3":"status-publish","4":"has-post-thumbnail","6":"product_cat-pac-kordlar","7":"product_tag-cat5e","8":"product_tag-cat6","9":"product_tag-ethernetkabel","10":"product_tag-internetbaglantisi","11":"product_tag-networkkabel","12":"product_tag-patchcord","13":"product_tag-qisakabel","14":"product_tag-rj45","15":"product_tag-sbkavadanligi","16":"product_tag-sbkkabeli","17":"product_tag-tplink","18":"product_tag-ugreen","19":"product_tag-utpkabel","20":"product_tag-vcom","21":"description-off","23":"first","24":"instock","25":"shipping-taxable","26":"purchasable","27":"product-type-simple"},"_links":{"self":[{"href":"https:\/\/setap.az\/index.php?rest_route=\/wp\/v2\/product\/19870","targetHints":{"allow":["GET"]}}],"collection":[{"href":"https:\/\/setap.az\/index.php?rest_route=\/wp\/v2\/product"}],"about":[{"href":"https:\/\/setap.az\/index.php?rest_route=\/wp\/v2\/types\/product"}],"replies":[{"embeddable":true,"href":"https:\/\/setap.az\/index.php?rest_route=%2Fwp%2Fv2%2Fcomments&post=19870"}],"wp:featuredmedia":[{"embeddable":true,"href":"https:\/\/setap.az\/index.php?rest_route=\/wp\/v2\/media\/19871"}],"wp:attachment":[{"href":"https:\/\/setap.az\/index.php?rest_route=%2Fwp%2Fv2%2Fmedia&parent=19870"}],"wp:term":[{"taxonomy":"product_cat","embeddable":true,"href":"https:\/\/setap.az\/index.php?rest_route=%2Fwp%2Fv2%2Fproduct_cat&post=19870"},{"taxonomy":"product_tag","embeddable":true,"href":"https:\/\/setap.az\/index.php?rest_route=%2Fwp%2Fv2%2Fproduct_tag&post=19870"}],"curies":[{"name":"wp","href":"https:\/\/api.w.org\/{rel}","templated":true}]}}