{"id":19950,"date":"2025-08-16T16:33:20","date_gmt":"2025-08-16T12:33:20","guid":{"rendered":"https:\/\/setap.az\/?post_type=product&#038;p=19950"},"modified":"2026-02-20T15:16:14","modified_gmt":"2026-02-20T11:16:14","slug":"seagate-video-hdd-35-sata-1tb-st1000vx012","status":"publish","type":"product","link":"https:\/\/setap.az\/?product=seagate-video-hdd-35-sata-1tb-st1000vx012","title":{"rendered":"SEAGATE VIDEO HDD 3,5 SATA &#8211; 1TB ( ST1000VX012 )"},"content":{"rendered":"<p>Seagate Video HDD ST1000VX012 \u2013 1TB<br \/>\n1TB, 3.5&#8243; HDD<br \/>\nSATA 6Gb\/s<br \/>\n64MB ke\u015f<br \/>\n5900RPM<br \/>\n24\/7 video qeyd \u00fc\u00e7\u00fcn optimalla\u015fd\u0131r\u0131l\u0131b<br \/>\nMTBF: 1 milyon saat<br \/>\n\u0130llik i\u015f y\u00fck\u00fc: 180TB<\/p>\n","protected":false},"excerpt":{"rendered":"<p>Seagate Video HDD ST1000VX012 \u2013 1TB 1TB, 3.5&#8243; HDD SATA 6Gb\/s 64MB ke\u015f 5900RPM 24\/7 video qeyd \u00fc\u00e7\u00fcn optimalla\u015fd\u0131r\u0131l\u0131b MTBF: 1 milyon saat \u0130llik i\u015f y\u00fck\u00fc: 180TB<\/p>\n","protected":false},"featured_media":19951,"comment_status":"open","ping_status":"closed","template":"","meta":[],"product_cat":[2843,2823,2824,2825],"product_tag":[4582,4583,4587,4557,4584,4589,4588,4577,4573,4586,4585],"class_list":{"0":"post-19950","1":"product","2":"type-product","3":"status-publish","4":"has-post-thumbnail","6":"product_cat-hdd-yaddas-qurgulari","7":"product_cat-kompyuter-aksesuarlari","8":"product_cat-noutbuklar-v-aksesuarlar","9":"product_cat-xarici-srt-disklr-yaddas-kartlari-flash","10":"product_tag-180tb","11":"product_tag-1mhours","12":"product_tag-1tb","13":"product_tag-24x7","14":"product_tag-3yearwarranty","15":"product_tag-5900rpm","16":"product_tag-64mbcache","17":"product_tag-sata6gb-s","18":"product_tag-seagate","19":"product_tag-st1000vx012","20":"product_tag-videohdd","21":"description-off","23":"first","24":"instock","25":"shipping-taxable","26":"purchasable","27":"product-type-simple"},"_links":{"self":[{"href":"https:\/\/setap.az\/index.php?rest_route=\/wp\/v2\/product\/19950","targetHints":{"allow":["GET"]}}],"collection":[{"href":"https:\/\/setap.az\/index.php?rest_route=\/wp\/v2\/product"}],"about":[{"href":"https:\/\/setap.az\/index.php?rest_route=\/wp\/v2\/types\/product"}],"replies":[{"embeddable":true,"href":"https:\/\/setap.az\/index.php?rest_route=%2Fwp%2Fv2%2Fcomments&post=19950"}],"wp:featuredmedia":[{"embeddable":true,"href":"https:\/\/setap.az\/index.php?rest_route=\/wp\/v2\/media\/19951"}],"wp:attachment":[{"href":"https:\/\/setap.az\/index.php?rest_route=%2Fwp%2Fv2%2Fmedia&parent=19950"}],"wp:term":[{"taxonomy":"product_cat","embeddable":true,"href":"https:\/\/setap.az\/index.php?rest_route=%2Fwp%2Fv2%2Fproduct_cat&post=19950"},{"taxonomy":"product_tag","embeddable":true,"href":"https:\/\/setap.az\/index.php?rest_route=%2Fwp%2Fv2%2Fproduct_tag&post=19950"}],"curies":[{"name":"wp","href":"https:\/\/api.w.org\/{rel}","templated":true}]}}