{"id":19974,"date":"2025-08-22T15:39:38","date_gmt":"2025-08-22T11:39:38","guid":{"rendered":"https:\/\/setap.az\/?post_type=product&#038;p=19974"},"modified":"2025-08-22T15:39:38","modified_gmt":"2025-08-22T11:39:38","slug":"5ghz-dual-stream-wireless-bridge-ruijie-rg-est350-v2","status":"publish","type":"product","link":"https:\/\/setap.az\/?product=5ghz-dual-stream-wireless-bridge-ruijie-rg-est350-v2","title":{"rendered":"5GHz Dual-stream Wireless Bridge Ruijie RG-EST350 V2"},"content":{"rendered":"<p>Standart: Wi-Fi 5 (802.11ac), 5 GHz dual-stream (2\u00d72 MIMO), maksimum real \u00f6t\u00fcrm\u0259 s\u00fcr\u0259ti 867 Mbps<br \/>\n\u018fhat\u0259 m\u0259saf\u0259si: Effektiv PTP\/PTMP uzun m\u0259saf\u0259li \u00f6t\u00fcrm\u0259\u2014t\u0259xmin\u0259n 5 km<br \/>\nAnten: Daxili y\u00f6n\u0259ldilmi\u015f anten \u2014 15 dBi, 31\u00b0 \u00fcf\u00fcqi \u00d7 14\u00b0 \u015faquli \u015f\u00fca buca\u011f\u0131<br \/>\nPortlar: 2 \u00d7 Gigabit Ethernet (10\/100\/1000 Mbps) portu<br \/>\nHava \u015f\u0259rtl\u0259rin\u0259 davaml\u0131l\u0131q: IP 54 reytinqi il\u0259 toza v\u0259 y\u00fcng\u00fcl ya\u011f\u0131\u015fa qar\u015f\u0131 qorunan g\u00f6vd\u0259, i\u015fl\u0259m\u0259 temperatur diapazonu \u201330 \u00b0C\u2026+65 \u00b0C<br \/>\n3 km m\u0259saf\u0259d\u0259 \u2014 45 \u00d7 2 MP kameran\u0131 d\u0259st\u0259kl\u0259y\u0259 bil\u0259r;<br \/>\n5 km m\u0259saf\u0259d\u0259 \u2014 20 \u00d7 2 MP kameran\u0131 da\u015f\u0131ya bil\u0259r (H.265, 3 Mbps)<br \/>\nUzaqdan idar\u0259etm\u0259: Ruijie Cloud vasit\u0259sil\u0259 vizual statistika v\u0259 uzaqmonitorinq d\u0259st\u0259yi, h\u0259m\u00e7inin \u201cself-healing\u201d (avtomatik yenid\u0259n ba\u015flama) funksiyas\u0131 m\u00f6vcuddur<\/p>\n","protected":false},"excerpt":{"rendered":"<p>Standart: Wi-Fi 5 (802.11ac), 5 GHz dual-stream (2\u00d72 MIMO), maksimum real \u00f6t\u00fcrm\u0259 s\u00fcr\u0259ti 867 Mbps \u018fhat\u0259 m\u0259saf\u0259si: Effektiv PTP\/PTMP uzun m\u0259saf\u0259li \u00f6t\u00fcrm\u0259\u2014t\u0259xmin\u0259n 5 km Anten: Daxili y\u00f6n\u0259ldilmi\u015f anten \u2014 15 dBi, 31\u00b0 \u00fcf\u00fcqi \u00d7 14\u00b0 \u015faquli \u015f\u00fca buca\u011f\u0131 Portlar: 2 \u00d7 Gigabit Ethernet (10\/100\/1000 Mbps) portu Hava \u015f\u0259rtl\u0259rin\u0259 davaml\u0131l\u0131q: IP 54 reytinqi il\u0259 toza v\u0259&hellip;<\/p>\n","protected":false},"featured_media":19975,"comment_status":"open","ping_status":"closed","template":"","meta":[],"product_cat":[2826],"product_tag":[4656],"class_list":{"0":"post-19974","1":"product","2":"type-product","3":"status-publish","4":"has-post-thumbnail","6":"product_cat-sbk-avadanligi-wi-fi","7":"product_tag-ruijie-rgest350v2-wirelessbridge-5ghz-dualstream-wifibridge-highspeed-stabilbaglanti-outdoorwifi-meshwifi-ruijienetworks-internetkorpu-wifiextender","8":"description-off","10":"first","11":"instock","12":"shipping-taxable","13":"purchasable","14":"product-type-simple"},"_links":{"self":[{"href":"https:\/\/setap.az\/index.php?rest_route=\/wp\/v2\/product\/19974","targetHints":{"allow":["GET"]}}],"collection":[{"href":"https:\/\/setap.az\/index.php?rest_route=\/wp\/v2\/product"}],"about":[{"href":"https:\/\/setap.az\/index.php?rest_route=\/wp\/v2\/types\/product"}],"replies":[{"embeddable":true,"href":"https:\/\/setap.az\/index.php?rest_route=%2Fwp%2Fv2%2Fcomments&post=19974"}],"wp:featuredmedia":[{"embeddable":true,"href":"https:\/\/setap.az\/index.php?rest_route=\/wp\/v2\/media\/19975"}],"wp:attachment":[{"href":"https:\/\/setap.az\/index.php?rest_route=%2Fwp%2Fv2%2Fmedia&parent=19974"}],"wp:term":[{"taxonomy":"product_cat","embeddable":true,"href":"https:\/\/setap.az\/index.php?rest_route=%2Fwp%2Fv2%2Fproduct_cat&post=19974"},{"taxonomy":"product_tag","embeddable":true,"href":"https:\/\/setap.az\/index.php?rest_route=%2Fwp%2Fv2%2Fproduct_tag&post=19974"}],"curies":[{"name":"wp","href":"https:\/\/api.w.org\/{rel}","templated":true}]}}