{"id":20044,"date":"2025-08-29T10:37:57","date_gmt":"2025-08-29T06:37:57","guid":{"rendered":"https:\/\/setap.az\/?post_type=product&#038;p=20044"},"modified":"2026-01-12T11:06:35","modified_gmt":"2026-01-12T07:06:35","slug":"2-mp-ip-kamera-hikvision-ds-2cd1023g2-liuf","status":"publish","type":"product","link":"https:\/\/setap.az\/?product=2-mp-ip-kamera-hikvision-ds-2cd1023g2-liuf","title":{"rendered":"HIKVISION DS-2CD1023G2-LIUF 2 MP IP Kamera"},"content":{"rendered":"<p>HIKVISION DS-2CD1023G2-LIUF \u2014 2 MP IP m\u00fc\u015fahid\u0259 kameras\u0131, ikit\u0259r\u0259fli audio d\u0259st\u0259yi il\u0259. Full HD (1920\u00d71080) g\u00f6r\u00fcnt\u00fc t\u0259min edir v\u0259 30 metr\u0259d\u0259k infraq\u0131rm\u0131z\u0131 i\u015f\u0131qland\u0131rma say\u0259sind\u0259 gec\u0259 d\u0259 ayd\u0131n \u00e7\u0259kili\u015f imkan\u0131 yarad\u0131r. Daxili mikrofon v\u0259 dinamik say\u0259sind\u0259 h\u0259m s\u0259s yazmaq, h\u0259m d\u0259 kamera vasit\u0259sil\u0259 ikit\u0259r\u0259fli \u00fcnsiyy\u0259t qurmaq m\u00fcmk\u00fcnd\u00fcr. D\u0259rin alqoritml\u0259r say\u0259sind\u0259 yaln\u0131\u015f siqnallar\u0131 minimuma endirir, yaln\u0131z insan v\u0259 n\u0259qliyyat vasit\u0259l\u0259rinin h\u0259r\u0259k\u0259tini a\u015fkarlay\u0131r. M\u00fcasir H.265+\/H.264+ kodekl\u0259rini d\u0259st\u0259kl\u0259yir, z\u0259if i\u015f\u0131qland\u0131rmada ayd\u0131n g\u00f6r\u00fcnt\u00fc t\u0259min edir v\u0259 IP67 qoruma sinfi say\u0259sind\u0259 a\u00e7\u0131q havada istifad\u0259y\u0259 uy\u011fundur.<\/p>\n<p>\u00dcst\u00fcnl\u00fckl\u0259r:<\/p>\n<p>2 MP (Full HD) y\u00fcks\u0259k keyfiyy\u0259tli g\u00f6r\u00fcnt\u00fc<br \/>\n\u0130nsanlar\u0131n v\u0259 n\u0259qliyyat vasit\u0259l\u0259rinin a\u015fkarlanmas\u0131<br \/>\nSmart Hybrid Light texnologiyas\u0131 il\u0259 gec\u0259 d\u0259 ayd\u0131n r\u0259ngli g\u00f6r\u00fcnt\u00fc<br \/>\nHik-Connect v\u0259 Hikvision NVR-l\u0259rl\u0259 uy\u011funluq<br \/>\n\u0130kit\u0259r\u0259fli audio (mikrofon v\u0259 dinamik)<br \/>\n256 GB-\u0259 q\u0259d\u0259r microSD d\u0259st\u0259yi il\u0259 lokal yaz\u0131<br \/>\n30 m IR i\u015f\u0131qland\u0131rma il\u0259 gec\u0259 m\u00fc\u015fahid\u0259si<br \/>\nIP67 qorunma d\u0259r\u0259c\u0259si \u2013 a\u00e7\u0131q hava \u00fc\u00e7\u00fcn etibarl\u0131 i\u015f<br \/>\nAsan qura\u015fd\u0131rma v\u0259 PoE il\u0259 enerji t\u0259minat\u0131<\/p>\n","protected":false},"excerpt":{"rendered":"<p>HIKVISION DS-2CD1023G2-LIUF \u2014 2 MP IP m\u00fc\u015fahid\u0259 kameras\u0131, ikit\u0259r\u0259fli audio d\u0259st\u0259yi il\u0259. Full HD (1920\u00d71080) g\u00f6r\u00fcnt\u00fc t\u0259min edir v\u0259 30 metr\u0259d\u0259k infraq\u0131rm\u0131z\u0131 i\u015f\u0131qland\u0131rma say\u0259sind\u0259 gec\u0259 d\u0259 ayd\u0131n \u00e7\u0259kili\u015f imkan\u0131 yarad\u0131r. Daxili mikrofon v\u0259 dinamik say\u0259sind\u0259 h\u0259m s\u0259s yazmaq, h\u0259m d\u0259 kamera vasit\u0259sil\u0259 ikit\u0259r\u0259fli \u00fcnsiyy\u0259t qurmaq m\u00fcmk\u00fcnd\u00fcr. D\u0259rin alqoritml\u0259r say\u0259sind\u0259 yaln\u0131\u015f siqnallar\u0131 minimuma endirir, yaln\u0131z insan&hellip;<\/p>\n","protected":false},"featured_media":20045,"comment_status":"open","ping_status":"closed","template":"","meta":[],"product_cat":[4016,2803,5271,2841],"product_tag":[4724,4752,4761,4765,2941,3377,3260,4738,4756,4748,3142],"class_list":{"0":"post-20044","1":"product","2":"type-product","3":"status-publish","4":"has-post-thumbnail","6":"product_cat-hikvision","7":"product_cat-ip","8":"product_cat-thluksizlik-kamerasi","9":"product_cat-videonzart","10":"product_tag-2mp","11":"product_tag-acusense","12":"product_tag-bulletcamera","13":"product_tag-ds2cd1023g2liuf","14":"product_tag-hikvision","15":"product_tag-ip67","16":"product_tag-ipcamera","17":"product_tag-ir","18":"product_tag-mikrofon","19":"product_tag-outdoorcamera","20":"product_tag-thluksizlik","21":"description-off","23":"first","24":"instock","25":"shipping-taxable","26":"purchasable","27":"product-type-simple"},"_links":{"self":[{"href":"https:\/\/setap.az\/index.php?rest_route=\/wp\/v2\/product\/20044","targetHints":{"allow":["GET"]}}],"collection":[{"href":"https:\/\/setap.az\/index.php?rest_route=\/wp\/v2\/product"}],"about":[{"href":"https:\/\/setap.az\/index.php?rest_route=\/wp\/v2\/types\/product"}],"replies":[{"embeddable":true,"href":"https:\/\/setap.az\/index.php?rest_route=%2Fwp%2Fv2%2Fcomments&post=20044"}],"wp:featuredmedia":[{"embeddable":true,"href":"https:\/\/setap.az\/index.php?rest_route=\/wp\/v2\/media\/20045"}],"wp:attachment":[{"href":"https:\/\/setap.az\/index.php?rest_route=%2Fwp%2Fv2%2Fmedia&parent=20044"}],"wp:term":[{"taxonomy":"product_cat","embeddable":true,"href":"https:\/\/setap.az\/index.php?rest_route=%2Fwp%2Fv2%2Fproduct_cat&post=20044"},{"taxonomy":"product_tag","embeddable":true,"href":"https:\/\/setap.az\/index.php?rest_route=%2Fwp%2Fv2%2Fproduct_tag&post=20044"}],"curies":[{"name":"wp","href":"https:\/\/api.w.org\/{rel}","templated":true}]}}