{"id":20058,"date":"2025-08-29T15:06:47","date_gmt":"2025-08-29T11:06:47","guid":{"rendered":"https:\/\/setap.az\/?post_type=product&#038;p=20058"},"modified":"2025-08-29T15:06:48","modified_gmt":"2025-08-29T11:06:48","slug":"hikvision-ds-2cd1143g2-liuf-4-mp-mikrofonlu-ip-kamera","status":"publish","type":"product","link":"https:\/\/setap.az\/?product=hikvision-ds-2cd1143g2-liuf-4-mp-mikrofonlu-ip-kamera","title":{"rendered":"HIKVISION DS-2CD1143G2-LIUF 4 MP Mikrofonlu IP Kamera"},"content":{"rendered":"<p>HIKVISION DS-2CD1143G2-LIUF \u2014 4 MP IP Kamera, daxili mikrofon, ikit\u0259r\u0259fli audio d\u0259st\u0259yi il\u0259. Kamera 2688\u00d71520 (4 MP) y\u00fcks\u0259k d\u0259qiqlikli g\u00f6r\u00fcnt\u00fc t\u0259qdim edir. X\u00fcsusi alqoritml\u0259r say\u0259sind\u0259 insan v\u0259 n\u0259qliyyat vasit\u0259l\u0259rini d\u0259qiq a\u015fkar ed\u0259r\u0259k yaln\u0131\u015f t\u0259hl\u00fck\u0259 siqnallar\u0131n\u0131 azald\u0131r. Smart Hybrid Light texnologiyas\u0131 tam qaranl\u0131qda bel\u0259 uzaq m\u0259saf\u0259d\u0259 ayd\u0131n g\u00f6r\u00fcnt\u00fc yarad\u0131r. 512 GB-a q\u0259d\u0259r microSD kart yuvas\u0131 lokal yaz\u0131 \u00fc\u00e7\u00fcn istifad\u0259 oluna bil\u0259r. H.265+ s\u0131x\u0131lma texnologiyas\u0131 \u015f\u0259b\u0259k\u0259 v\u0259 yadda\u015fdan s\u0259m\u0259r\u0259li istifad\u0259ni t\u0259min edir. IP67 v\u0259 IK08 qorunma standartlar\u0131 kameran\u0131 h\u0259m a\u00e7\u0131q havada, h\u0259m d\u0259 daxili m\u0259kanlarda etibarl\u0131 edir.<\/p>\n<p>\u00dcst\u00fcnl\u00fckl\u0259r:<\/p>\n<p>4 MP (2688\u00d71520) y\u00fcks\u0259k d\u0259qiqlikli g\u00f6r\u00fcnt\u00fc<br \/>\n\u0130nsanlar\u0131n v\u0259 n\u0259qliyyat vasit\u0259l\u0259rinin a\u015fkarlanmas\u0131<br \/>\nSmart Hybrid Light \u2013 30 m-\u0259 q\u0259d\u0259r IR i\u015f\u0131qland\u0131rma il\u0259 gec\u0259 m\u00fc\u015fahid\u0259si<br \/>\nDaxili mikrofon<br \/>\n512 GB microSD d\u0259st\u0259yi \u2013 NVR olmadan yaz\u0131<br \/>\nH.265+ s\u0131x\u0131lma texnologiyas\u0131 \u2013 yadda\u015f v\u0259 \u015f\u0259b\u0259k\u0259y\u0259 q\u0259na\u0259t<br \/>\nIP67 v\u0259 IK08 \u2013 hava \u015f\u0259raitin\u0259 v\u0259 vandall\u0131\u011fa davaml\u0131l\u0131q<br \/>\nA\u00e7\u0131q v\u0259 qapal\u0131 m\u0259kanlarda qura\u015fd\u0131rma \u00fc\u00e7\u00fcn uy\u011fundur<\/p>\n","protected":false},"excerpt":{"rendered":"<p>HIKVISION DS-2CD1143G2-LIUF \u2014 4 MP IP Kamera, daxili mikrofon, ikit\u0259r\u0259fli audio d\u0259st\u0259yi il\u0259. Kamera 2688\u00d71520 (4 MP) y\u00fcks\u0259k d\u0259qiqlikli g\u00f6r\u00fcnt\u00fc t\u0259qdim edir. X\u00fcsusi alqoritml\u0259r say\u0259sind\u0259 insan v\u0259 n\u0259qliyyat vasit\u0259l\u0259rini d\u0259qiq a\u015fkar ed\u0259r\u0259k yaln\u0131\u015f t\u0259hl\u00fck\u0259 siqnallar\u0131n\u0131 azald\u0131r. Smart Hybrid Light texnologiyas\u0131 tam qaranl\u0131qda bel\u0259 uzaq m\u0259saf\u0259d\u0259 ayd\u0131n g\u00f6r\u00fcnt\u00fc yarad\u0131r. 512 GB-a q\u0259d\u0259r microSD kart yuvas\u0131 lokal&hellip;<\/p>\n","protected":false},"featured_media":20057,"comment_status":"open","ping_status":"closed","template":"","meta":[],"product_cat":[4016,2803,2849,2841],"product_tag":[4652,4758,4773,2941,3377,3260,4738,4756,4748,2934,3142],"class_list":{"0":"post-20058","1":"product","2":"type-product","3":"status-publish","4":"has-post-thumbnail","6":"product_cat-hikvision","7":"product_cat-ip","8":"product_cat-videokameralar","9":"product_cat-videonzart","10":"product_tag-4mp","11":"product_tag-domecamera","12":"product_tag-ds2cd1143g2liuf","13":"product_tag-hikvision","14":"product_tag-ip67","15":"product_tag-ipcamera","16":"product_tag-ir","17":"product_tag-mikrofon","18":"product_tag-outdoorcamera","19":"product_tag-smartsecurity","20":"product_tag-thluksizlik","21":"description-off","23":"first","24":"instock","25":"shipping-taxable","26":"purchasable","27":"product-type-simple"},"_links":{"self":[{"href":"https:\/\/setap.az\/index.php?rest_route=\/wp\/v2\/product\/20058","targetHints":{"allow":["GET"]}}],"collection":[{"href":"https:\/\/setap.az\/index.php?rest_route=\/wp\/v2\/product"}],"about":[{"href":"https:\/\/setap.az\/index.php?rest_route=\/wp\/v2\/types\/product"}],"replies":[{"embeddable":true,"href":"https:\/\/setap.az\/index.php?rest_route=%2Fwp%2Fv2%2Fcomments&post=20058"}],"wp:featuredmedia":[{"embeddable":true,"href":"https:\/\/setap.az\/index.php?rest_route=\/wp\/v2\/media\/20057"}],"wp:attachment":[{"href":"https:\/\/setap.az\/index.php?rest_route=%2Fwp%2Fv2%2Fmedia&parent=20058"}],"wp:term":[{"taxonomy":"product_cat","embeddable":true,"href":"https:\/\/setap.az\/index.php?rest_route=%2Fwp%2Fv2%2Fproduct_cat&post=20058"},{"taxonomy":"product_tag","embeddable":true,"href":"https:\/\/setap.az\/index.php?rest_route=%2Fwp%2Fv2%2Fproduct_tag&post=20058"}],"curies":[{"name":"wp","href":"https:\/\/api.w.org\/{rel}","templated":true}]}}