{"id":20091,"date":"2025-08-30T16:13:32","date_gmt":"2025-08-30T12:13:32","guid":{"rendered":"https:\/\/setap.az\/?post_type=product&#038;p=20091"},"modified":"2026-01-12T15:14:39","modified_gmt":"2026-01-12T11:14:39","slug":"dahua-dh-c2k-p-2mp-compact-wi-fi-poe-camera","status":"publish","type":"product","link":"https:\/\/setap.az\/?product=dahua-dh-c2k-p-2mp-compact-wi-fi-poe-camera","title":{"rendered":"DAHUA &#8211; DH-C2K-P 2MP IP Wi-Fi Kamera"},"content":{"rendered":"<p>Dahua DH-C2K-P video n\u0259zar\u0259t \u00fc\u00e7\u00fcn n\u0259z\u0259rd\u0259 tutulmu\u015f  kompakt IP kameras\u0131d\u0131r. M\u00fcxt\u0259lif i\u015f\u0131qland\u0131rma \u015f\u0259raitind\u0259 y\u00fcks\u0259k g\u00f6r\u00fcnt\u00fc keyfiyy\u0259tini t\u0259min ed\u0259n x\u00fcsusiyy\u0259tl\u0259r\u0259 malikdir. Dahua Wireless seriyas\u0131na daxil olan video kameralar\u0131n Cube modell\u0259ri t\u0259kc\u0259 qura\u015fd\u0131rma v\u0259 istifad\u0259 rahatl\u0131\u011f\u0131 il\u0259 deyil, h\u0259m d\u0259 \u00fcst\u00fcn texniki x\u00fcsusiyy\u0259tl\u0259ri v\u0259 r\u0259qab\u0259tqabiliyy\u0259tli qiym\u0259ti il\u0259 diqq\u0259ti c\u0259lb edir.<\/p>\n<p>Kamera insanlar\u0131n a\u015fkarlanmas\u0131, m\u0259xfilik rejimi v\u0259 ikit\u0259r\u0259fli audio kimi bir s\u0131ra g\u00fccl\u00fc a\u011f\u0131ll\u0131 t\u0259hl\u00fck\u0259sizlik \u00fc\u00e7\u00fcn vacib funksiyalar\u0131 d\u0259st\u0259kl\u0259yir. Videokameralardan al\u0131nan m\u0259lumatlar an\u0131nda smartfonunuza \u00f6t\u00fcr\u00fcl\u00fcr v\u0259 ist\u0259nil\u0259n vaxt hadis\u0259l\u0259rd\u0259n x\u0259b\u0259rdar olma\u011fa imkan verir. Bu kameralar ki\u00e7ik v\u0259 orta \u00f6l\u00e7\u00fcl\u00fc obyektl\u0259rin, o c\u00fcml\u0259d\u0259n ki\u00e7ik ma\u011fazalar\u0131n monitorinqi \u00fc\u00e7\u00fcn geni\u015f istifad\u0259 olunur, etibarl\u0131 qorunma v\u0259 rahatl\u0131q t\u0259min edilir.<\/p>\n<p>X\u00fcsusiyy\u0259tl\u0259r:<\/p>\n<p>Matris: 1\/2,7&#8243; CMOS<br \/>\nFokus m\u0259saf\u0259si: 2,8 mm<br \/>\nMexanik IR filtri<br \/>\nVideo kodekl\u0259r (s\u0131x\u0131lma): H.265+, H.265, H.264+, H.264, MJPEG<br \/>\nQ\u0259tnam\u0259: 2MP@25fps-\u0259 q\u0259d\u0259r 2 ax\u0131n<br \/>\nVideo analitika: SMD Plus (a\u011f\u0131ll\u0131 h\u0259r\u0259k\u0259t detektoru), perimetr t\u0259hl\u00fck\u0259sizliyi<br \/>\nIR i\u015f\u0131qland\u0131rma (gec\u0259 g\u00f6r\u00fcnt\u00fcs\u00fc): 30 m<br \/>\nQura\u015fd\u0131r\u0131lm\u0131\u015f mikrofon+dinamik<br \/>\n256 GB-a q\u0259d\u0259r MicroSD d\u0259st\u0259yi<br \/>\nEnerji t\u0259chizat\u0131: 12V(DC)\/PoE<br \/>\nSimsiz \u0259laq\u0259I Wi-Fi 2.4GHz<\/p>\n","protected":false},"excerpt":{"rendered":"<p>Dahua DH-C2K-P video n\u0259zar\u0259t \u00fc\u00e7\u00fcn n\u0259z\u0259rd\u0259 tutulmu\u015f kompakt IP kameras\u0131d\u0131r. M\u00fcxt\u0259lif i\u015f\u0131qland\u0131rma \u015f\u0259raitind\u0259 y\u00fcks\u0259k g\u00f6r\u00fcnt\u00fc keyfiyy\u0259tini t\u0259min ed\u0259n x\u00fcsusiyy\u0259tl\u0259r\u0259 malikdir. Dahua Wireless seriyas\u0131na daxil olan video kameralar\u0131n Cube modell\u0259ri t\u0259kc\u0259 qura\u015fd\u0131rma v\u0259 istifad\u0259 rahatl\u0131\u011f\u0131 il\u0259 deyil, h\u0259m d\u0259 \u00fcst\u00fcn texniki x\u00fcsusiyy\u0259tl\u0259ri v\u0259 r\u0259qab\u0259tqabiliyy\u0259tli qiym\u0259ti il\u0259 diqq\u0259ti c\u0259lb edir. Kamera insanlar\u0131n a\u015fkarlanmas\u0131, m\u0259xfilik rejimi v\u0259 ikit\u0259r\u0259fli&hellip;<\/p>\n","protected":false},"featured_media":20092,"comment_status":"open","ping_status":"closed","template":"","meta":[],"product_cat":[4086,2803,5271,2841,2862],"product_tag":[4724,3000,3132,4808,3575,3595,4799,3290,4719,3049,4797,3764,4807,3130,2938,3135,3051,4795,2929],"class_list":{"0":"post-20091","1":"product","2":"type-product","3":"status-publish","4":"has-post-thumbnail","6":"product_cat-dahua","7":"product_cat-ip","8":"product_cat-thluksizlik-kamerasi","9":"product_cat-videonzart","10":"product_cat-wifi-kameralar","11":"product_tag-2mp","12":"product_tag-agilliev","13":"product_tag-cctv","14":"product_tag-compactkamera","15":"product_tag-dahua","16":"product_tag-dahuakamera","17":"product_tag-evmonitorinqi","18":"product_tag-evthluksizliyi","19":"product_tag-hdvideo","20":"product_tag-ipkamera","21":"product_tag-monitorinq","22":"product_tag-nightvision","23":"product_tag-poekamera","24":"product_tag-securitysystem","25":"product_tag-smarthome","26":"product_tag-surveillance","27":"product_tag-thluksizlikkamerasi","28":"product_tag-videonzart","29":"product_tag-wifikamera","30":"description-off","32":"first","33":"instock","34":"shipping-taxable","35":"purchasable","36":"product-type-simple"},"_links":{"self":[{"href":"https:\/\/setap.az\/index.php?rest_route=\/wp\/v2\/product\/20091","targetHints":{"allow":["GET"]}}],"collection":[{"href":"https:\/\/setap.az\/index.php?rest_route=\/wp\/v2\/product"}],"about":[{"href":"https:\/\/setap.az\/index.php?rest_route=\/wp\/v2\/types\/product"}],"replies":[{"embeddable":true,"href":"https:\/\/setap.az\/index.php?rest_route=%2Fwp%2Fv2%2Fcomments&post=20091"}],"wp:featuredmedia":[{"embeddable":true,"href":"https:\/\/setap.az\/index.php?rest_route=\/wp\/v2\/media\/20092"}],"wp:attachment":[{"href":"https:\/\/setap.az\/index.php?rest_route=%2Fwp%2Fv2%2Fmedia&parent=20091"}],"wp:term":[{"taxonomy":"product_cat","embeddable":true,"href":"https:\/\/setap.az\/index.php?rest_route=%2Fwp%2Fv2%2Fproduct_cat&post=20091"},{"taxonomy":"product_tag","embeddable":true,"href":"https:\/\/setap.az\/index.php?rest_route=%2Fwp%2Fv2%2Fproduct_tag&post=20091"}],"curies":[{"name":"wp","href":"https:\/\/api.w.org\/{rel}","templated":true}]}}