{"id":20130,"date":"2025-10-03T08:41:19","date_gmt":"2025-10-03T04:41:19","guid":{"rendered":"https:\/\/setap.az\/?post_type=product&#038;p=20130"},"modified":"2025-10-03T08:41:19","modified_gmt":"2025-10-03T04:41:19","slug":"unv-smart-cam-unv-uho-p1a-m3f4d-3mp","status":"publish","type":"product","link":"https:\/\/setap.az\/?product=unv-smart-cam-unv-uho-p1a-m3f4d-3mp","title":{"rendered":"UNV SMART CAM UNV Uho-P1A-M3F4D 3MP"},"content":{"rendered":"<p>UNV SMART CAM UNV Uho-P1A-M3F4D 3MP<br \/>\nBrend: UNV<br \/>\nR\u0259ng: A\u011f<br \/>\n\u018fsas kamera: 1920&#215;1080<br \/>\nMikrofon: Var<br \/>\nPiksel \u00f6l\u00e7\u00fcs\u00fc: 3 MP<br \/>\nVideo Format: Ultra 265, H.265, H.264<br \/>\nVideo \u00e7\u0259kili\u015f: B\u0259li<br \/>\nWi-Fi: Wi-Fi IEEE802.11b\/g\/n<br \/>\n\u0130nterfeys: RJ-45 10\/100 BaseT<br \/>\nSuya davaml\u0131l\u0131q: IP66<br \/>\nYadda\u015f kart\u0131: MicroSD kart (256 GB-a q\u0259d\u0259r d\u0259st\u0259kl\u0259yir)<br \/>\nIR diapazonu: 30 m<\/p>\n","protected":false},"excerpt":{"rendered":"<p>UNV SMART CAM UNV Uho-P1A-M3F4D 3MP Brend: UNV R\u0259ng: A\u011f \u018fsas kamera: 1920&#215;1080 Mikrofon: Var Piksel \u00f6l\u00e7\u00fcs\u00fc: 3 MP Video Format: Ultra 265, H.265, H.264 Video \u00e7\u0259kili\u015f: B\u0259li Wi-Fi: Wi-Fi IEEE802.11b\/g\/n \u0130nterfeys: RJ-45 10\/100 BaseT Suya davaml\u0131l\u0131q: IP66 Yadda\u015f kart\u0131: MicroSD kart (256 GB-a q\u0259d\u0259r d\u0259st\u0259kl\u0259yir) IR diapazonu: 30 m<\/p>\n","protected":false},"featured_media":20131,"comment_status":"open","ping_status":"closed","template":"","meta":[],"product_cat":[3067,4087,2849,2862],"product_tag":[3297,3132,3290,3049,4885,3600,3034,4886,3029,4795],"class_list":{"0":"post-20130","1":"product","2":"type-product","3":"status-publish","4":"has-post-thumbnail","6":"product_cat-musahid-kamerasi","7":"product_cat-unv","8":"product_cat-videokameralar","9":"product_cat-wifi-kameralar","10":"product_tag-3mpkamera","11":"product_tag-cctv","12":"product_tag-evthluksizliyi","13":"product_tag-ipkamera","14":"product_tag-smartcam","15":"product_tag-smartev","16":"product_tag-thluksizliksistemi","17":"product_tag-uhop1am3f4d","18":"product_tag-unv","19":"product_tag-videonzart","20":"description-off","22":"first","23":"instock","24":"shipping-taxable","25":"purchasable","26":"product-type-simple"},"_links":{"self":[{"href":"https:\/\/setap.az\/index.php?rest_route=\/wp\/v2\/product\/20130","targetHints":{"allow":["GET"]}}],"collection":[{"href":"https:\/\/setap.az\/index.php?rest_route=\/wp\/v2\/product"}],"about":[{"href":"https:\/\/setap.az\/index.php?rest_route=\/wp\/v2\/types\/product"}],"replies":[{"embeddable":true,"href":"https:\/\/setap.az\/index.php?rest_route=%2Fwp%2Fv2%2Fcomments&post=20130"}],"wp:featuredmedia":[{"embeddable":true,"href":"https:\/\/setap.az\/index.php?rest_route=\/wp\/v2\/media\/20131"}],"wp:attachment":[{"href":"https:\/\/setap.az\/index.php?rest_route=%2Fwp%2Fv2%2Fmedia&parent=20130"}],"wp:term":[{"taxonomy":"product_cat","embeddable":true,"href":"https:\/\/setap.az\/index.php?rest_route=%2Fwp%2Fv2%2Fproduct_cat&post=20130"},{"taxonomy":"product_tag","embeddable":true,"href":"https:\/\/setap.az\/index.php?rest_route=%2Fwp%2Fv2%2Fproduct_tag&post=20130"}],"curies":[{"name":"wp","href":"https:\/\/api.w.org\/{rel}","templated":true}]}}