{"id":20146,"date":"2025-10-03T14:58:18","date_gmt":"2025-10-03T10:58:18","guid":{"rendered":"https:\/\/setap.az\/?post_type=product&#038;p=20146"},"modified":"2026-02-11T13:16:31","modified_gmt":"2026-02-11T09:16:31","slug":"4-gozlu-kamera-rs-wifi-5904","status":"publish","type":"product","link":"https:\/\/setap.az\/?product=4-gozlu-kamera-rs-wifi-5904","title":{"rendered":"4 gozlu kamera RS-WIFI-5904"},"content":{"rendered":"<p>4 gozlu kamera RS-WIFI-5904<br \/>\n\ud83e\udd29 RS-WIFI-5904 4 g\u00f6zl\u00fc Outdoor &#038; Solar Smart Security Camera<br \/>\n\ud83d\udd39 \u00c7\u00f6z\u00fcn\u00fcrl\u00fck: 4K Ultra HD \u2013 y\u00fcks\u0259k d\u0259qiqlikli v\u0259 ayd\u0131n video \u00e7\u0259kili\u015f.<br \/>\n\ud83d\udd39 Linza sistemi: 4 g\u00f6zl\u00fc dizayn \u2013 geni\u015f \u0259razil\u0259ri \u0259hat\u0259 edir, \u00f6l\u00fc bucaqlar\u0131 azald\u0131r.<br \/>\n Funksiyalar:<br \/>\n360\u00b0 VR panoramik g\u00f6r\u00fcnt\u00fc<br \/>\nSmart IR texnologiyas\u0131 (gec\u0259 v\u0259 g\u00fcnd\u00fcz ayd\u0131n t\u0259svir)<br \/>\nPIR h\u0259r\u0259k\u0259t sensoru (insan h\u0259r\u0259k\u0259tini a\u015fkar edir)<br \/>\n\u0130ki t\u0259r\u0259fli s\u0259s d\u0259st\u0259yi (Voice Monitor)<br \/>\nCloud Storage v\u0259 yadda\u015f kart\u0131 il\u0259 saxlama<br \/>\nMobil t\u0259tbiq vasit\u0259sil\u0259 uzaqdan izl\u0259m\u0259 v\u0259 idar\u0259etm\u0259<br \/>\n\ud83d\udd39 T\u0259tbiq sah\u0259l\u0259ri: Ev h\u0259y\u0259tl\u0259ri, qaraj, anbar, ba\u011f sah\u0259l\u0259ri, elektrik olmayan yerl\u0259r.<\/p>\n","protected":false},"excerpt":{"rendered":"<p>4 gozlu kamera RS-WIFI-5904 \ud83e\udd29 RS-WIFI-5904 4 g\u00f6zl\u00fc Outdoor &#038; Solar Smart Security Camera \ud83d\udd39 \u00c7\u00f6z\u00fcn\u00fcrl\u00fck: 4K Ultra HD \u2013 y\u00fcks\u0259k d\u0259qiqlikli v\u0259 ayd\u0131n video \u00e7\u0259kili\u015f. \ud83d\udd39 Linza sistemi: 4 g\u00f6zl\u00fc dizayn \u2013 geni\u015f \u0259razil\u0259ri \u0259hat\u0259 edir, \u00f6l\u00fc bucaqlar\u0131 azald\u0131r. Funksiyalar: 360\u00b0 VR panoramik g\u00f6r\u00fcnt\u00fc Smart IR texnologiyas\u0131 (gec\u0259 v\u0259 g\u00fcnd\u00fcz ayd\u0131n t\u0259svir) PIR h\u0259r\u0259k\u0259t&hellip;<\/p>\n","protected":false},"featured_media":20147,"comment_status":"open","ping_status":"closed","template":"","meta":[],"product_cat":[2803,2849,2841,2862],"product_tag":[4904,4042,3000,3132,4799,3290,4905,4719,4797,3764,4748,3391,3130,2938,2934,4903,3135,3051,4795,2929],"class_list":{"0":"post-20146","1":"product","2":"type-product","3":"status-publish","4":"has-post-thumbnail","6":"product_cat-ip","7":"product_cat-videokameralar","8":"product_cat-videonzart","9":"product_cat-wifi-kameralar","10":"product_tag-360degree","11":"product_tag-4gkamera","12":"product_tag-agilliev","13":"product_tag-cctv","14":"product_tag-evmonitorinqi","15":"product_tag-evthluksizliyi","16":"product_tag-gunspaneli","17":"product_tag-hdvideo","18":"product_tag-monitorinq","19":"product_tag-nightvision","20":"product_tag-outdoorcamera","21":"product_tag-pirsensor","22":"product_tag-securitysystem","23":"product_tag-smarthome","24":"product_tag-smartsecurity","25":"product_tag-solarkamera","26":"product_tag-surveillance","27":"product_tag-thluksizlikkamerasi","28":"product_tag-videonzart","29":"product_tag-wifikamera","30":"description-off","32":"first","33":"instock","34":"shipping-taxable","35":"purchasable","36":"product-type-simple"},"_links":{"self":[{"href":"https:\/\/setap.az\/index.php?rest_route=\/wp\/v2\/product\/20146","targetHints":{"allow":["GET"]}}],"collection":[{"href":"https:\/\/setap.az\/index.php?rest_route=\/wp\/v2\/product"}],"about":[{"href":"https:\/\/setap.az\/index.php?rest_route=\/wp\/v2\/types\/product"}],"replies":[{"embeddable":true,"href":"https:\/\/setap.az\/index.php?rest_route=%2Fwp%2Fv2%2Fcomments&post=20146"}],"wp:featuredmedia":[{"embeddable":true,"href":"https:\/\/setap.az\/index.php?rest_route=\/wp\/v2\/media\/20147"}],"wp:attachment":[{"href":"https:\/\/setap.az\/index.php?rest_route=%2Fwp%2Fv2%2Fmedia&parent=20146"}],"wp:term":[{"taxonomy":"product_cat","embeddable":true,"href":"https:\/\/setap.az\/index.php?rest_route=%2Fwp%2Fv2%2Fproduct_cat&post=20146"},{"taxonomy":"product_tag","embeddable":true,"href":"https:\/\/setap.az\/index.php?rest_route=%2Fwp%2Fv2%2Fproduct_tag&post=20146"}],"curies":[{"name":"wp","href":"https:\/\/api.w.org\/{rel}","templated":true}]}}