{"id":20184,"date":"2025-10-08T11:23:21","date_gmt":"2025-10-08T07:23:21","guid":{"rendered":"https:\/\/setap.az\/?post_type=product&#038;p=20184"},"modified":"2025-10-20T11:56:59","modified_gmt":"2025-10-20T07:56:59","slug":"tiandy-tc-c32rn-ip-kamera-2mp","status":"publish","type":"product","link":"https:\/\/setap.az\/?product=tiandy-tc-c32rn-ip-kamera-2mp","title":{"rendered":"TIANDY TC-C32RN 2MP  IP Kamera"},"content":{"rendered":"<p>TIANDY TC-C32RN IP Kamera<br \/>\n\u00c7\u00f6z\u00fcn\u00fcrl\u00fck: 2MP, 2&#215;1\/3&#8243; CMOS<br \/>\nQura\u015fd\u0131r\u0131lm\u0131\u015f mikrofon<br \/>\nBax\u0131\u015f buca\u011f\u0131: h\u0259r kamera \u00fc\u00e7\u00fcn 93,9 d\u0259r\u0259c\u0259<br \/>\nLens: 2.8 mm<br \/>\nMin. i\u015f\u0131\u011fa h\u0259ssasl\u0131q: 0,02 l\u00fcks<br \/>\nS\u0131x\u0131lma kodek: S+265\/H.265(HP)\/S+264\/H.264<br \/>\nA\u011f\u0131ll\u0131 IR 50m<br \/>\nIP67 m\u00fchafiz\u0259si<\/p>\n","protected":false},"excerpt":{"rendered":"<p>TIANDY TC-C32RN IP Kamera \u00c7\u00f6z\u00fcn\u00fcrl\u00fck: 2MP, 2&#215;1\/3&#8243; CMOS Qura\u015fd\u0131r\u0131lm\u0131\u015f mikrofon Bax\u0131\u015f buca\u011f\u0131: h\u0259r kamera \u00fc\u00e7\u00fcn 93,9 d\u0259r\u0259c\u0259 Lens: 2.8 mm Min. i\u015f\u0131\u011fa h\u0259ssasl\u0131q: 0,02 l\u00fcks S\u0131x\u0131lma kodek: S+265\/H.265(HP)\/S+264\/H.264 A\u011f\u0131ll\u0131 IR 50m IP67 m\u00fchafiz\u0259si<\/p>\n","protected":false},"featured_media":20185,"comment_status":"open","ping_status":"closed","template":"","meta":[],"product_cat":[2803,4896,2849,2841],"product_tag":[4725,4724,4926,4804,4779,2937,3049,4927,3764,3479,4748,3392,4937,3791,3135,4951,4952],"class_list":{"0":"post-20184","1":"product","2":"type-product","3":"status-publish","4":"has-post-thumbnail","6":"product_cat-ip","7":"product_cat-tiandy","8":"product_cat-videokameralar","9":"product_cat-videonzart","10":"product_tag-1080p","11":"product_tag-2mp","12":"product_tag-colornightvision","13":"product_tag-fixedlens","14":"product_tag-fullcolor","15":"product_tag-homesecurity","16":"product_tag-ipkamera","17":"product_tag-lowlight","18":"product_tag-nightvision","19":"product_tag-onvif","20":"product_tag-outdoorcamera","21":"product_tag-poe","22":"product_tag-securitycam","23":"product_tag-smartir","24":"product_tag-surveillance","25":"product_tag-tiandytc32rn","26":"product_tag-weatherproof","27":"description-off","29":"first","30":"instock","31":"shipping-taxable","32":"purchasable","33":"product-type-simple"},"_links":{"self":[{"href":"https:\/\/setap.az\/index.php?rest_route=\/wp\/v2\/product\/20184","targetHints":{"allow":["GET"]}}],"collection":[{"href":"https:\/\/setap.az\/index.php?rest_route=\/wp\/v2\/product"}],"about":[{"href":"https:\/\/setap.az\/index.php?rest_route=\/wp\/v2\/types\/product"}],"replies":[{"embeddable":true,"href":"https:\/\/setap.az\/index.php?rest_route=%2Fwp%2Fv2%2Fcomments&post=20184"}],"wp:featuredmedia":[{"embeddable":true,"href":"https:\/\/setap.az\/index.php?rest_route=\/wp\/v2\/media\/20185"}],"wp:attachment":[{"href":"https:\/\/setap.az\/index.php?rest_route=%2Fwp%2Fv2%2Fmedia&parent=20184"}],"wp:term":[{"taxonomy":"product_cat","embeddable":true,"href":"https:\/\/setap.az\/index.php?rest_route=%2Fwp%2Fv2%2Fproduct_cat&post=20184"},{"taxonomy":"product_tag","embeddable":true,"href":"https:\/\/setap.az\/index.php?rest_route=%2Fwp%2Fv2%2Fproduct_tag&post=20184"}],"curies":[{"name":"wp","href":"https:\/\/api.w.org\/{rel}","templated":true}]}}