{"id":20254,"date":"2025-10-23T14:49:39","date_gmt":"2025-10-23T10:49:39","guid":{"rendered":"https:\/\/setap.az\/?post_type=product&#038;p=20254"},"modified":"2025-10-23T14:49:40","modified_gmt":"2025-10-23T10:49:40","slug":"hikvision-ds-2cd2723g2-lizs2u-2-mp-ip-kamera","status":"publish","type":"product","link":"https:\/\/setap.az\/?product=hikvision-ds-2cd2723g2-lizs2u-2-mp-ip-kamera","title":{"rendered":"Hikvision DS-2CD2723G2-LIZS2U 2 Mp IP Kamera"},"content":{"rendered":"<p>Hikvision DS-2CD2723G2-LIZS2U IP Kamera<br \/>\n2 MP y\u00fcks\u0259k keyfiyy\u0259tli g\u00f6r\u00fcnt\u00fc<br \/>\n\u0130nsan v\u0259 n\u0259qliyyat vasit\u0259l\u0259rinin d\u0259qiq tan\u0131nmas\u0131 \u00fc\u00e7\u00fcn AcuSense texnologiyas\u0131<br \/>\n3 i\u015f\u0131qland\u0131rma rejimli Smart Hybrid Light<br \/>\nReal vaxtda ayd\u0131n s\u0259s \u00fc\u00e7\u00fcn ikiqat massiv mikrofon<br \/>\n512 GB-a q\u0259d\u0259r yadda\u015f kart\u0131 d\u0259st\u0259yi<br \/>\nMotorla\u015fd\u0131r\u0131lm\u0131\u015f 2.8\u201312 mm varifokal obyektiv<br \/>\n120 dB WDR il\u0259 balansla\u015fd\u0131r\u0131lm\u0131\u015f t\u0259svir<br \/>\nEffektiv H.265+ s\u0131x\u0131lma texnologiyas\u0131<br \/>\nToz, su v\u0259 vandalizm\u0259 qar\u015f\u0131 qorunma: IP67 v\u0259 IK10<\/p>\n","protected":false},"excerpt":{"rendered":"<p>Hikvision DS-2CD2723G2-LIZS2U IP Kamera 2 MP y\u00fcks\u0259k keyfiyy\u0259tli g\u00f6r\u00fcnt\u00fc \u0130nsan v\u0259 n\u0259qliyyat vasit\u0259l\u0259rinin d\u0259qiq tan\u0131nmas\u0131 \u00fc\u00e7\u00fcn AcuSense texnologiyas\u0131 3 i\u015f\u0131qland\u0131rma rejimli Smart Hybrid Light Real vaxtda ayd\u0131n s\u0259s \u00fc\u00e7\u00fcn ikiqat massiv mikrofon 512 GB-a q\u0259d\u0259r yadda\u015f kart\u0131 d\u0259st\u0259yi Motorla\u015fd\u0131r\u0131lm\u0131\u015f 2.8\u201312 mm varifokal obyektiv 120 dB WDR il\u0259 balansla\u015fd\u0131r\u0131lm\u0131\u015f t\u0259svir Effektiv H.265+ s\u0131x\u0131lma texnologiyas\u0131 Toz, su&hellip;<\/p>\n","protected":false},"featured_media":20255,"comment_status":"open","ping_status":"closed","template":"","meta":[],"product_cat":[4016,2803,2849,2841],"product_tag":[4724,3132,5083,5085,4787,2941,3801,3377,3049,3766,5080,3764,3392,2939,3130,5084,3135,5086],"class_list":{"0":"post-20254","1":"product","2":"type-product","3":"status-publish","4":"has-post-thumbnail","6":"product_cat-hikvision","7":"product_cat-ip","8":"product_cat-videokameralar","9":"product_cat-videonzart","10":"product_tag-2mp","11":"product_tag-cctv","12":"product_tag-ds2cd2723g2lizs2u","13":"product_tag-fullhd","14":"product_tag-h265","15":"product_tag-hikvision","16":"product_tag-hikvisionazerbaijan","17":"product_tag-ip67","18":"product_tag-ipkamera","19":"product_tag-ircamera","20":"product_tag-motorizedlens","21":"product_tag-nightvision","22":"product_tag-poe","23":"product_tag-securitycamera","24":"product_tag-securitysystem","25":"product_tag-smarthybridlight","26":"product_tag-surveillance","27":"product_tag-varifocalcamera","28":"description-off","30":"first","31":"instock","32":"shipping-taxable","33":"purchasable","34":"product-type-simple"},"_links":{"self":[{"href":"https:\/\/setap.az\/index.php?rest_route=\/wp\/v2\/product\/20254","targetHints":{"allow":["GET"]}}],"collection":[{"href":"https:\/\/setap.az\/index.php?rest_route=\/wp\/v2\/product"}],"about":[{"href":"https:\/\/setap.az\/index.php?rest_route=\/wp\/v2\/types\/product"}],"replies":[{"embeddable":true,"href":"https:\/\/setap.az\/index.php?rest_route=%2Fwp%2Fv2%2Fcomments&post=20254"}],"wp:featuredmedia":[{"embeddable":true,"href":"https:\/\/setap.az\/index.php?rest_route=\/wp\/v2\/media\/20255"}],"wp:attachment":[{"href":"https:\/\/setap.az\/index.php?rest_route=%2Fwp%2Fv2%2Fmedia&parent=20254"}],"wp:term":[{"taxonomy":"product_cat","embeddable":true,"href":"https:\/\/setap.az\/index.php?rest_route=%2Fwp%2Fv2%2Fproduct_cat&post=20254"},{"taxonomy":"product_tag","embeddable":true,"href":"https:\/\/setap.az\/index.php?rest_route=%2Fwp%2Fv2%2Fproduct_tag&post=20254"}],"curies":[{"name":"wp","href":"https:\/\/api.w.org\/{rel}","templated":true}]}}