{"id":20264,"date":"2025-10-24T10:36:58","date_gmt":"2025-10-24T06:36:58","guid":{"rendered":"https:\/\/setap.az\/?post_type=product&#038;p=20264"},"modified":"2025-10-24T10:36:58","modified_gmt":"2025-10-24T06:36:58","slug":"dahua-dh-ipc-hfw1020sp-s3-ip-kamera-1mp","status":"publish","type":"product","link":"https:\/\/setap.az\/?product=dahua-dh-ipc-hfw1020sp-s3-ip-kamera-1mp","title":{"rendered":"Dahua DH-IPC-HFW1020SP-S3  IP-Kamera 1MP"},"content":{"rendered":"<p>IP-Kamera Dahua DH-IPC-HFW1020SP-S3 1MP<br \/>\n2,8 mm fokus uzunlu\u011fu il\u0259 sabit lens;<br \/>\n30 m-\u0259 q\u0259d\u0259r IR i\u015f\u0131qland\u0131rma;<br \/>\nS\u0131x\u0131lma standartlar\u0131: H.264+ \/ H.264;<br \/>\nONVIF d\u0259st\u0259yi;<br \/>\nH\u0259r\u0259k\u0259t a\u015fkarlanmas\u0131: 4 zona;<br \/>\niOS v\u0259 Android mobil cihazlar\u0131na uy\u011fundur;<br \/>\nDaxili v\u0259 a\u00e7\u0131q qura\u015fd\u0131rma \u00fc\u00e7\u00fcn n\u0259z\u0259rd\u0259 tutulmu\u015fdur;<\/p>\n","protected":false},"excerpt":{"rendered":"<p>IP-Kamera Dahua DH-IPC-HFW1020SP-S3 1MP 2,8 mm fokus uzunlu\u011fu il\u0259 sabit lens; 30 m-\u0259 q\u0259d\u0259r IR i\u015f\u0131qland\u0131rma; S\u0131x\u0131lma standartlar\u0131: H.264+ \/ H.264; ONVIF d\u0259st\u0259yi; H\u0259r\u0259k\u0259t a\u015fkarlanmas\u0131: 4 zona; iOS v\u0259 Android mobil cihazlar\u0131na uy\u011fundur; Daxili v\u0259 a\u00e7\u0131q qura\u015fd\u0131rma \u00fc\u00e7\u00fcn n\u0259z\u0259rd\u0259 tutulmu\u015fdur;<\/p>\n","protected":false},"featured_media":20266,"comment_status":"open","ping_status":"closed","template":"","meta":[],"product_cat":[4086,2803,3067,2849],"product_tag":[5090,3132,3575,4798,5089,4804,4934,5091,3377,3049,3766,3764,3392,2939,3130,5092,3135],"class_list":{"0":"post-20264","1":"product","2":"type-product","3":"status-publish","4":"has-post-thumbnail","6":"product_cat-dahua","7":"product_cat-ip","8":"product_cat-musahid-kamerasi","9":"product_cat-videokameralar","10":"product_tag-1mp","11":"product_tag-cctv","12":"product_tag-dahua","13":"product_tag-dahuatechnology","14":"product_tag-dhipchfw1020sps3","15":"product_tag-fixedlens","16":"product_tag-h264","17":"product_tag-hd","18":"product_tag-ip67","19":"product_tag-ipkamera","20":"product_tag-ircamera","21":"product_tag-nightvision","22":"product_tag-poe","23":"product_tag-securitycamera","24":"product_tag-securitysystem","25":"product_tag-setapaz","26":"product_tag-surveillance","27":"description-off","29":"first","30":"instock","31":"shipping-taxable","32":"purchasable","33":"product-type-simple"},"_links":{"self":[{"href":"https:\/\/setap.az\/index.php?rest_route=\/wp\/v2\/product\/20264","targetHints":{"allow":["GET"]}}],"collection":[{"href":"https:\/\/setap.az\/index.php?rest_route=\/wp\/v2\/product"}],"about":[{"href":"https:\/\/setap.az\/index.php?rest_route=\/wp\/v2\/types\/product"}],"replies":[{"embeddable":true,"href":"https:\/\/setap.az\/index.php?rest_route=%2Fwp%2Fv2%2Fcomments&post=20264"}],"wp:featuredmedia":[{"embeddable":true,"href":"https:\/\/setap.az\/index.php?rest_route=\/wp\/v2\/media\/20266"}],"wp:attachment":[{"href":"https:\/\/setap.az\/index.php?rest_route=%2Fwp%2Fv2%2Fmedia&parent=20264"}],"wp:term":[{"taxonomy":"product_cat","embeddable":true,"href":"https:\/\/setap.az\/index.php?rest_route=%2Fwp%2Fv2%2Fproduct_cat&post=20264"},{"taxonomy":"product_tag","embeddable":true,"href":"https:\/\/setap.az\/index.php?rest_route=%2Fwp%2Fv2%2Fproduct_tag&post=20264"}],"curies":[{"name":"wp","href":"https:\/\/api.w.org\/{rel}","templated":true}]}}