{"id":20318,"date":"2025-11-20T17:00:14","date_gmt":"2025-11-20T13:00:14","guid":{"rendered":"https:\/\/setap.az\/?post_type=product&#038;p=20318"},"modified":"2026-01-21T14:20:10","modified_gmt":"2026-01-21T10:20:10","slug":"8mp-wdr-ip-kamera-dahua-dh-ipc-hdbw1831rp-s","status":"publish","type":"product","link":"https:\/\/setap.az\/?product=8mp-wdr-ip-kamera-dahua-dh-ipc-hdbw1831rp-s","title":{"rendered":"Dahua DH-IPC-HDBW1831RP-S 8Mp WDR IP-Kamera"},"content":{"rendered":"<p>Dahua DH-IPC-HDBW1831RP-S 8MP IP Kamera<br \/>\n\u00c7\u00f6z\u00fcn\u00fcrl\u00fck: 8 MP (3840 \u00d7 2160)<br \/>\nSensor: Y\u00fcks\u0259k keyfiyy\u0259tli CMOS<br \/>\nWDR (Wide Dynamic Range):<br \/>\nParlaq v\u0259 qaranl\u0131q zonalarda balansl\u0131 g\u00f6r\u00fcnt\u00fc<br \/>\n3D-DNR: S\u0259s-k\u00fcy azald\u0131lmas\u0131 il\u0259 daha t\u0259miz g\u00f6r\u00fcnt\u00fc<br \/>\nBLC\/HLC: Arxa i\u015f\u0131q v\u0259 y\u00fcks\u0259k i\u015f\u0131q korreksiyas\u0131<br \/>\nSmart IR gec\u0259 i\u015f\u0131qland\u0131rma<br \/>\n~30 m-\u0259 q\u0259d\u0259r gec\u0259 bax\u0131\u015f m\u0259saf\u0259si. Qaranl\u0131qda bel\u0259 ayd\u0131n g\u00f6r\u00fcnt\u00fc<br \/>\nIP (Network) kamera \u2014 LAN\/Wi-Fi (\u0259g\u0259r versiyada var)<br \/>\nPoE (Power over Ethernet) d\u0259st\u0259yi<br \/>\n\u2192 Enerji v\u0259 data ONE kabell\u0259<br \/>\nONVIF standart\u0131<br \/>\n\u2192 M\u00fcxt\u0259lif NVR v\u0259 sisteml\u0259rl\u0259 uy\u011fun<br \/>\n\ud83d\udcf6 A\u011f\u0131ll\u0131 Funksiyalar<br \/>\n\u2714 H\u0259r\u0259k\u0259t a\u015fkarlanmas\u0131<br \/>\n\u2714 Video analiz:<br \/>\n\u2003\u2022 Line crossing (x\u0259tt ke\u00e7id)<br \/>\n\u2003\u2022 Intrusion (zona daxil olma)<br \/>\n\u2714 Push bildiri\u015f (mobil t\u0259tbiq)<br \/>\n\u2714 ROI (vacib zonalardan fokus)<br \/>\n\u2714 e-Mail \/ FTP bildiri\u015f<\/p>\n","protected":false},"excerpt":{"rendered":"<p>Dahua DH-IPC-HDBW1831RP-S 8MP IP Kamera \u00c7\u00f6z\u00fcn\u00fcrl\u00fck: 8 MP (3840 \u00d7 2160) Sensor: Y\u00fcks\u0259k keyfiyy\u0259tli CMOS WDR (Wide Dynamic Range): Parlaq v\u0259 qaranl\u0131q zonalarda balansl\u0131 g\u00f6r\u00fcnt\u00fc 3D-DNR: S\u0259s-k\u00fcy azald\u0131lmas\u0131 il\u0259 daha t\u0259miz g\u00f6r\u00fcnt\u00fc BLC\/HLC: Arxa i\u015f\u0131q v\u0259 y\u00fcks\u0259k i\u015f\u0131q korreksiyas\u0131 Smart IR gec\u0259 i\u015f\u0131qland\u0131rma ~30 m-\u0259 q\u0259d\u0259r gec\u0259 bax\u0131\u015f m\u0259saf\u0259si. Qaranl\u0131qda bel\u0259 ayd\u0131n g\u00f6r\u00fcnt\u00fc IP (Network)&hellip;<\/p>\n","protected":false},"featured_media":20319,"comment_status":"open","ping_status":"closed","template":"","meta":[],"product_cat":[4086,2803,5271,2841],"product_tag":[5081,5079,3575,5138,3049,3533,3051,3035,5137],"class_list":{"0":"post-20318","1":"product","2":"type-product","3":"status-publish","4":"has-post-thumbnail","6":"product_cat-dahua","7":"product_cat-ip","8":"product_cat-thluksizlik-kamerasi","9":"product_cat-videonzart","10":"product_tag-4k","11":"product_tag-8mp","12":"product_tag-dahua","13":"product_tag-hdbw1831rp","14":"product_tag-ipkamera","15":"product_tag-musahid","16":"product_tag-thluksizlikkamerasi","17":"product_tag-videomusahid","18":"product_tag-wdrkamera","19":"description-off","21":"first","22":"instock","23":"shipping-taxable","24":"purchasable","25":"product-type-simple"},"_links":{"self":[{"href":"https:\/\/setap.az\/index.php?rest_route=\/wp\/v2\/product\/20318","targetHints":{"allow":["GET"]}}],"collection":[{"href":"https:\/\/setap.az\/index.php?rest_route=\/wp\/v2\/product"}],"about":[{"href":"https:\/\/setap.az\/index.php?rest_route=\/wp\/v2\/types\/product"}],"replies":[{"embeddable":true,"href":"https:\/\/setap.az\/index.php?rest_route=%2Fwp%2Fv2%2Fcomments&post=20318"}],"wp:featuredmedia":[{"embeddable":true,"href":"https:\/\/setap.az\/index.php?rest_route=\/wp\/v2\/media\/20319"}],"wp:attachment":[{"href":"https:\/\/setap.az\/index.php?rest_route=%2Fwp%2Fv2%2Fmedia&parent=20318"}],"wp:term":[{"taxonomy":"product_cat","embeddable":true,"href":"https:\/\/setap.az\/index.php?rest_route=%2Fwp%2Fv2%2Fproduct_cat&post=20318"},{"taxonomy":"product_tag","embeddable":true,"href":"https:\/\/setap.az\/index.php?rest_route=%2Fwp%2Fv2%2Fproduct_tag&post=20318"}],"curies":[{"name":"wp","href":"https:\/\/api.w.org\/{rel}","templated":true}]}}