{"id":20320,"date":"2025-11-21T13:41:25","date_gmt":"2025-11-21T09:41:25","guid":{"rendered":"https:\/\/setap.az\/?post_type=product&#038;p=20320"},"modified":"2026-01-21T14:36:00","modified_gmt":"2026-01-21T10:36:00","slug":"1mp-ip-kamera-dahua-dh-ipc-kw12","status":"publish","type":"product","link":"https:\/\/setap.az\/?product=1mp-ip-kamera-dahua-dh-ipc-kw12","title":{"rendered":"Dahua DH-IPC-KW12 1Mp IP Kamera"},"content":{"rendered":"<p>Dahua DH-IPC-KW12 \u2014 bu, ki\u00e7ik \u00f6l\u00e7\u00fcl\u00fc 1 MP IP \u015f\u0259b\u0259k\u0259 kameras\u0131<br \/>\n\u00c7\u00f6z\u00fcn\u00fcrl\u00fck: 1 MP (t\u0259xmin\u0259n 1280\u00d7720)<br \/>\nSensor: CMOS sensor<br \/>\nIP (Network) kamera \u2192 Ethernet \/ PoE il\u0259 qo\u015fulur<br \/>\nPoE d\u0259st\u0259yi \u2192 bir kabel h\u0259m enerji, h\u0259m data \u00f6t\u00fcr\u00fcr<br \/>\nONVIF uy\u011funlu\u011fu \u2192 NVR v\u0259 sisteml\u0259r\u0259 inteqrasiya<br \/>\nIR gec\u0259 i\u015f\u0131qland\u0131rma \u2192 qaranl\u0131qda da g\u00f6r\u00fcnt\u00fc<br \/>\nGec\u0259 v\u0259 g\u00fcnd\u00fcz avtomatik ke\u00e7id<br \/>\n\ud83d\udcf6 A\u011f\u0131ll\u0131 Funksiyalar<br \/>\n\u2714 H\u0259r\u0259k\u0259t a\u015fkarlanmas\u0131<br \/>\n\u2714 Bildiri\u015f (push \/ e-mail) \u2013 uy\u011fun qur\u011fularda<br \/>\n\u2714 Video s\u0131x\u0131lma: H.264 v\u0259 ya H.265<br \/>\n\ud83d\udc49 Bu funksiyalar cihazdan as\u0131l\u0131 olaraq f\u0259rqli ola bil\u0259r<br \/>\n\u2714 PoE (Power over Ethernet)<br \/>\n\u2714 Birba\u015fa router \/ switch \/ NVR il\u0259 \u0259laq\u0259<br \/>\n\u2714 Mobil t\u0259tbiq v\u0259 NVR \u00fcz\u0259rind\u0259n uzaqdan bax\u0131\u015f<\/p>\n","protected":false},"excerpt":{"rendered":"<p>Dahua DH-IPC-KW12 \u2014 bu, ki\u00e7ik \u00f6l\u00e7\u00fcl\u00fc 1 MP IP \u015f\u0259b\u0259k\u0259 kameras\u0131 \u00c7\u00f6z\u00fcn\u00fcrl\u00fck: 1 MP (t\u0259xmin\u0259n 1280\u00d7720) Sensor: CMOS sensor IP (Network) kamera \u2192 Ethernet \/ PoE il\u0259 qo\u015fulur PoE d\u0259st\u0259yi \u2192 bir kabel h\u0259m enerji, h\u0259m data \u00f6t\u00fcr\u00fcr ONVIF uy\u011funlu\u011fu \u2192 NVR v\u0259 sisteml\u0259r\u0259 inteqrasiya IR gec\u0259 i\u015f\u0131qland\u0131rma \u2192 qaranl\u0131qda da g\u00f6r\u00fcnt\u00fc Gec\u0259 v\u0259 g\u00fcnd\u00fcz&hellip;<\/p>\n","protected":false},"featured_media":20321,"comment_status":"open","ping_status":"closed","template":"","meta":[],"product_cat":[4086,2803,5271,2841,2862],"product_tag":[5090,3575,5140,3049,5139,3533,3051,3035,3544],"class_list":{"0":"post-20320","1":"product","2":"type-product","3":"status-publish","4":"has-post-thumbnail","6":"product_cat-dahua","7":"product_cat-ip","8":"product_cat-thluksizlik-kamerasi","9":"product_cat-videonzart","10":"product_cat-wifi-kameralar","11":"product_tag-1mp","12":"product_tag-dahua","13":"product_tag-evkamera","14":"product_tag-ipkamera","15":"product_tag-kw12","16":"product_tag-musahid","17":"product_tag-thluksizlikkamerasi","18":"product_tag-videomusahid","19":"product_tag-wifi","20":"description-off","22":"first","23":"instock","24":"shipping-taxable","25":"purchasable","26":"product-type-simple"},"_links":{"self":[{"href":"https:\/\/setap.az\/index.php?rest_route=\/wp\/v2\/product\/20320","targetHints":{"allow":["GET"]}}],"collection":[{"href":"https:\/\/setap.az\/index.php?rest_route=\/wp\/v2\/product"}],"about":[{"href":"https:\/\/setap.az\/index.php?rest_route=\/wp\/v2\/types\/product"}],"replies":[{"embeddable":true,"href":"https:\/\/setap.az\/index.php?rest_route=%2Fwp%2Fv2%2Fcomments&post=20320"}],"wp:featuredmedia":[{"embeddable":true,"href":"https:\/\/setap.az\/index.php?rest_route=\/wp\/v2\/media\/20321"}],"wp:attachment":[{"href":"https:\/\/setap.az\/index.php?rest_route=%2Fwp%2Fv2%2Fmedia&parent=20320"}],"wp:term":[{"taxonomy":"product_cat","embeddable":true,"href":"https:\/\/setap.az\/index.php?rest_route=%2Fwp%2Fv2%2Fproduct_cat&post=20320"},{"taxonomy":"product_tag","embeddable":true,"href":"https:\/\/setap.az\/index.php?rest_route=%2Fwp%2Fv2%2Fproduct_tag&post=20320"}],"curies":[{"name":"wp","href":"https:\/\/api.w.org\/{rel}","templated":true}]}}