{"id":20414,"date":"2026-01-05T14:14:53","date_gmt":"2026-01-05T10:14:53","guid":{"rendered":"https:\/\/setap.az\/?post_type=product&#038;p=20414"},"modified":"2026-02-20T15:43:58","modified_gmt":"2026-02-20T11:43:58","slug":"32gb-microsd-kart","status":"publish","type":"product","link":"https:\/\/setap.az\/?product=32gb-microsd-kart","title":{"rendered":"32GB microSD kart"},"content":{"rendered":"<p>32GB microSD kart t\u0259hl\u00fck\u0259sizlik kameralar\u0131 v\u0259 dig\u0259r elektron cihazlar \u00fc\u00e7\u00fcn daha uzunm\u00fcdd\u0259tli v\u0259 etibarl\u0131 yadda\u015f h\u0259lli<\/p>\n<p>\ud83d\udd39 Tutum: 32GB<br \/>\n\ud83d\udd39 IP v\u0259 Wi-Fi kameralar \u00fc\u00e7\u00fcn uy\u011fundur<br \/>\n\ud83d\udd39 Davaml\u0131 video yaz\u0131 imkan\u0131<br \/>\n\ud83d\udd39 Plug &#038; Play \u2013 tax v\u0259 istifad\u0259 et<br \/>\n\ud83d\udd39 \u0130nternet k\u0259sils\u0259 bel\u0259 yaz\u0131 davam edir<\/p>\n<p>\ud83d\udcf9 \u0130stifad\u0259 sah\u0259si:<br \/>\n\u2013 T\u0259hl\u00fck\u0259sizlik kameralar\u0131<br \/>\n\u2013 Telefon v\u0259 plan\u015fetl\u0259r<\/p>\n","protected":false},"excerpt":{"rendered":"<p>32GB microSD kart t\u0259hl\u00fck\u0259sizlik kameralar\u0131 v\u0259 dig\u0259r elektron cihazlar \u00fc\u00e7\u00fcn daha uzunm\u00fcdd\u0259tli v\u0259 etibarl\u0131 yadda\u015f h\u0259lli \ud83d\udd39 Tutum: 32GB \ud83d\udd39 IP v\u0259 Wi-Fi kameralar \u00fc\u00e7\u00fcn uy\u011fundur \ud83d\udd39 Davaml\u0131 video yaz\u0131 imkan\u0131 \ud83d\udd39 Plug &#038; Play \u2013 tax v\u0259 istifad\u0259 et \ud83d\udd39 \u0130nternet k\u0259sils\u0259 bel\u0259 yaz\u0131 davam edir \ud83d\udcf9 \u0130stifad\u0259 sah\u0259si: \u2013 T\u0259hl\u00fck\u0259sizlik kameralar\u0131 \u2013 Telefon&hellip;<\/p>\n","protected":false},"featured_media":20415,"comment_status":"open","ping_status":"closed","template":"","meta":[],"product_cat":[2825],"product_tag":[5215,3176,3049,5206,5212,5209,5214,4820,5092,3142,5213,2929,5211],"class_list":{"0":"post-20414","1":"product","2":"type-product","3":"status-publish","4":"has-post-thumbnail","6":"product_cat-xarici-srt-disklr-yaddas-kartlari-flash","7":"product_tag-32gb","8":"product_tag-elektronika","9":"product_tag-ipkamera","10":"product_tag-kamerasatisi","11":"product_tag-kamerayaddasi","12":"product_tag-microsd","13":"product_tag-onlinealis","14":"product_tag-setap","15":"product_tag-setapaz","16":"product_tag-thluksizlik","17":"product_tag-videoyazi","18":"product_tag-wifikamera","19":"product_tag-yaddaskarti","20":"description-off","22":"first","23":"instock","24":"shipping-taxable","25":"purchasable","26":"product-type-simple"},"_links":{"self":[{"href":"https:\/\/setap.az\/index.php?rest_route=\/wp\/v2\/product\/20414","targetHints":{"allow":["GET"]}}],"collection":[{"href":"https:\/\/setap.az\/index.php?rest_route=\/wp\/v2\/product"}],"about":[{"href":"https:\/\/setap.az\/index.php?rest_route=\/wp\/v2\/types\/product"}],"replies":[{"embeddable":true,"href":"https:\/\/setap.az\/index.php?rest_route=%2Fwp%2Fv2%2Fcomments&post=20414"}],"wp:featuredmedia":[{"embeddable":true,"href":"https:\/\/setap.az\/index.php?rest_route=\/wp\/v2\/media\/20415"}],"wp:attachment":[{"href":"https:\/\/setap.az\/index.php?rest_route=%2Fwp%2Fv2%2Fmedia&parent=20414"}],"wp:term":[{"taxonomy":"product_cat","embeddable":true,"href":"https:\/\/setap.az\/index.php?rest_route=%2Fwp%2Fv2%2Fproduct_cat&post=20414"},{"taxonomy":"product_tag","embeddable":true,"href":"https:\/\/setap.az\/index.php?rest_route=%2Fwp%2Fv2%2Fproduct_tag&post=20414"}],"curies":[{"name":"wp","href":"https:\/\/api.w.org\/{rel}","templated":true}]}}