{"id":20416,"date":"2026-01-05T14:32:50","date_gmt":"2026-01-05T10:32:50","guid":{"rendered":"https:\/\/setap.az\/?post_type=product&#038;p=20416"},"modified":"2026-02-20T15:44:44","modified_gmt":"2026-02-20T11:44:44","slug":"64gb-microsd-kart","status":"publish","type":"product","link":"https:\/\/setap.az\/?product=64gb-microsd-kart","title":{"rendered":"64GB microSD kart"},"content":{"rendered":"<p>64GB microSD kart t\u0259hl\u00fck\u0259sizlik kameralar\u0131 \u00fc\u00e7\u00fcn orta\u2013uzunm\u00fcdd\u0259tli video yaz\u0131 t\u0259min ed\u0259n ideal yadda\u015f h\u0259llidir.<\/p>\n<p>\ud83d\udd39 Tutum: 64GB<br \/>\n\ud83d\udd39 IP v\u0259 Wi-Fi kameralar \u00fc\u00e7\u00fcn uy\u011fundur<br \/>\n\ud83d\udd39 G\u00fcnl\u0259rl\u0259 fasil\u0259siz video yaz\u0131<br \/>\n\ud83d\udd39 Plug &#038; Play \u2013 \u0259lav\u0259 sazlama t\u0259l\u0259b etmir<br \/>\n\ud83d\udcf9 \u0130stifad\u0259 sah\u0259si:<br \/>\n\u2013 T\u0259hl\u00fck\u0259sizlik kameralar\u0131<br \/>\n\u2013 Telefon v\u0259 plan\u015fetl\u0259r<br \/>\n\u2013 DVR \/ NVR sisteml\u0259ri (uy\u011funluqdan as\u0131l\u0131 olaraq)<\/p>\n","protected":false},"excerpt":{"rendered":"<p>64GB microSD kart t\u0259hl\u00fck\u0259sizlik kameralar\u0131 \u00fc\u00e7\u00fcn orta\u2013uzunm\u00fcdd\u0259tli video yaz\u0131 t\u0259min ed\u0259n ideal yadda\u015f h\u0259llidir. \ud83d\udd39 Tutum: 64GB \ud83d\udd39 IP v\u0259 Wi-Fi kameralar \u00fc\u00e7\u00fcn uy\u011fundur \ud83d\udd39 G\u00fcnl\u0259rl\u0259 fasil\u0259siz video yaz\u0131 \ud83d\udd39 Plug &#038; Play \u2013 \u0259lav\u0259 sazlama t\u0259l\u0259b etmir \ud83d\udcf9 \u0130stifad\u0259 sah\u0259si: \u2013 T\u0259hl\u00fck\u0259sizlik kameralar\u0131 \u2013 Telefon v\u0259 plan\u015fetl\u0259r \u2013 DVR \/ NVR sisteml\u0259ri (uy\u011funluqdan as\u0131l\u0131&hellip;<\/p>\n","protected":false},"featured_media":20417,"comment_status":"open","ping_status":"closed","template":"","meta":[],"product_cat":[2825],"product_tag":[5216,3049,5206,5212,5209,4820,5092,3142,5213,2929,5211],"class_list":{"0":"post-20416","1":"product","2":"type-product","3":"status-publish","4":"has-post-thumbnail","6":"product_cat-xarici-srt-disklr-yaddas-kartlari-flash","7":"product_tag-64gb","8":"product_tag-ipkamera","9":"product_tag-kamerasatisi","10":"product_tag-kamerayaddasi","11":"product_tag-microsd","12":"product_tag-setap","13":"product_tag-setapaz","14":"product_tag-thluksizlik","15":"product_tag-videoyazi","16":"product_tag-wifikamera","17":"product_tag-yaddaskarti","18":"description-off","20":"first","21":"instock","22":"shipping-taxable","23":"purchasable","24":"product-type-simple"},"_links":{"self":[{"href":"https:\/\/setap.az\/index.php?rest_route=\/wp\/v2\/product\/20416","targetHints":{"allow":["GET"]}}],"collection":[{"href":"https:\/\/setap.az\/index.php?rest_route=\/wp\/v2\/product"}],"about":[{"href":"https:\/\/setap.az\/index.php?rest_route=\/wp\/v2\/types\/product"}],"replies":[{"embeddable":true,"href":"https:\/\/setap.az\/index.php?rest_route=%2Fwp%2Fv2%2Fcomments&post=20416"}],"wp:featuredmedia":[{"embeddable":true,"href":"https:\/\/setap.az\/index.php?rest_route=\/wp\/v2\/media\/20417"}],"wp:attachment":[{"href":"https:\/\/setap.az\/index.php?rest_route=%2Fwp%2Fv2%2Fmedia&parent=20416"}],"wp:term":[{"taxonomy":"product_cat","embeddable":true,"href":"https:\/\/setap.az\/index.php?rest_route=%2Fwp%2Fv2%2Fproduct_cat&post=20416"},{"taxonomy":"product_tag","embeddable":true,"href":"https:\/\/setap.az\/index.php?rest_route=%2Fwp%2Fv2%2Fproduct_tag&post=20416"}],"curies":[{"name":"wp","href":"https:\/\/api.w.org\/{rel}","templated":true}]}}