{"id":20454,"date":"2026-01-07T13:55:38","date_gmt":"2026-01-07T09:55:38","guid":{"rendered":"https:\/\/setap.az\/?post_type=product&#038;p=20454"},"modified":"2026-01-07T13:55:38","modified_gmt":"2026-01-07T09:55:38","slug":"hikvision-ds2c2cc52hit-fits-5mp-analoq-kamera","status":"publish","type":"product","link":"https:\/\/setap.az\/?product=hikvision-ds2c2cc52hit-fits-5mp-analoq-kamera","title":{"rendered":"Hikvision DS2C2CC52HIT-F\u0130TS 5MP Analoq kamera"},"content":{"rendered":"<p>Hikvision DS2C2CC52HIT-F\u0130TS 5MP Analoq kamera(1.1 mm),<br \/>\nKoaksial kabel \u00fcz\u0259rind\u0259n 5 MP video siqnal \u00f6t\u00fcr\u0259n y\u00fcks\u0259k keyfiyy\u0259tli m\u00fc\u015fahid\u0259 kameras\u0131.<br \/>\n5 MP High-Performance CMOS sensor \u2014 2592 \u00d7 1944 piksel ayd\u0131nl\u0131q<br \/>\nFull HD-d\u0259n yuxar\u0131 daha detall\u0131 g\u00f6r\u00fcnt\u00fc verir.<br \/>\n1.1 mm \u201cfisheye\u201d obyekti \u2014 180\u00b0-lik ultra geni\u015f bax\u0131\u015f sah\u0259si<br \/>\nIR gec\u0259 i\u015f\u0131\u011f\u0131 \u2014 10\u201320 m m\u0259saf\u0259y\u0259 q\u0259d\u0259r<br \/>\nQaranl\u0131qda da (IR il\u0259) ayd\u0131n g\u00f6r\u00fcnt\u00fc t\u0259min edir. <\/p>\n<p>\u2714 Daxili mikrofon \u2013 s\u0259sl\u0259 m\u00fc\u015fahid\u0259 imkan\u0131 var (kamera daxilind\u0259 mikrofondur).<br \/>\nHIKVISION<br \/>\nX\u00fcsusi funksiyalar<br \/>\n\u2714 OSD menyu \u2014 DVR \u00fcz\u0259rind\u0259n parametrl\u0259ri d\u0259yi\u015fm\u0259k olur (parlaql\u0131q, kontrast v\u0259 s.).<br \/>\nHIKVISION<br \/>\n\u2714 Panorama \/ fisheye \/ PTZ rejiml\u0259r \u2014 ist\u0259nil\u0259n bax\u0131\u015f format\u0131 \u00fc\u00e7\u00fcn m\u00fcxt\u0259lif g\u00f6r\u00fcnt\u00fc se\u00e7iml\u0259ri var.<br \/>\nHikvision<br \/>\n\u00dcmumi x\u00fcsusiyy\u0259tl\u0259r<br \/>\n\u2714 DC 12 V enerji il\u0259 i\u015fl\u0259yir<br \/>\n\u2714 \u00c7al\u0131\u015fma temperaturu: \u201320 \u00b0C\u202660 \u00b0C<br \/>\n\u2714 DVR-\u0259 qo\u015fularaq m\u00f6hk\u0259m v\u0259 stabil m\u00fc\u015fahid\u0259 sistemi yarad\u0131r. <\/p>\n","protected":false},"excerpt":{"rendered":"<p>Hikvision DS2C2CC52HIT-F\u0130TS 5MP Analoq kamera(1.1 mm), Koaksial kabel \u00fcz\u0259rind\u0259n 5 MP video siqnal \u00f6t\u00fcr\u0259n y\u00fcks\u0259k keyfiyy\u0259tli m\u00fc\u015fahid\u0259 kameras\u0131. 5 MP High-Performance CMOS sensor \u2014 2592 \u00d7 1944 piksel ayd\u0131nl\u0131q Full HD-d\u0259n yuxar\u0131 daha detall\u0131 g\u00f6r\u00fcnt\u00fc verir. 1.1 mm \u201cfisheye\u201d obyekti \u2014 180\u00b0-lik ultra geni\u015f bax\u0131\u015f sah\u0259si IR gec\u0259 i\u015f\u0131\u011f\u0131 \u2014 10\u201320 m m\u0259saf\u0259y\u0259 q\u0259d\u0259r Qaranl\u0131qda&hellip;<\/p>\n","protected":false},"featured_media":20455,"comment_status":"open","ping_status":"closed","template":"","meta":[],"product_cat":[2802,4016,2849,2841],"product_tag":[4740,4015,3776,5253,3129,3290,4941,2941,3794,5197,4816,5254,4820,5092,3259,3349],"class_list":{"0":"post-20454","1":"product","2":"type-product","3":"status-publish","4":"has-post-thumbnail","6":"product_cat-analoq","7":"product_cat-hikvision","8":"product_cat-videokameralar","9":"product_cat-videonzart","10":"product_tag-5mp","11":"product_tag-analoqkamera","12":"product_tag-daxilimikrofon","13":"product_tag-ds2cc52h1tfits","14":"product_tag-dvr","15":"product_tag-evthluksizliyi","16":"product_tag-fisheye","17":"product_tag-hikvision","18":"product_tag-irgecgorm","19":"product_tag-magazanzarti","20":"product_tag-ofiskamera","21":"product_tag-panoramikkamera","22":"product_tag-setap","23":"product_tag-setapaz","24":"product_tag-thluksizlikkamera","25":"product_tag-turbohd","26":"description-off","28":"first","29":"instock","30":"shipping-taxable","31":"purchasable","32":"product-type-simple"},"_links":{"self":[{"href":"https:\/\/setap.az\/index.php?rest_route=\/wp\/v2\/product\/20454","targetHints":{"allow":["GET"]}}],"collection":[{"href":"https:\/\/setap.az\/index.php?rest_route=\/wp\/v2\/product"}],"about":[{"href":"https:\/\/setap.az\/index.php?rest_route=\/wp\/v2\/types\/product"}],"replies":[{"embeddable":true,"href":"https:\/\/setap.az\/index.php?rest_route=%2Fwp%2Fv2%2Fcomments&post=20454"}],"wp:featuredmedia":[{"embeddable":true,"href":"https:\/\/setap.az\/index.php?rest_route=\/wp\/v2\/media\/20455"}],"wp:attachment":[{"href":"https:\/\/setap.az\/index.php?rest_route=%2Fwp%2Fv2%2Fmedia&parent=20454"}],"wp:term":[{"taxonomy":"product_cat","embeddable":true,"href":"https:\/\/setap.az\/index.php?rest_route=%2Fwp%2Fv2%2Fproduct_cat&post=20454"},{"taxonomy":"product_tag","embeddable":true,"href":"https:\/\/setap.az\/index.php?rest_route=%2Fwp%2Fv2%2Fproduct_tag&post=20454"}],"curies":[{"name":"wp","href":"https:\/\/api.w.org\/{rel}","templated":true}]}}