{"id":20650,"date":"2026-02-04T16:33:52","date_gmt":"2026-02-04T12:33:52","guid":{"rendered":"https:\/\/setap.az\/?post_type=product&#038;p=20650"},"modified":"2026-02-04T16:33:53","modified_gmt":"2026-02-04T12:33:53","slug":"hikvision-ds-2cd1023g0-iuf-2-mp-ip-bullet-kamera","status":"publish","type":"product","link":"https:\/\/setap.az\/?product=hikvision-ds-2cd1023g0-iuf-2-mp-ip-bullet-kamera","title":{"rendered":"Hikvision DS-2CD1023G0-IUF \u2013 2 MP IP Bullet Kamera"},"content":{"rendered":"<p>Hikvision DS-2CD1023G0-IUF \u2013 2 MP IP Bullet Kamera<\/p>\n<p>\u2714G\u00f6r\u00fcnt\u00fc &#038; Sensor<br \/>\n\u00c7\u00f6z\u00fcn\u00fcrl\u00fck: 2 MP (1920\u00d71080) Full HD \u2013 g\u00fcnd\u00fcz v\u0259 gec\u0259 ayd\u0131n g\u00f6r\u00fcnt\u00fc.<br \/>\nSensor: 1\/2.7\u2033 Progressive Scan CMOS \u2013 keyfiyy\u0259tli g\u00f6r\u00fcnt\u00fc \u00fc\u00e7\u00fcn.<br \/>\nLens: 2.8 mm \u2013 geni\u015f bucaq (~112\u00b0) g\u00f6r\u00fcnt\u00fc t\u0259min edir; alternativ olaraq 4 mm d\u0259st\u0259k var.<br \/>\n\u2714Gec\u0259 G\u00f6rm\u0259<br \/>\nIR LED: Qaranl\u0131qda ayd\u0131n g\u00f6r\u00fcnt\u00fc<br \/>\nGec\u0259 m\u0259saf\u0259si: t\u0259xmin\u0259n 30 m \u2013 uzaqda d\u0259qiqlik.<br \/>\n\u2714S\u0259s &#038; Saxlama<br \/>\nDaxili mikrofon: real vaxtda s\u0259s qeydi imkan\u0131.<br \/>\nMicroSD d\u0259st\u0259yi: 256 GB-a q\u0259d\u0259r yadda\u015f kart\u0131 il\u0259 lokal yazma d\u0259st\u0259yi.<br \/>\n\u2714\u015e\u0259b\u0259k\u0259 &#038; Protokollar<br \/>\nEthernet (RJ45), PoE d\u0259st\u0259yi: enerji v\u0259 siqnal eyni kabeld\u0259n, sad\u0259 qura\u015fd\u0131rma.<br \/>\nONVIF d\u0259st\u0259yi: dig\u0259r ONVIF uyumlu NVR v\u0259 sisteml\u0259rl\u0259 i\u015fl\u0259y\u0259 bil\u0259r.<br \/>\nMobil\/PC bax\u0131\u015f: Hik-Connect v\u0259 iVMS-4200 il\u0259 uzaqdan canl\u0131 bax\u0131\u015f v\u0259 idar\u0259etm\u0259.<br \/>\n\u2714\u015e\u0259kil T\u0259kmill\u0259\u015fdirm\u0259<br \/>\nDWDR: kontrast balans\u0131<br \/>\nBLC: arxa i\u015f\u0131\u011fa qar\u015f\u0131 korreksiya<br \/>\n3D DNR: g\u00f6r\u00fcnt\u00fc s\u0259s-k\u00fcy\u00fcn\u00fcn azald\u0131lmas\u0131<br \/>\nBu texnologiyalar daha ayd\u0131n video t\u0259min edir.<br \/>\n\u2714Dayan\u0131ql\u0131q<br \/>\nIP67 \u2013 suya v\u0259 toza qar\u015f\u0131 y\u00fcks\u0259k s\u0259viyy\u0259d\u0259 qorunma (a\u00e7\u0131q hava \u00fc\u00e7\u00fcn uy\u011fundur).<br \/>\n\u0130\u015f temperaturu: t\u0259xmin\u0259n -30 \u00b0C \u2013 +60 \u00b0C.<\/p>\n","protected":false},"excerpt":{"rendered":"<p>Hikvision DS-2CD1023G0-IUF \u2013 2 MP IP Bullet Kamera \u2714G\u00f6r\u00fcnt\u00fc &#038; Sensor \u00c7\u00f6z\u00fcn\u00fcrl\u00fck: 2 MP (1920\u00d71080) Full HD \u2013 g\u00fcnd\u00fcz v\u0259 gec\u0259 ayd\u0131n g\u00f6r\u00fcnt\u00fc. Sensor: 1\/2.7\u2033 Progressive Scan CMOS \u2013 keyfiyy\u0259tli g\u00f6r\u00fcnt\u00fc \u00fc\u00e7\u00fcn. Lens: 2.8 mm \u2013 geni\u015f bucaq (~112\u00b0) g\u00f6r\u00fcnt\u00fc t\u0259min edir; alternativ olaraq 4 mm d\u0259st\u0259k var. \u2714Gec\u0259 G\u00f6rm\u0259 IR LED: Qaranl\u0131qda ayd\u0131n g\u00f6r\u00fcnt\u00fc&hellip;<\/p>\n","protected":false},"featured_media":20649,"comment_status":"open","ping_status":"closed","template":"","meta":[],"product_cat":[4016,2803,5271,2841],"product_tag":[5369,4761,4985,5370,2941,2937,3377,3260,5209,4901,3764,3479,3392,2939,3135,5332],"class_list":{"0":"post-20650","1":"product","2":"type-product","3":"status-publish","4":"has-post-thumbnail","6":"product_cat-hikvision","7":"product_cat-ip","8":"product_cat-thluksizlik-kamerasi","9":"product_cat-videonzart","10":"product_tag-2mpcamera","11":"product_tag-bulletcamera","12":"product_tag-businesssecurity","13":"product_tag-ds2cd1023g0iuf","14":"product_tag-hikvision","15":"product_tag-homesecurity","16":"product_tag-ip67","17":"product_tag-ipcamera","18":"product_tag-microsd","19":"product_tag-networkcamera","20":"product_tag-nightvision","21":"product_tag-onvif","22":"product_tag-poe","23":"product_tag-securitycamera","24":"product_tag-surveillance","25":"product_tag-videomonitoring","26":"description-off","28":"first","29":"instock","30":"shipping-taxable","31":"purchasable","32":"product-type-simple"},"_links":{"self":[{"href":"https:\/\/setap.az\/index.php?rest_route=\/wp\/v2\/product\/20650","targetHints":{"allow":["GET"]}}],"collection":[{"href":"https:\/\/setap.az\/index.php?rest_route=\/wp\/v2\/product"}],"about":[{"href":"https:\/\/setap.az\/index.php?rest_route=\/wp\/v2\/types\/product"}],"replies":[{"embeddable":true,"href":"https:\/\/setap.az\/index.php?rest_route=%2Fwp%2Fv2%2Fcomments&post=20650"}],"wp:featuredmedia":[{"embeddable":true,"href":"https:\/\/setap.az\/index.php?rest_route=\/wp\/v2\/media\/20649"}],"wp:attachment":[{"href":"https:\/\/setap.az\/index.php?rest_route=%2Fwp%2Fv2%2Fmedia&parent=20650"}],"wp:term":[{"taxonomy":"product_cat","embeddable":true,"href":"https:\/\/setap.az\/index.php?rest_route=%2Fwp%2Fv2%2Fproduct_cat&post=20650"},{"taxonomy":"product_tag","embeddable":true,"href":"https:\/\/setap.az\/index.php?rest_route=%2Fwp%2Fv2%2Fproduct_tag&post=20650"}],"curies":[{"name":"wp","href":"https:\/\/api.w.org\/{rel}","templated":true}]}}