{"id":20657,"date":"2026-02-05T12:50:47","date_gmt":"2026-02-05T08:50:47","guid":{"rendered":"https:\/\/setap.az\/?post_type=product&#038;p=20657"},"modified":"2026-02-05T12:50:47","modified_gmt":"2026-02-05T08:50:47","slug":"ezviz-cs-e4p-3k-6mp-ip-wifi-kamera","status":"publish","type":"product","link":"https:\/\/setap.az\/?product=ezviz-cs-e4p-3k-6mp-ip-wifi-kamera","title":{"rendered":"Ezviz CS-E4P 3K+ 6MP IP WIFI Kamera"},"content":{"rendered":"<p>Ezviz CS-E4P 3K+ 6MP IP WIFI Kamera <\/p>\n<p>\u2714Video Keyfiyy\u0259ti: 3K+ y\u00fcks\u0259k \u00e7\u00f6z\u00fcn\u00fcrl\u00fck, 6MP sensor il\u0259 ultra ayd\u0131n g\u00f6r\u00fcnt\u00fc<br \/>\nSensor: 6MP y\u00fcks\u0259k keyfiyy\u0259tli CMOS sensor<br \/>\n\u018flaq\u0259: WiFi \/ IP (as\u0131l\u0131 olaraq qura\u015fd\u0131rma tipin\u0259) \u2013 simsiz v\u0259 ya kabel il\u0259 istifad\u0259 oluna bil\u0259r<br \/>\nGec\u0259 G\u00f6rm\u0259: IR LED gec\u0259 g\u00f6rm\u0259 funksiyas\u0131 \u2013 tam qaranl\u0131qda da y\u00fcks\u0259k d\u0259qiqlikli g\u00f6r\u00fcnt\u00fc (15\u201340 metr aral\u0131\u011f\u0131nda)<br \/>\nS\u0259s: \u0130ki t\u0259r\u0259fli audio \u2013 mikrofon v\u0259 dinamik il\u0259 s\u0259sli \u00fcnsiyy\u0259t m\u00fcmk\u00fcnd\u00fcr<br \/>\nQura\u015fd\u0131rma: Sad\u0259 montaj sistemi \u2013 divar v\u0259 tavan montaj\u0131 d\u0259st\u0259kl\u0259nir<br \/>\nMobil Uy\u011funluq: Smartfon v\u0259 tablet \u00fcz\u0259rind\u0259n real vaxt izl\u0259m\u0259 v\u0259 idar\u0259etm\u0259<br \/>\nYadda\u015f: MikroSD kart d\u0259st\u0259yi 512GB q\u0259d\u0259r v\u0259 bulud saxlama opsiyas\u0131<br \/>\n\u2714\u018flav\u0259 X\u00fcsusiyy\u0259tl\u0259r:<br \/>\nH\u0259r\u0259k\u0259t a\u015fkarlama v\u0259 bildiri\u015f funksiyas\u0131<br \/>\nSuya v\u0259 toza davaml\u0131 (IP66)<br \/>\nEnerji s\u0259m\u0259r\u0259li v\u0259 davaml\u0131 i\u015fl\u0259m\u0259<br \/>\nGeni\u015f bax\u0131\u015f buca\u011f\u0131 v\u0259 PTZ d\u0259st\u0259yi (b\u0259zi modell\u0259rd\u0259)<\/p>\n","protected":false},"excerpt":{"rendered":"<p>Ezviz CS-E4P 3K+ 6MP IP WIFI Kamera \u2714Video Keyfiyy\u0259ti: 3K+ y\u00fcks\u0259k \u00e7\u00f6z\u00fcn\u00fcrl\u00fck, 6MP sensor il\u0259 ultra ayd\u0131n g\u00f6r\u00fcnt\u00fc Sensor: 6MP y\u00fcks\u0259k keyfiyy\u0259tli CMOS sensor \u018flaq\u0259: WiFi \/ IP (as\u0131l\u0131 olaraq qura\u015fd\u0131rma tipin\u0259) \u2013 simsiz v\u0259 ya kabel il\u0259 istifad\u0259 oluna bil\u0259r Gec\u0259 G\u00f6rm\u0259: IR LED gec\u0259 g\u00f6rm\u0259 funksiyas\u0131 \u2013 tam qaranl\u0131qda da y\u00fcks\u0259k d\u0259qiqlikli g\u00f6r\u00fcnt\u00fc&hellip;<\/p>\n","protected":false},"featured_media":20658,"comment_status":"open","ping_status":"closed","template":"","meta":[],"product_cat":[5310,2803,5271,2841,2862],"product_tag":[5202,5265,3298,3286,3264,3394,3046,5092,3544,5377,5376,5378],"class_list":{"0":"post-20657","1":"product","2":"type-product","3":"status-publish","4":"has-post-thumbnail","6":"product_cat-ezviz","7":"product_cat-ip","8":"product_cat-thluksizlik-kamerasi","9":"product_cat-videonzart","10":"product_cat-wifi-kameralar","11":"product_tag-3k","12":"product_tag-6mp","13":"product_tag-gecgorm","14":"product_tag-hrktaskarlama","15":"product_tag-ikitrfliss","16":"product_tag-ip66","17":"product_tag-kamera","18":"product_tag-setapaz","19":"product_tag-wifi","20":"product_tag-cs-e4p","21":"product_tag-irled","22":"product_tag-ptz","23":"description-off","25":"first","26":"instock","27":"shipping-taxable","28":"purchasable","29":"product-type-simple"},"_links":{"self":[{"href":"https:\/\/setap.az\/index.php?rest_route=\/wp\/v2\/product\/20657","targetHints":{"allow":["GET"]}}],"collection":[{"href":"https:\/\/setap.az\/index.php?rest_route=\/wp\/v2\/product"}],"about":[{"href":"https:\/\/setap.az\/index.php?rest_route=\/wp\/v2\/types\/product"}],"replies":[{"embeddable":true,"href":"https:\/\/setap.az\/index.php?rest_route=%2Fwp%2Fv2%2Fcomments&post=20657"}],"wp:featuredmedia":[{"embeddable":true,"href":"https:\/\/setap.az\/index.php?rest_route=\/wp\/v2\/media\/20658"}],"wp:attachment":[{"href":"https:\/\/setap.az\/index.php?rest_route=%2Fwp%2Fv2%2Fmedia&parent=20657"}],"wp:term":[{"taxonomy":"product_cat","embeddable":true,"href":"https:\/\/setap.az\/index.php?rest_route=%2Fwp%2Fv2%2Fproduct_cat&post=20657"},{"taxonomy":"product_tag","embeddable":true,"href":"https:\/\/setap.az\/index.php?rest_route=%2Fwp%2Fv2%2Fproduct_tag&post=20657"}],"curies":[{"name":"wp","href":"https:\/\/api.w.org\/{rel}","templated":true}]}}